{"id":1073288,"date":"2026-01-12T11:35:42","date_gmt":"2026-01-12T10:35:42","guid":{"rendered":"https:\/\/www.claret.cat\/llibre\/la-inflamacion-no-es-la-cuestion-9788410274785\/"},"modified":"2026-04-07T12:29:39","modified_gmt":"2026-04-07T10:29:39","slug":"la-inflamacion-no-es-la-cuestion-9788410274785","status":"publish","type":"product","link":"https:\/\/www.claret.cat\/es\/libro\/la-inflamacion-no-es-la-cuestion-9788410274785\/","title":{"rendered":"LA INFLAMACI\u00d3N NO ES LA CUESTI\u00d3N"},"content":{"rendered":"<p>Vivir a medio gas el resto de tu vida no es una opci\u00f3n. No te conformes con las recetas m\u00e1gicas que muchos prometen y soluciona el problema desde la ra\u00edz. Falta de energ\u00eda, migra\u00f1as, dolores articulares, patolog\u00edas intestinales, niebla mental. Se han dicho muchas cosas sobre la inflamaci\u00f3n, uno de los problemas de salud m\u00e1s comunes y base de muchas otras enfermedades cr\u00f3nicas, pero \u00bfsabemos realmente a qu\u00e9 se debe? \u00bfCu\u00e1l es el origen de la inflamaci\u00f3n? \u00bfEs tan mala como la pintan? \u00bfY c\u00f3mo nos desinflamamos? \u00bfCambiando nuestra dieta? Despu\u00e9s de Acaba con el SIBO, la nutricionista y natur\u00f3pata Mireia Velasco acude al origen del problema y nos da las respuestas reales que necesitamos para vivir en paz, sin obsesionarnos, disfrutando y, sobre todo: con salud. Con este libro, que incluye adem\u00e1s recetas y men\u00fas realistas y que facilitar\u00e1n tu d\u00eda a d\u00eda, aprender\u00e1s a detectar lo que realmente te hace la vida m\u00e1s inc\u00f3moda y ponerle soluci\u00f3n con las herramientas que la naturaleza nos proporciona. \u00abSolo alguien como Mireia, situada en la intersecci\u00f3n entre la nutrici\u00f3n y la naturopat\u00eda, puede comprender que la inflamaci\u00f3n cr\u00f3nica hunde sus ra\u00edces en el intestino, en la microbiota, en lo que comemos, pero tambi\u00e9n en lo que vivimos\u00bb, Antonio Valenzuela, autor del bestseller Estimula tu nervio vago.Sobre Acaba con el SIBO han dicho: \u00abCon Acaba con el SIBO, Mireia Velasco ofrece una herramienta valiosa para quienes buscan entender mejor su salud digestiva y encontrar un camino hacia el bienestar\u00bb.<br \/>Carmen Bonilla. ConSalud<\/p>\n","protected":false},"excerpt":{"rendered":"<p>MIREIA VELASCO<\/p>\n","protected":false},"featured_media":1073323,"template":"","meta":{"_acf_changed":false,"om_disable_all_campaigns":false,"rs_blank_template":"","rs_page_bg_color":"","slide_template_v7":"","inline_featured_image":false,"_monsterinsights_skip_tracking":false,"_monsterinsights_sitenote_active":false,"_monsterinsights_sitenote_note":"","_monsterinsights_sitenote_category":0},"product_brand":[],"product_cat":[547,97],"product_tag":[],"class_list":{"0":"post-1073288","1":"product","2":"type-product","3":"status-publish","4":"has-post-thumbnail","6":"product_cat-salud","7":"product_cat-salut","9":"first","10":"instock","11":"taxable","12":"shipping-taxable","13":"purchasable","14":"product-type-simple"},"acf":{"autor":"MIREIA VELASCO","codart":"841027478","libros-coleccion":"NO FICCION","ediciones":"1","encuadernacion":"R\u00fastica","fecha_de_publicacion":"01\/01\/2026","novedad":"1","paginas":"290","subtitulo":"ESTRATEGIAS REALES PARA ALCANZAR EL BIENESTAR Y LA SALUD DIGESTIVA SIN MIEDOS NI","orden":"0","portada":"0","idioma":"spa","booktrailer":"","resenas":"","editorial":[{"ID":148755,"post_author":"3","post_date":"2022-10-14 12:00:44","post_date_gmt":"2022-10-14 10:00:44","post_content":"","post_title":"Roca Editorial","post_excerpt":"","post_status":"publish","comment_status":"closed","ping_status":"closed","post_password":"","post_name":"roca-editorial","to_ping":"","pinged":"","post_modified":"2022-10-14 12:00:44","post_modified_gmt":"2022-10-14 10:00:44","post_content_filtered":"","post_parent":0,"guid":"http:\/\/dev.claret.cat\/editorial\/roca-editorial\/","menu_order":0,"post_type":"editorial","post_mime_type":"","comment_count":"0","filter":"raw"}]},"aioseo_notices":[],"_links":{"self":[{"href":"https:\/\/www.claret.cat\/es\/wp-json\/wp\/v2\/product\/1073288","targetHints":{"allow":["GET"]}}],"collection":[{"href":"https:\/\/www.claret.cat\/es\/wp-json\/wp\/v2\/product"}],"about":[{"href":"https:\/\/www.claret.cat\/es\/wp-json\/wp\/v2\/types\/product"}],"wp:featuredmedia":[{"embeddable":true,"href":"https:\/\/www.claret.cat\/es\/wp-json\/wp\/v2\/media\/1073323"}],"wp:attachment":[{"href":"https:\/\/www.claret.cat\/es\/wp-json\/wp\/v2\/media?parent=1073288"}],"wp:term":[{"taxonomy":"product_brand","embeddable":true,"href":"https:\/\/www.claret.cat\/es\/wp-json\/wp\/v2\/product_brand?post=1073288"},{"taxonomy":"product_cat","embeddable":true,"href":"https:\/\/www.claret.cat\/es\/wp-json\/wp\/v2\/product_cat?post=1073288"},{"taxonomy":"product_tag","embeddable":true,"href":"https:\/\/www.claret.cat\/es\/wp-json\/wp\/v2\/product_tag?post=1073288"}],"curies":[{"name":"wp","href":"https:\/\/api.w.org\/{rel}","templated":true}]}}

LA INFLAMACIÓN NO ES LA CUESTIÓN

<p>Vivir a medio gas el resto de tu vida no es una opción. No te conformes con las recetas mágicas que muchos prometen y soluciona el problema desde la raíz. Falta de energía, migrañas, dolores articulares, patologías intestinales, niebla mental. Se han dicho muchas cosas sobre la inflamación, uno de los problemas de salud más comunes y base de muchas otras enfermedades crónicas, pero ¿sabemos realmente a qué se debe? ¿Cuál es el origen de la inflamación? ¿Es tan mala como la pintan? ¿Y cómo nos desinflamamos? ¿Cambiando nuestra dieta? Después de Acaba con el SIBO, la nutricionista y naturópata Mireia Velasco acude al origen del problema y nos da las respuestas reales que necesitamos para vivir en paz, sin obsesionarnos, disfrutando y, sobre todo: con salud. Con este libro, que incluye además recetas y menús realistas y que facilitarán tu día a día, aprenderás a detectar lo que realmente te hace la vida más incómoda y ponerle solución con las herramientas que la naturaleza nos proporciona. «Solo alguien como Mireia, situada en la intersección entre la nutrición y la naturopatía, puede comprender que la inflamación crónica hunde sus raíces en el intestino, en la microbiota, en lo que comemos, pero también en lo que vivimos», Antonio Valenzuela, autor del bestseller Estimula tu nervio vago.Sobre Acaba con el SIBO han dicho: «Con Acaba con el SIBO, Mireia Velasco ofrece una herramienta valiosa para quienes buscan entender mejor su salud digestiva y encontrar un camino hacia el bienestar».<br />Carmen Bonilla. ConSalud</p>

Rústica
