{"id":1073566,"date":"2026-01-13T14:30:11","date_gmt":"2026-01-13T13:30:11","guid":{"rendered":"https:\/\/www.claret.cat\/llibre\/el-deficit-de-atencion-con-hiperactividad-9788491365983\/"},"modified":"2026-03-25T10:51:09","modified_gmt":"2026-03-25T09:51:09","slug":"el-deficit-de-atencion-con-hiperactividad-9788491365983","status":"publish","type":"product","link":"https:\/\/www.claret.cat\/es\/libro\/el-deficit-de-atencion-con-hiperactividad-9788491365983\/","title":{"rendered":"EL D\u00c9FICIT DE ATENCI\u00d3N CON HIPERACTIVIDAD"},"content":{"rendered":"<p>En la <strong>infancia<\/strong> pueden aparecer <strong>conductas compatibles con el Trastorno por D\u00e9ficit de Atenci\u00f3n con Hiperactividad (TDAH)<\/strong>. Sin embargo, cuando se realiza una <strong>evaluaci\u00f3n en profundidad<\/strong> mediante un <strong>diagn\u00f3stico diferencial detallado<\/strong>, teniendo en cuenta las <strong>caracter\u00edsticas evolutivas<\/strong>, <strong>emocionales<\/strong>, <strong>sensoriales<\/strong> y el <strong>estado de salud general<\/strong>, es posible identificar <strong>causas no neurol\u00f3gicas<\/strong> que explican dichas conductas.<\/p>\n<p>En estos casos, no se trata de un <strong>Trastorno por D\u00e9ficit de Atenci\u00f3n con Hiperactividad<\/strong>, sino de un <strong>D\u00e9ficit de Atenci\u00f3n con Hiperactividad (DAH)<\/strong>, <strong>sin la T de trastorno<\/strong>. Este <strong>libro dirigido a profesionales<\/strong> ofrece <strong>herramientas cl\u00ednicas<\/strong>, <strong>criterios de an\u00e1lisis<\/strong> y <strong>elementos de reflexi\u00f3n<\/strong> que facilitan la correcta <strong>identificaci\u00f3n del DAH<\/strong> y la realizaci\u00f3n de un <strong>diagn\u00f3stico diferencial preciso<\/strong>, evitando errores diagn\u00f3sticos en la <strong>evaluaci\u00f3n infantil<\/strong>.<\/p>\n<p>Este libro es ideal para:<\/p>\n<ul>\n<li><strong>Profesionales de la educaci\u00f3n<\/strong> (maestros, tutores, orientadores y equipos psicopedag\u00f3gicos) que trabajan con ni\u00f1os y adolescentes con dificultades de atenci\u00f3n, conducta o aprendizaje, y buscan herramientas para prevenir diagn\u00f3sticos err\u00f3neos y mejorar la intervenci\u00f3n educativa.<\/li>\n<li><strong>Psic\u00f3logos, psiquiatras, pediatras y otros profesionales de la salud mental<\/strong>, interesados en una visi\u00f3n multidisciplinar del TDAH, que cuestiona el sobrediagn\u00f3stico, la sobremedicaci\u00f3n y pone el foco en las causas emocionales, educativas y relacionales.<\/li>\n<li><strong>Padres y madres<\/strong> preocupados por el desarrollo emocional, conductual y acad\u00e9mico de sus hijos, especialmente aquellos que han recibido \u2014o temen recibir\u2014 un diagn\u00f3stico de TDAH y desean comprender alternativas al enfoque exclusivamente farmacol\u00f3gico.<\/li>\n<li><strong>Estudiantes universitarios<\/strong> de psicolog\u00eda, pedagog\u00eda, educaci\u00f3n social, trabajo social o ciencias de la salud, como obra de referencia para el an\u00e1lisis cr\u00edtico del diagn\u00f3stico y tratamiento del TDAH.<\/li>\n<li><strong>Responsables institucionales y formadores<\/strong> implicados en pol\u00edticas educativas, prevenci\u00f3n del fracaso escolar y bienestar infantil y juvenil.<\/li>\n<\/ul>\n<p><\/p>\n<p><em>*Este libro ha sido impreso con papel certificado por el<\/em><a href='https:\/\/www.claret.cat\/ecoedicio\/' rel='noopener noreferrer' target='_blank'><em>&nbsp;Forest Stewardship Council (FSC)<\/em><\/a><em>, que cumple con los principios de gesti\u00f3n econ\u00f3mica, social y ambiental sostenibles.<\/em><\/p>\n","protected":false},"excerpt":{"rendered":"<p>ROVIRA TODA,  FRANCESC M.<\/p>\n","protected":false},"featured_media":1085471,"template":"","meta":{"_acf_changed":false,"om_disable_all_campaigns":false,"rs_blank_template":"","rs_page_bg_color":"","slide_template_v7":"","inline_featured_image":false,"_monsterinsights_skip_tracking":false,"_monsterinsights_sitenote_active":false,"_monsterinsights_sitenote_note":"","_monsterinsights_sitenote_category":0},"product_brand":[],"product_cat":[183,379,581,180,448],"product_tag":[],"class_list":{"0":"post-1073566","1":"product","2":"type-product","3":"status-publish","4":"has-post-thumbnail","6":"product_cat-de-leducacio-i-la-salut","7":"product_cat-de-la-educacion-y-la-salud","8":"product_cat-editorial-claret","9":"product_cat-psiquiatria-i-psicoterapia","10":"product_cat-psiquiatria-y-psicoterapia","12":"first","13":"instock","14":"taxable","15":"shipping-taxable","16":"purchasable","17":"product-type-simple"},"acf":{"autor":"ROVIRA TODA,  FRANCESC M.","codart":"849136598","libros-coleccion":"FUERA DE COLECCI\u00d3N","ediciones":"1","encuadernacion":"R\u00fastica","fecha_de_publicacion":"20\/01\/2026","novedad":"1","paginas":"500","subtitulo":"EL TDAH Y DAH EN NI\u00d1OS Y ADOLESCENTES","orden":"0","portada":"1","idioma":"spa","booktrailer":"","resenas":"<p>Catalunya Religi\u00f3, 20\/01\/2026<\/p>\n<p><a href=\"https:\/\/www.catalunyareligio.cat\/ca\/blog\/llibres-recomanats\/deficit-atencion-con-hiperactividad-324522\" rel=\"noopener noreferrer\" target=\"_blank\">https:\/\/www.catalunyareligio.cat\/ca\/blog\/llibres-recomanats\/deficit-atencion-con-hiperactividad-324522<\/a><\/p>\n<p><\/p>\n<p>Catalunya Cristiana (catal\u00e0), 22\/02\/2026<\/p>\n<p><a href=\"https:\/\/drive.google.com\/file\/d\/1Vew7Bhy8CqqnMDd7Z-dTVgXE-eS0ZLmf\/view?usp=sharing\" rel=\"noopener noreferrer\" target=\"_blank\">https:\/\/drive.google.com\/file\/d\/1Vew7Bhy8CqqnMDd7Z-dTVgXE-eS0ZLmf\/view?usp=sharing<\/a><\/p>\n<p><\/p>\n<p>Catalunya Cristiana (castellano), 22\/02\/2026<\/p>\n<p><a href=\"https:\/\/drive.google.com\/file\/d\/1mFHG9rx_Vl4M7Dg7eAaB0lmoCxjhySBR\/view?usp=sharing\" rel=\"noopener noreferrer\" target=\"_blank\">https:\/\/drive.google.com\/file\/d\/1mFHG9rx_Vl4M7Dg7eAaB0lmoCxjhySBR\/view?usp=sharing<\/a><\/p>\n","editorial":[{"ID":6158,"post_author":"3","post_date":"2022-07-28 17:46:08","post_date_gmt":"2022-07-28 15:46:08","post_content":"","post_title":"CLARET","post_excerpt":"","post_status":"publish","comment_status":"closed","ping_status":"closed","post_password":"","post_name":"claret","to_ping":"","pinged":"","post_modified":"2022-07-28 17:46:08","post_modified_gmt":"2022-07-28 15:46:08","post_content_filtered":"","post_parent":0,"guid":"http:\/\/dev.claret.cat\/editorial\/claret\/","menu_order":0,"post_type":"editorial","post_mime_type":"","comment_count":"0","filter":"raw"}],"linkebook":"","ficha":"849136598_1768468918.pdf","muestra":"","precioebook":"0","presentacion":"<iframe width=\"949\" height=\"433\" src=\"https:\/\/www.youtube.com\/embed\/H2CJkhAxCIM?si=5eEWaiyW5AokJpOs\" title=\"YouTube video player\" frameborder=\"0\" allow=\"accelerometer; autoplay; clipboard-write; encrypted-media; gyroscope; picture-in-picture; web-share\" referrerpolicy=\"strict-origin-when-cross-origin\" allowfullscreen><\/iframe>","autores-libros":[{"ID":1073573,"post_author":"3","post_date":"2026-01-13 15:50:05","post_date_gmt":"2026-01-13 14:50:05","post_content":"<strong>Francesc M. Rovira Toda<\/strong> \u00e9s llicenciat en Pedagogia i en Psicologia per la Universitat de Barcelona i doctor en Psicologia. Professor de Psicologia a la UB. Professor i director de l\u2019Escola de Mestres Blanquerna. Catedr\u00e0tic de Psicologia General a la Facultat de Psicologia, Ci\u00e8ncies de l\u2019Educaci\u00f3 i de l\u2019Esport Blanquerna \u2013 Universitat Ramon Llull (FPCEE-URL). Assessorament psicopedag\u00f2gic a centres educatius (Lyc\u00e9e Fran\u00e7ais de Barcelona i Z\u00fcrich Schule Barcelona \u2013 Escola Internacional).","post_title":"FRANCESC M.  ROVIRA TODA","post_excerpt":"","post_status":"publish","comment_status":"closed","ping_status":"closed","post_password":"","post_name":"francesc-m-rovira-toda","to_ping":"","pinged":"","post_modified":"2026-01-14 12:13:38","post_modified_gmt":"2026-01-14 11:13:38","post_content_filtered":"","post_parent":0,"guid":"https:\/\/www.claret.cat\/autor\/francesc-m-rovira-toda\/","menu_order":0,"post_type":"autor","post_mime_type":"","comment_count":"0","filter":"raw"}],"traductores-libros":"","ilustradores-libros":"","formato":"","ebookportada":false,"recomendamos":"","mas_vendido":""},"aioseo_notices":[],"_links":{"self":[{"href":"https:\/\/www.claret.cat\/es\/wp-json\/wp\/v2\/product\/1073566","targetHints":{"allow":["GET"]}}],"collection":[{"href":"https:\/\/www.claret.cat\/es\/wp-json\/wp\/v2\/product"}],"about":[{"href":"https:\/\/www.claret.cat\/es\/wp-json\/wp\/v2\/types\/product"}],"wp:featuredmedia":[{"embeddable":true,"href":"https:\/\/www.claret.cat\/es\/wp-json\/wp\/v2\/media\/1085471"}],"wp:attachment":[{"href":"https:\/\/www.claret.cat\/es\/wp-json\/wp\/v2\/media?parent=1073566"}],"wp:term":[{"taxonomy":"product_brand","embeddable":true,"href":"https:\/\/www.claret.cat\/es\/wp-json\/wp\/v2\/product_brand?post=1073566"},{"taxonomy":"product_cat","embeddable":true,"href":"https:\/\/www.claret.cat\/es\/wp-json\/wp\/v2\/product_cat?post=1073566"},{"taxonomy":"product_tag","embeddable":true,"href":"https:\/\/www.claret.cat\/es\/wp-json\/wp\/v2\/product_tag?post=1073566"}],"curies":[{"name":"wp","href":"https:\/\/api.w.org\/{rel}","templated":true}]}}

EL DÉFICIT DE ATENCIÓN CON HIPERACTIVIDAD

<p>En la <strong>infancia</strong> pueden aparecer <strong>conductas compatibles con el Trastorno por Déficit de Atención con Hiperactividad (TDAH)</strong>. Sin embargo, cuando se realiza una <strong>evaluación en profundidad</strong> mediante un <strong>diagnóstico diferencial detallado</strong>, teniendo en cuenta las <strong>características evolutivas</strong>, <strong>emocionales</strong>, <strong>sensoriales</strong> y el <strong>estado de salud general</strong>, es posible identificar <strong>causas no neurológicas</strong> que explican dichas conductas.</p>
<p>En estos casos, no se trata de un <strong>Trastorno por Déficit de Atención con Hiperactividad</strong>, sino de un <strong>Déficit de Atención con Hiperactividad (DAH)</strong>, <strong>sin la T de trastorno</strong>. Este <strong>libro dirigido a profesionales</strong> ofrece <strong>herramientas clínicas</strong>, <strong>criterios de análisis</strong> y <strong>elementos de reflexión</strong> que facilitan la correcta <strong>identificación del DAH</strong> y la realización de un <strong>diagnóstico diferencial preciso</strong>, evitando errores diagnósticos en la <strong>evaluación infantil</strong>.</p>
<p>Este libro es ideal para:</p>
<ul>
<li><strong>Profesionales de la educación</strong> (maestros, tutores, orientadores y equipos psicopedagógicos) que trabajan con niños y adolescentes con dificultades de atención, conducta o aprendizaje, y buscan herramientas para prevenir diagnósticos erróneos y mejorar la intervención educativa.</li>
<li><strong>Psicólogos, psiquiatras, pediatras y otros profesionales de la salud mental</strong>, interesados en una visión multidisciplinar del TDAH, que cuestiona el sobrediagnóstico, la sobremedicación y pone el foco en las causas emocionales, educativas y relacionales.</li>
<li><strong>Padres y madres</strong> preocupados por el desarrollo emocional, conductual y académico de sus hijos, especialmente aquellos que han recibido —o temen recibir— un diagnóstico de TDAH y desean comprender alternativas al enfoque exclusivamente farmacológico.</li>
<li><strong>Estudiantes universitarios</strong> de psicología, pedagogía, educación social, trabajo social o ciencias de la salud, como obra de referencia para el análisis crítico del diagnóstico y tratamiento del TDAH.</li>
<li><strong>Responsables institucionales y formadores</strong> implicados en políticas educativas, prevención del fracaso escolar y bienestar infantil y juvenil.</li>
</ul>
<p></p>
<p><em>*Este libro ha sido impreso con papel certificado por el</em><a href='https://www.claret.cat/ecoedicio/' rel='noopener noreferrer' target='_blank'><em>&nbsp;Forest Stewardship Council (FSC)</em></a><em>, que cumple con los principios de gestión económica, social y ambiental sostenibles.</em></p>

FUERA DE COLECCIÓN

Rústica

EL TDAH Y DAH EN NIÑOS Y ADOLESCENTES

<p>Catalunya Religió, 20/01/2026</p>
<p><a href="https://www.catalunyareligio.cat/ca/blog/llibres-recomanats/deficit-atencion-con-hiperactividad-324522" rel="noopener noreferrer" target="_blank">https://www.catalunyareligio.cat/ca/blog/llibres-recomanats/deficit-atencion-con-hiperactividad-324522</a></p>
<p></p>
<p>Catalunya Cristiana (català), 22/02/2026</p>
<p><a href="https://drive.google.com/file/d/1Vew7Bhy8CqqnMDd7Z-dTVgXE-eS0ZLmf/view?usp=sharing" rel="noopener noreferrer" target="_blank">https://drive.google.com/file/d/1Vew7Bhy8CqqnMDd7Z-dTVgXE-eS0ZLmf/view?usp=sharing</a></p>
<p></p>
<p>Catalunya Cristiana (castellano), 22/02/2026</p>
<p><a href="https://drive.google.com/file/d/1mFHG9rx_Vl4M7Dg7eAaB0lmoCxjhySBR/view?usp=sharing" rel="noopener noreferrer" target="_blank">https://drive.google.com/file/d/1mFHG9rx_Vl4M7Dg7eAaB0lmoCxjhySBR/view?usp=sharing</a></p>

<strong>Francesc M. Rovira Toda</strong> és llicenciat en Pedagogia i en Psicologia per la Universitat de Barcelona i doctor en Psicologia. Professor de Psicologia a la UB. Professor i director de l’Escola de Mestres Blanquerna. Catedràtic de Psicologia General a la Facultat de Psicologia, Ciències de l’Educació i de l’Esport Blanquerna – Universitat Ramon Llull (FPCEE-URL). Assessorament psicopedagògic a centres educatius (Lycée Français de Barcelona i Zürich Schule Barcelona – Escola Internacional).
