{"id":1073656,"date":"2026-01-13T16:26:10","date_gmt":"2026-01-13T15:26:10","guid":{"rendered":"https:\/\/www.claret.cat\/llibre\/el-jardi-adormit-9788419721488\/"},"modified":"2026-04-24T13:13:10","modified_gmt":"2026-04-24T11:13:10","slug":"el-jardi-adormit-9788419721488","status":"publish","type":"product","link":"https:\/\/www.claret.cat\/es\/libro\/el-jardi-adormit-9788419721488\/","title":{"rendered":"EL JARD\u00cd ADORMIT"},"content":{"rendered":"<p><strong>L\u2019Iris viu a Londres<\/strong>, treballa en un gran banc i sembla tenir-ho tot sota control, fins que <strong>la seva vida es trenca<\/strong>: <strong>la tra\u00efci\u00f3 del prom\u00e8s i una irreparable p\u00e8rdua<\/strong> que arrossega des de petita la deixen a la deriva. Aleshores, un anunci ins\u00f2lit li desperta l\u2019atenci\u00f3: <strong>busquen alg\u00fa per tenir cura d\u2019un jard\u00ed en una finca de l\u2019Empord\u00e0<\/strong>. La frase <strong>\u00ababstenir-se persones alegres\u00bb<\/strong> li arrenca un amarg somriure. Per primer cop, sent que encaixa en algun lloc. Mentre far\u00e0 reviure el jard\u00ed adormit, l\u2019Iris descobreix que tamb\u00e9 pot retornar la vida a la casa on es troba: <strong>fer emergir secrets silenciats<\/strong>, reconciliar mem\u00f2ries i alliberar aquells que hi romanen atrapats. <strong>En Marc, l\u2019enigm\u00e0tic habitant de la finca<\/strong>, forma part d\u2019aquestes ombres: <strong>un home ferit<\/strong>, marcat per la trag\u00e8dia, que <strong>guarda dins seu la clau de la veritat<\/strong>.<\/p>\n<p>Una hist\u00f2ria sobre <strong>el despertar d\u2019una dona<\/strong> que ens endinsa en el fascinant m\u00f3n del <strong>llenguatge de les flors i el seu poder simb\u00f2lic<\/strong>. &nbsp;<\/p>\n","protected":false},"excerpt":{"rendered":"<p>CARLA GRACIA MERCAD\u00c9<\/p>\n","protected":false},"featured_media":1074430,"template":"","meta":{"_acf_changed":false,"om_disable_all_campaigns":false,"rs_blank_template":"","rs_page_bg_color":"","slide_template_v7":"","inline_featured_image":false,"_monsterinsights_skip_tracking":false,"_monsterinsights_sitenote_active":false,"_monsterinsights_sitenote_note":"","_monsterinsights_sitenote_category":0},"product_brand":[],"product_cat":[127,357],"product_tag":[],"class_list":{"0":"post-1073656","1":"product","2":"type-product","3":"status-publish","4":"has-post-thumbnail","6":"product_cat-novella-contemporania","7":"product_cat-novela-contemporanea","9":"first","10":"instock","11":"taxable","12":"shipping-taxable","13":"purchasable","14":"product-type-simple"},"acf":{"autor":"CARLA GRACIA MERCAD\u00c9","codart":"841972148","libros-coleccion":"Univers","ediciones":"1","encuadernacion":"R\u00fastica","fecha_de_publicacion":"01\/01\/2026","novedad":"1","paginas":"352","subtitulo":"","orden":"0","portada":"1","idioma":"cat","booktrailer":"","resenas":"","editorial":[{"ID":6384,"post_author":"3","post_date":"2022-07-28 17:51:02","post_date_gmt":"2022-07-28 15:51:02","post_content":"","post_title":"Univers Llibres","post_excerpt":"","post_status":"publish","comment_status":"closed","ping_status":"closed","post_password":"","post_name":"univers-llibres","to_ping":"","pinged":"","post_modified":"2022-07-28 17:51:02","post_modified_gmt":"2022-07-28 15:51:02","post_content_filtered":"","post_parent":0,"guid":"http:\/\/dev.claret.cat\/editorial\/univers-llibres\/","menu_order":0,"post_type":"editorial","post_mime_type":"","comment_count":"0","filter":"raw"}],"autores-libros":"","traductores-libros":"","ilustradores-libros":"","formato":"","linkebook":"","precioebook":"","ebookportada":false,"ficha":"","muestra":"","presentacion":"","recomendamos":"","mas_vendido":""},"aioseo_notices":[],"_links":{"self":[{"href":"https:\/\/www.claret.cat\/es\/wp-json\/wp\/v2\/product\/1073656","targetHints":{"allow":["GET"]}}],"collection":[{"href":"https:\/\/www.claret.cat\/es\/wp-json\/wp\/v2\/product"}],"about":[{"href":"https:\/\/www.claret.cat\/es\/wp-json\/wp\/v2\/types\/product"}],"wp:featuredmedia":[{"embeddable":true,"href":"https:\/\/www.claret.cat\/es\/wp-json\/wp\/v2\/media\/1074430"}],"wp:attachment":[{"href":"https:\/\/www.claret.cat\/es\/wp-json\/wp\/v2\/media?parent=1073656"}],"wp:term":[{"taxonomy":"product_brand","embeddable":true,"href":"https:\/\/www.claret.cat\/es\/wp-json\/wp\/v2\/product_brand?post=1073656"},{"taxonomy":"product_cat","embeddable":true,"href":"https:\/\/www.claret.cat\/es\/wp-json\/wp\/v2\/product_cat?post=1073656"},{"taxonomy":"product_tag","embeddable":true,"href":"https:\/\/www.claret.cat\/es\/wp-json\/wp\/v2\/product_tag?post=1073656"}],"curies":[{"name":"wp","href":"https:\/\/api.w.org\/{rel}","templated":true}]}}

EL JARDÍ ADORMIT

<p><strong>L’Iris viu a Londres</strong>, treballa en un gran banc i sembla tenir-ho tot sota control, fins que <strong>la seva vida es trenca</strong>: <strong>la traïció del promès i una irreparable pèrdua</strong> que arrossega des de petita la deixen a la deriva. Aleshores, un anunci insòlit li desperta l’atenció: <strong>busquen algú per tenir cura d’un jardí en una finca de l’Empordà</strong>. La frase <strong>«abstenir-se persones alegres»</strong> li arrenca un amarg somriure. Per primer cop, sent que encaixa en algun lloc. Mentre farà reviure el jardí adormit, l’Iris descobreix que també pot retornar la vida a la casa on es troba: <strong>fer emergir secrets silenciats</strong>, reconciliar memòries i alliberar aquells que hi romanen atrapats. <strong>En Marc, l’enigmàtic habitant de la finca</strong>, forma part d’aquestes ombres: <strong>un home ferit</strong>, marcat per la tragèdia, que <strong>guarda dins seu la clau de la veritat</strong>.</p>
<p>Una història sobre <strong>el despertar d’una dona</strong> que ens endinsa en el fascinant món del <strong>llenguatge de les flors i el seu poder simbòlic</strong>. &nbsp;</p>

<p>CARLA GRACIA MERCADÉ</p>

CARLA GRACIA MERCADÉ

Rústica
