{"id":10738,"date":"2022-09-30T19:56:08","date_gmt":"2022-09-30T17:56:08","guid":{"rendered":"http:\/\/dev.claret.cat\/producte\/quiero-ser-tu-amigo\/"},"modified":"2024-05-23T11:47:05","modified_gmt":"2024-05-23T09:47:05","slug":"quiero-ser-tu-amigo-9788482973791","status":"publish","type":"product","link":"https:\/\/www.claret.cat\/es\/libro\/quiero-ser-tu-amigo-9788482973791\/","title":{"rendered":"\u00a1QUIERO SER TU AMIGO!"},"content":{"rendered":"<p>Una colecci\u00f3n que ayudar\u00e1 a padres y educadores a introducir a los m\u00e1s peque\u00f1os en la oraci\u00f3n. A trav\u00e9s de unos dibujos din\u00e1micos y frases sencillas, queremos facilitar un di\u00e1logo catequ\u00e9tico de padres y educadores con el ni\u00f1o o ni\u00f1a.<br \/>\u00ab\u00a1Quiero ser tu amigo!\u00bb tiene el objetivo de que los peque\u00f1os conozcan y admiren al amigo Jes\u00fas.<\/p>\n","protected":false},"excerpt":{"rendered":"<p>CODINA, JOSEP<\/p>\n","protected":false},"featured_media":355260,"template":"","meta":{"_acf_changed":false,"om_disable_all_campaigns":false,"rs_blank_template":"","rs_page_bg_color":"","slide_template_v7":"","inline_featured_image":false,"_monsterinsights_skip_tracking":false,"_monsterinsights_sitenote_active":false,"_monsterinsights_sitenote_note":"","_monsterinsights_sitenote_category":0},"product_brand":[],"product_cat":[487,234,581,405,478,219,267],"product_tag":[],"class_list":{"0":"post-10738","1":"product","2":"type-product","3":"status-publish","4":"has-post-thumbnail","6":"product_cat-cristocentrica-espiritualidad-1_espiritualidad","7":"product_cat-cristocentrica","8":"product_cat-editorial-claret","9":"product_cat-infantil-pastoral-1_espiritualidad","10":"product_cat-infantil-catequesis-1_espiritualidad","11":"product_cat-infantil-catequesi","12":"product_cat-infantil-pastoral","14":"first","15":"instock","16":"taxable","17":"shipping-taxable","18":"purchasable","19":"product-type-simple"},"acf":{"autor":"CODINA, JOSEP","codart":"848297379","libros-coleccion":"REZAR CON LOS NI\u00d1OS","ediciones":"2","encuadernacion":"Tela","fecha_de_publicacion":"01\/09\/2001","novedad":"0","paginas":"20","subtitulo":"","orden":"999","portada":"0","idioma":"spa","editorial":[{"ID":6158,"post_author":"3","post_date":"2022-07-28 17:46:08","post_date_gmt":"2022-07-28 15:46:08","post_content":"","post_title":"CLARET","post_excerpt":"","post_status":"publish","comment_status":"closed","ping_status":"closed","post_password":"","post_name":"claret","to_ping":"","pinged":"","post_modified":"2022-07-28 17:46:08","post_modified_gmt":"2022-07-28 15:46:08","post_content_filtered":"","post_parent":0,"guid":"http:\/\/dev.claret.cat\/editorial\/claret\/","menu_order":0,"post_type":"editorial","post_mime_type":"","comment_count":"0","filter":"raw"}],"autores-libros":[{"ID":160657,"post_author":"3","post_date":"2022-10-14 15:54:51","post_date_gmt":"2022-10-14 13:54:51","post_content":"","post_title":"JOSEP CODINA FARRES","post_excerpt":"","post_status":"publish","comment_status":"closed","ping_status":"closed","post_password":"","post_name":"josep-codina-farres","to_ping":"","pinged":"","post_modified":"2022-10-14 15:54:51","post_modified_gmt":"2022-10-14 13:54:51","post_content_filtered":"","post_parent":0,"guid":"http:\/\/dev.claret.cat\/autor\/josep-codina-farres\/","menu_order":0,"post_type":"autor","post_mime_type":"","comment_count":"0","filter":"raw"}]},"aioseo_notices":[],"_links":{"self":[{"href":"https:\/\/www.claret.cat\/es\/wp-json\/wp\/v2\/product\/10738","targetHints":{"allow":["GET"]}}],"collection":[{"href":"https:\/\/www.claret.cat\/es\/wp-json\/wp\/v2\/product"}],"about":[{"href":"https:\/\/www.claret.cat\/es\/wp-json\/wp\/v2\/types\/product"}],"wp:featuredmedia":[{"embeddable":true,"href":"https:\/\/www.claret.cat\/es\/wp-json\/wp\/v2\/media\/355260"}],"wp:attachment":[{"href":"https:\/\/www.claret.cat\/es\/wp-json\/wp\/v2\/media?parent=10738"}],"wp:term":[{"taxonomy":"product_brand","embeddable":true,"href":"https:\/\/www.claret.cat\/es\/wp-json\/wp\/v2\/product_brand?post=10738"},{"taxonomy":"product_cat","embeddable":true,"href":"https:\/\/www.claret.cat\/es\/wp-json\/wp\/v2\/product_cat?post=10738"},{"taxonomy":"product_tag","embeddable":true,"href":"https:\/\/www.claret.cat\/es\/wp-json\/wp\/v2\/product_tag?post=10738"}],"curies":[{"name":"wp","href":"https:\/\/api.w.org\/{rel}","templated":true}]}}

<p>Una colección que ayudará a padres y educadores a introducir a los más pequeños en la oración. A través de unos dibujos dinámicos y frases sencillas, queremos facilitar un diálogo catequético de padres y educadores con el niño o niña.<br />«¡Quiero ser tu amigo!» tiene el objetivo de que los pequeños conozcan y admiren al amigo Jesús.</p>

REZAR CON LOS NIÑOS
