{"id":1076335,"date":"2026-01-22T17:20:09","date_gmt":"2026-01-22T16:20:09","guid":{"rendered":"https:\/\/www.claret.cat\/llibre\/ser-luz-en-la-oscuridad-9788428574884\/"},"modified":"2026-04-09T13:05:46","modified_gmt":"2026-04-09T11:05:46","slug":"ser-luz-en-la-oscuridad-9788428574884","status":"publish","type":"product","link":"https:\/\/www.claret.cat\/es\/libro\/ser-luz-en-la-oscuridad-9788428574884\/","title":{"rendered":"SER LUZ EN LA OSCURIDAD"},"content":{"rendered":"<p><strong>El ser humano<\/strong>, al haber sido creado a imagen y semejanza divina, <strong>participa de la luz que irradian tanto Dios como su Hijo, Jes\u00fas<\/strong>; pero adem\u00e1s somos sombra, oscuridad, porque <strong>los problemas y las dudas dejan nuestras perspectivas y nuestras esperanzas rodeadas de desasosiego y penumbras<\/strong>. Aunque alguna vez sintamos que ya no podemos m\u00e1s, que ya no tenemos fuerzas para seguir aguantando, <strong>siempre que volvamos nuestra mirada hacia Cristo, nos reencontraremos con el rayo de luz divina<\/strong> que nos anuncia que no todo est\u00e1 terminado porque comienza un nuevo d\u00eda. Bien es cierto que muchas de estas sombras pasar\u00e1n totalmente inadvertidas, pero <strong>el contacto con los otros puede ayudarnos a hacerlas conscientes y a poder reconocerlas<\/strong>.<\/p>\n<p><\/p>\n","protected":false},"excerpt":{"rendered":"<p>G\u00d3MEZ NAVARRO, EUSEBIO<\/p>\n","protected":false},"featured_media":1078164,"template":"","meta":{"_acf_changed":false,"om_disable_all_campaigns":false,"rs_blank_template":"","rs_page_bg_color":"","slide_template_v7":"","inline_featured_image":false,"_monsterinsights_skip_tracking":false,"_monsterinsights_sitenote_active":false,"_monsterinsights_sitenote_note":"","_monsterinsights_sitenote_category":0},"product_brand":[],"product_cat":[485,232],"product_tag":[],"class_list":{"0":"post-1076335","1":"product","2":"type-product","3":"status-publish","4":"has-post-thumbnail","6":"product_cat-autores-espiritualidad-1_espiritualidad","7":"product_cat-autors-espiritualitat","9":"first","10":"instock","11":"taxable","12":"shipping-taxable","13":"purchasable","14":"product-type-simple"},"acf":{"autor":"G\u00d3MEZ NAVARRO, EUSEBIO","codart":"842857488","libros-coleccion":"SAN PABLO - CAMINOS","ediciones":"1","encuadernacion":"R\u00fastica","fecha_de_publicacion":"20\/01\/2026","novedad":"1","paginas":"314","subtitulo":"","orden":"0","portada":"1","idioma":"spa","booktrailer":"","resenas":"","editorial":[{"ID":6356,"post_author":"3","post_date":"2022-07-28 17:50:26","post_date_gmt":"2022-07-28 15:50:26","post_content":"","post_title":"SAN PABLO COMUNICACI\u00d3N","post_excerpt":"","post_status":"publish","comment_status":"closed","ping_status":"closed","post_password":"","post_name":"san-pablo-comunicacion","to_ping":"","pinged":"","post_modified":"2022-07-28 17:50:26","post_modified_gmt":"2022-07-28 15:50:26","post_content_filtered":"","post_parent":0,"guid":"http:\/\/dev.claret.cat\/editorial\/san-pablo-comunicacion\/","menu_order":0,"post_type":"editorial","post_mime_type":"","comment_count":"0","filter":"raw"}]},"aioseo_notices":[],"_links":{"self":[{"href":"https:\/\/www.claret.cat\/es\/wp-json\/wp\/v2\/product\/1076335","targetHints":{"allow":["GET"]}}],"collection":[{"href":"https:\/\/www.claret.cat\/es\/wp-json\/wp\/v2\/product"}],"about":[{"href":"https:\/\/www.claret.cat\/es\/wp-json\/wp\/v2\/types\/product"}],"wp:featuredmedia":[{"embeddable":true,"href":"https:\/\/www.claret.cat\/es\/wp-json\/wp\/v2\/media\/1078164"}],"wp:attachment":[{"href":"https:\/\/www.claret.cat\/es\/wp-json\/wp\/v2\/media?parent=1076335"}],"wp:term":[{"taxonomy":"product_brand","embeddable":true,"href":"https:\/\/www.claret.cat\/es\/wp-json\/wp\/v2\/product_brand?post=1076335"},{"taxonomy":"product_cat","embeddable":true,"href":"https:\/\/www.claret.cat\/es\/wp-json\/wp\/v2\/product_cat?post=1076335"},{"taxonomy":"product_tag","embeddable":true,"href":"https:\/\/www.claret.cat\/es\/wp-json\/wp\/v2\/product_tag?post=1076335"}],"curies":[{"name":"wp","href":"https:\/\/api.w.org\/{rel}","templated":true}]}}

<p><strong>El ser humano</strong>, al haber sido creado a imagen y semejanza divina, <strong>participa de la luz que irradian tanto Dios como su Hijo, Jesús</strong>; pero además somos sombra, oscuridad, porque <strong>los problemas y las dudas dejan nuestras perspectivas y nuestras esperanzas rodeadas de desasosiego y penumbras</strong>. Aunque alguna vez sintamos que ya no podemos más, que ya no tenemos fuerzas para seguir aguantando, <strong>siempre que volvamos nuestra mirada hacia Cristo, nos reencontraremos con el rayo de luz divina</strong> que nos anuncia que no todo está terminado porque comienza un nuevo día. Bien es cierto que muchas de estas sombras pasarán totalmente inadvertidas, pero <strong>el contacto con los otros puede ayudarnos a hacerlas conscientes y a poder reconocerlas</strong>.</p>
<p></p>

<p>GÓMEZ NAVARRO, EUSEBIO</p>

GÓMEZ NAVARRO, EUSEBIO

Rústica

SAN PABLO COMUNICACIÓN
