{"id":1076356,"date":"2026-01-22T17:30:10","date_gmt":"2026-01-22T16:30:10","guid":{"rendered":"https:\/\/www.claret.cat\/llibre\/camino-de-perfeccion-nueva-edicion-ampliada-9788428574952\/"},"modified":"2026-01-23T11:00:29","modified_gmt":"2026-01-23T10:00:29","slug":"camino-de-perfeccion-nueva-edicion-ampliada-9788428574952","status":"publish","type":"product","link":"https:\/\/www.claret.cat\/es\/libro\/camino-de-perfeccion-nueva-edicion-ampliada-9788428574952\/","title":{"rendered":"CAMINO DE PERFECCI\u00d3N (NUEVA EDICI\u00d3N AMPLIADA)"},"content":{"rendered":"<p><strong>En esta obra Teresa de Jes\u00fas escribe con pasi\u00f3n<\/strong> y se erige, aun sin pretenderlo, en <strong>aut\u00e9ntica profeta de la oraci\u00f3n.<\/strong> <em>Camino de perfecci\u00f3n<\/em> es la primera de las obras de <strong>santa Teresa<\/strong> que vio la luz, en <strong>Evora en 1583<\/strong>. La edici\u00f3n que presentamos ahora ha sido cuidada al m\u00e1ximo con el respeto que se merece la autora y su libro. <strong>La obra la escribi\u00f3 dos veces y publicamos precisamente la segunda redacci\u00f3n<\/strong>, recuperando los textos m\u00e1s destacados y complementarios de la primera en nota, de manera que el lector pueda disfrutar, pr\u00e1cticamente, de ambas redacciones. La obra, en cuanto <strong>\u00abcamino de oraci\u00f3n\u00bb<\/strong> y <strong>\u00abperfecci\u00f3n\u00bb<\/strong> es v\u00e1lida tanto para cualquier cristiano como para la vida mon\u00e1stica, algo que incluso la santa confirma cuando escribe acerca de c\u00f3mo el <strong>Se\u00f1or<\/strong> convida a todos a la fuente. En esta nueva edici\u00f3n del <em>Camino de perfecci\u00f3n<\/em> de santa Teresa, <strong>Salvador Ros Garc\u00eda<\/strong>, con sus estudios y conocimientos sobre la santa madre se permite adentrarse en su mundo m\u00edstico para ofrecer una introducci\u00f3n minuciosa de esta <strong>obra fundamental en la espiritualidad cristiana<\/strong> <strong>y de la literatura m\u00edstica del Siglo de Oro espa\u00f1ol.<\/strong><\/p>\n<p>&nbsp;<\/p>\n","protected":false},"excerpt":{"rendered":"<p>TERESA DE JES\u00daS, SANTA<\/p>\n","protected":false},"featured_media":1076538,"template":"","meta":{"_acf_changed":false,"om_disable_all_campaigns":false,"rs_blank_template":"","rs_page_bg_color":"","slide_template_v7":"","inline_featured_image":false,"_monsterinsights_skip_tracking":false,"_monsterinsights_sitenote_active":false,"_monsterinsights_sitenote_note":"","_monsterinsights_sitenote_category":0},"product_brand":[],"product_cat":[485,232,237,488,492,242],"product_tag":[],"class_list":{"0":"post-1076356","1":"product","2":"type-product","3":"status-publish","4":"has-post-thumbnail","6":"product_cat-autores-espiritualidad-1_espiritualidad","7":"product_cat-autors-espiritualitat","8":"product_cat-cami-de-perfeccionament","9":"product_cat-camino-de-perfeccionamiento","10":"product_cat-carmelitana-espiritualidad-1_espiritualidad","11":"product_cat-carmelitana","13":"first","14":"instock","15":"taxable","16":"shipping-taxable","17":"purchasable","18":"product-type-simple"},"acf":{"autor":"TERESA DE JES\u00daS, SANTA","codart":"842857495","libros-coleccion":"","ediciones":"1","encuadernacion":"R\u00fastica","fecha_de_publicacion":"20\/01\/2026","novedad":"1","paginas":"272","subtitulo":"","orden":"0","portada":"1","idioma":"spa","booktrailer":"","resenas":"","editorial":[{"ID":6356,"post_author":"3","post_date":"2022-07-28 17:50:26","post_date_gmt":"2022-07-28 15:50:26","post_content":"","post_title":"SAN PABLO COMUNICACI\u00d3N","post_excerpt":"","post_status":"publish","comment_status":"closed","ping_status":"closed","post_password":"","post_name":"san-pablo-comunicacion","to_ping":"","pinged":"","post_modified":"2022-07-28 17:50:26","post_modified_gmt":"2022-07-28 15:50:26","post_content_filtered":"","post_parent":0,"guid":"http:\/\/dev.claret.cat\/editorial\/san-pablo-comunicacion\/","menu_order":0,"post_type":"editorial","post_mime_type":"","comment_count":"0","filter":"raw"}]},"aioseo_notices":[],"_links":{"self":[{"href":"https:\/\/www.claret.cat\/es\/wp-json\/wp\/v2\/product\/1076356","targetHints":{"allow":["GET"]}}],"collection":[{"href":"https:\/\/www.claret.cat\/es\/wp-json\/wp\/v2\/product"}],"about":[{"href":"https:\/\/www.claret.cat\/es\/wp-json\/wp\/v2\/types\/product"}],"wp:featuredmedia":[{"embeddable":true,"href":"https:\/\/www.claret.cat\/es\/wp-json\/wp\/v2\/media\/1076538"}],"wp:attachment":[{"href":"https:\/\/www.claret.cat\/es\/wp-json\/wp\/v2\/media?parent=1076356"}],"wp:term":[{"taxonomy":"product_brand","embeddable":true,"href":"https:\/\/www.claret.cat\/es\/wp-json\/wp\/v2\/product_brand?post=1076356"},{"taxonomy":"product_cat","embeddable":true,"href":"https:\/\/www.claret.cat\/es\/wp-json\/wp\/v2\/product_cat?post=1076356"},{"taxonomy":"product_tag","embeddable":true,"href":"https:\/\/www.claret.cat\/es\/wp-json\/wp\/v2\/product_tag?post=1076356"}],"curies":[{"name":"wp","href":"https:\/\/api.w.org\/{rel}","templated":true}]}}

CAMINO DE PERFECCIÓN (NUEVA EDICIÓN AMPLIADA)

<p><strong>En esta obra Teresa de Jesús escribe con pasión</strong> y se erige, aun sin pretenderlo, en <strong>auténtica profeta de la oración.</strong> <em>Camino de perfección</em> es la primera de las obras de <strong>santa Teresa</strong> que vio la luz, en <strong>Evora en 1583</strong>. La edición que presentamos ahora ha sido cuidada al máximo con el respeto que se merece la autora y su libro. <strong>La obra la escribió dos veces y publicamos precisamente la segunda redacción</strong>, recuperando los textos más destacados y complementarios de la primera en nota, de manera que el lector pueda disfrutar, prácticamente, de ambas redacciones. La obra, en cuanto <strong>«camino de oración»</strong> y <strong>«perfección»</strong> es válida tanto para cualquier cristiano como para la vida monástica, algo que incluso la santa confirma cuando escribe acerca de cómo el <strong>Señor</strong> convida a todos a la fuente. En esta nueva edición del <em>Camino de perfección</em> de santa Teresa, <strong>Salvador Ros García</strong>, con sus estudios y conocimientos sobre la santa madre se permite adentrarse en su mundo místico para ofrecer una introducción minuciosa de esta <strong>obra fundamental en la espiritualidad cristiana</strong> <strong>y de la literatura mística del Siglo de Oro español.</strong></p>
<p>&nbsp;</p>

<p>TERESA DE JESÚS, SANTA</p>

TERESA DE JESÚS, SANTA

Rústica

SAN PABLO COMUNICACIÓN
