{"id":107738,"date":"2022-10-12T09:36:08","date_gmt":"2022-10-12T07:36:08","guid":{"rendered":"http:\/\/dev.claret.cat\/producte\/conexion-monastica\/"},"modified":"2025-07-17T12:58:44","modified_gmt":"2025-07-17T10:58:44","slug":"conexion-monastica-9788416997336","status":"publish","type":"product","link":"https:\/\/www.claret.cat\/es\/libro\/conexion-monastica-9788416997336\/","title":{"rendered":"CONEXI\u00d3N MON\u00c1STICA"},"content":{"rendered":"<p>Todos sabemos que nos movemos en un mundo cada vez m\u00e1s vertiginoso, en el que la velocidad de los cambios y las tecnolog\u00edas hace que tengamos la sensaci\u00f3n de que no somos capaces de dominar nuestra reacci\u00f3n ante los distintos entornos.<br \/> Ante este panorama muchos hablan de la necesidad de desconectar, ya sea desconectar de las redes sociales, de la tecnolog\u00eda, o simplemente del trabajo. Por todos lados nos venden la receta maravillosa de la desconexi\u00f3n.<br \/> De lo que se trata, sin embargo, no es de desconectar, sino de tener la capacidad de conectar con uno mismo cuando corresponde. El objetivo es poder pasar de una conexi\u00f3n a otra sin problemas.<br \/> Lo curioso es que muchas de las soluciones a este mal moderno se pueden encontrar en milenarias reglas mon\u00e1sticas.<br \/> En este libro, Albert Riba analiza las reglas utilizadas en distintas \u00f3rdenes mon\u00e1sticas de distintas religiones y destila los puntos en com\u00fan que tienen para ayudarnos a conectar con nosotros mismos en el momento adecuado, y poder as\u00ed conectar con el trabajo y ser m\u00e1s productivos cuando m\u00e1s lo necesitamos.<\/p>\n","protected":false},"excerpt":{"rendered":"<p>RIBA, ALBERT<\/p>\n","protected":false},"featured_media":107739,"template":"","meta":{"_acf_changed":false,"om_disable_all_campaigns":false,"rs_blank_template":"","rs_page_bg_color":"","slide_template_v7":"","inline_featured_image":false,"_monsterinsights_skip_tracking":false,"_monsterinsights_sitenote_active":false,"_monsterinsights_sitenote_note":"","_monsterinsights_sitenote_category":0},"product_brand":[],"product_cat":[182,378],"product_tag":[],"class_list":{"0":"post-107738","1":"product","2":"type-product","3":"status-publish","4":"has-post-thumbnail","6":"product_cat-social-i-economica","7":"product_cat-social-y-economica","9":"first","10":"instock","11":"taxable","12":"shipping-taxable","13":"purchasable","14":"product-type-simple"},"acf":{"editorial":[{"ID":148088,"post_author":"3","post_date":"2022-10-14 11:55:32","post_date_gmt":"2022-10-14 09:55:32","post_content":"","post_title":"EMPRESA ACTIVA","post_excerpt":"","post_status":"publish","comment_status":"closed","ping_status":"closed","post_password":"","post_name":"empresa-activa","to_ping":"","pinged":"","post_modified":"2022-10-14 11:55:32","post_modified_gmt":"2022-10-14 09:55:32","post_content_filtered":"","post_parent":0,"guid":"http:\/\/dev.claret.cat\/editorial\/empresa-activa\/","menu_order":0,"post_type":"editorial","post_mime_type":"","comment_count":"0","filter":"raw"}],"autores-libros":[{"ID":149445,"post_author":"3","post_date":"2022-10-14 14:24:55","post_date_gmt":"2022-10-14 12:24:55","post_content":"","post_title":"ALBERT RIBA","post_excerpt":"","post_status":"publish","comment_status":"closed","ping_status":"closed","post_password":"","post_name":"albert-riba","to_ping":"","pinged":"","post_modified":"2022-10-14 14:24:55","post_modified_gmt":"2022-10-14 12:24:55","post_content_filtered":"","post_parent":0,"guid":"http:\/\/dev.claret.cat\/autor\/albert-riba\/","menu_order":0,"post_type":"autor","post_mime_type":"","comment_count":"0","filter":"raw"}],"autor":"RIBA, ALBERT","codart":"841699733","libros-coleccion":"Gesti\u00f3n del conocimiento","ediciones":"1","encuadernacion":"R\u00fastica","fecha_de_publicacion":"01\/06\/2020","novedad":"1","paginas":"190","subtitulo":"REGLAS MILENARIAS PARA EL VERTIGINOSO SIGLO XXI","orden":"0","portada":"0","idioma":"spa","booktrailer":"","resenas":""},"aioseo_notices":[],"_links":{"self":[{"href":"https:\/\/www.claret.cat\/es\/wp-json\/wp\/v2\/product\/107738","targetHints":{"allow":["GET"]}}],"collection":[{"href":"https:\/\/www.claret.cat\/es\/wp-json\/wp\/v2\/product"}],"about":[{"href":"https:\/\/www.claret.cat\/es\/wp-json\/wp\/v2\/types\/product"}],"wp:featuredmedia":[{"embeddable":true,"href":"https:\/\/www.claret.cat\/es\/wp-json\/wp\/v2\/media\/107739"}],"wp:attachment":[{"href":"https:\/\/www.claret.cat\/es\/wp-json\/wp\/v2\/media?parent=107738"}],"wp:term":[{"taxonomy":"product_brand","embeddable":true,"href":"https:\/\/www.claret.cat\/es\/wp-json\/wp\/v2\/product_brand?post=107738"},{"taxonomy":"product_cat","embeddable":true,"href":"https:\/\/www.claret.cat\/es\/wp-json\/wp\/v2\/product_cat?post=107738"},{"taxonomy":"product_tag","embeddable":true,"href":"https:\/\/www.claret.cat\/es\/wp-json\/wp\/v2\/product_tag?post=107738"}],"curies":[{"name":"wp","href":"https:\/\/api.w.org\/{rel}","templated":true}]}}

CONEXIÓN MONÁSTICA

<p>Todos sabemos que nos movemos en un mundo cada vez más vertiginoso, en el que la velocidad de los cambios y las tecnologías hace que tengamos la sensación de que no somos capaces de dominar nuestra reacción ante los distintos entornos.<br /> Ante este panorama muchos hablan de la necesidad de desconectar, ya sea desconectar de las redes sociales, de la tecnología, o simplemente del trabajo. Por todos lados nos venden la receta maravillosa de la desconexión.<br /> De lo que se trata, sin embargo, no es de desconectar, sino de tener la capacidad de conectar con uno mismo cuando corresponde. El objetivo es poder pasar de una conexión a otra sin problemas.<br /> Lo curioso es que muchas de las soluciones a este mal moderno se pueden encontrar en milenarias reglas monásticas.<br /> En este libro, Albert Riba analiza las reglas utilizadas en distintas órdenes monásticas de distintas religiones y destila los puntos en común que tienen para ayudarnos a conectar con nosotros mismos en el momento adecuado, y poder así conectar con el trabajo y ser más productivos cuando más lo necesitamos.</p>

Gestión del conocimiento

Rústica
