{"id":1078545,"date":"2026-01-27T14:21:05","date_gmt":"2026-01-27T13:21:05","guid":{"rendered":"https:\/\/www.claret.cat\/llibre\/gaudi-larquitecte-de-les-formes-impossibles-9788448963248\/"},"modified":"2026-04-09T11:05:20","modified_gmt":"2026-04-09T09:05:20","slug":"gaudi-larquitecte-de-les-formes-impossibles-9788448963248","status":"publish","type":"product","link":"https:\/\/www.claret.cat\/es\/libro\/gaudi-larquitecte-de-les-formes-impossibles-9788448963248\/","title":{"rendered":"GAUD\u00cd. L&#8217;ARQUITECTE DE LES FORMES IMPOSSIBLES"},"content":{"rendered":"<p>Antoni Gaud\u00ed \u00e9s un dels arquitectes mes celebrats i reconeguts a tot el m\u00f3n. Per\u00f2, sabies com va ser la seva infantesa? D&#8217;on va sorgir el talent que el portaria a ser un dels artistes del Modernisme m\u00e9s reconeguts i a fer de Barcelona un gran escenari? Com va convertir-se el fill de diverses generacions de calderers en l&#8217;arquitecte de les formes impossibles?Per qu\u00e8 se&#8217;l coneix com el mag de textures, materials i colors que, com per art de m\u00e0gia, donarien forma a un nou segle? Endinsa&#8217;t en la vida d&#8217;Antoni Gaud\u00ed des que era un infant i descobreix la hist\u00f2ria del gran arquitecte catal\u00e0. Antoni Gaud\u00ed i Cornet (1852-1926)<br \/> \u00e9s un dels arquitectes m\u00e9s reconeguts internacionalment, ja que ha transcendit<br \/> el seu temps i els diferents estils arquitect\u00f2nics. La seva obra, original en<br \/> els plantejaments, s&#8217;inscriu en ple desenvolupament del Modernisme a la Catalunya<br \/> del tombant de segle XIX.<\/p>\n","protected":false},"excerpt":{"rendered":"<p>FOLCK GIL, JORDI<\/p>\n","protected":false},"featured_media":1078546,"template":"","meta":{"_acf_changed":false,"om_disable_all_campaigns":false,"rs_blank_template":"","rs_page_bg_color":"","slide_template_v7":"","inline_featured_image":false,"_monsterinsights_skip_tracking":false,"_monsterinsights_sitenote_active":false,"_monsterinsights_sitenote_note":"","_monsterinsights_sitenote_category":0},"product_brand":[],"product_cat":[132,362],"product_tag":[],"class_list":{"0":"post-1078545","1":"product","2":"type-product","3":"status-publish","4":"has-post-thumbnail","6":"product_cat-lectures-per-preadolescents-6-12-anys","7":"product_cat-libros-preadolescentes-6-12-anos","9":"first","10":"instock","11":"taxable","12":"shipping-taxable","13":"purchasable","14":"product-type-simple"},"acf":{"autor":"FOLCK GIL, JORDI","codart":"844896324","libros-coleccion":"Llibres Infantils I Juvenils - Diversos","ediciones":"1","encuadernacion":"Carton\u00e9","fecha_de_publicacion":"01\/01\/2026","novedad":"1","paginas":"48","subtitulo":"","orden":"0","portada":"0","idioma":"cat","booktrailer":"","resenas":"","editorial":[{"ID":147525,"post_author":"3","post_date":"2022-10-14 11:51:14","post_date_gmt":"2022-10-14 09:51:14","post_content":"","post_title":"BARCANOVA","post_excerpt":"","post_status":"publish","comment_status":"closed","ping_status":"closed","post_password":"","post_name":"barcanova","to_ping":"","pinged":"","post_modified":"2022-10-14 11:51:14","post_modified_gmt":"2022-10-14 09:51:14","post_content_filtered":"","post_parent":0,"guid":"http:\/\/dev.claret.cat\/editorial\/barcanova\/","menu_order":0,"post_type":"editorial","post_mime_type":"","comment_count":"0","filter":"raw"}]},"aioseo_notices":[],"_links":{"self":[{"href":"https:\/\/www.claret.cat\/es\/wp-json\/wp\/v2\/product\/1078545","targetHints":{"allow":["GET"]}}],"collection":[{"href":"https:\/\/www.claret.cat\/es\/wp-json\/wp\/v2\/product"}],"about":[{"href":"https:\/\/www.claret.cat\/es\/wp-json\/wp\/v2\/types\/product"}],"wp:featuredmedia":[{"embeddable":true,"href":"https:\/\/www.claret.cat\/es\/wp-json\/wp\/v2\/media\/1078546"}],"wp:attachment":[{"href":"https:\/\/www.claret.cat\/es\/wp-json\/wp\/v2\/media?parent=1078545"}],"wp:term":[{"taxonomy":"product_brand","embeddable":true,"href":"https:\/\/www.claret.cat\/es\/wp-json\/wp\/v2\/product_brand?post=1078545"},{"taxonomy":"product_cat","embeddable":true,"href":"https:\/\/www.claret.cat\/es\/wp-json\/wp\/v2\/product_cat?post=1078545"},{"taxonomy":"product_tag","embeddable":true,"href":"https:\/\/www.claret.cat\/es\/wp-json\/wp\/v2\/product_tag?post=1078545"}],"curies":[{"name":"wp","href":"https:\/\/api.w.org\/{rel}","templated":true}]}}

GAUDÍ. L&#8217;ARQUITECTE DE LES FORMES IMPOSSIBLES

<p>Antoni Gaudí és un dels arquitectes mes celebrats i reconeguts a tot el món. Però, sabies com va ser la seva infantesa? D&#8217;on va sorgir el talent que el portaria a ser un dels artistes del Modernisme més reconeguts i a fer de Barcelona un gran escenari? Com va convertir-se el fill de diverses generacions de calderers en l&#8217;arquitecte de les formes impossibles?Per què se&#8217;l coneix com el mag de textures, materials i colors que, com per art de màgia, donarien forma a un nou segle? Endinsa&#8217;t en la vida d&#8217;Antoni Gaudí des que era un infant i descobreix la història del gran arquitecte català. Antoni Gaudí i Cornet (1852-1926)<br /> és un dels arquitectes més reconeguts internacionalment, ja que ha transcendit<br /> el seu temps i els diferents estils arquitectònics. La seva obra, original en<br /> els plantejaments, s&#8217;inscriu en ple desenvolupament del Modernisme a la Catalunya<br /> del tombant de segle XIX.</p>

Cartoné
