{"id":1079211,"date":"2026-01-28T13:24:36","date_gmt":"2026-01-28T12:24:36","guid":{"rendered":"https:\/\/www.claret.cat\/llibre\/arrels-cristianes-de-catalunya-9788491366423\/"},"modified":"2026-03-19T17:11:04","modified_gmt":"2026-03-19T16:11:04","slug":"arrels-cristianes-de-catalunya-9788491366423","status":"publish","type":"product","link":"https:\/\/www.claret.cat\/es\/libro\/arrels-cristianes-de-catalunya-9788491366423\/","title":{"rendered":"ARRELS CRISTIANES DE CATALUNYA"},"content":{"rendered":"<p>El 27 de desembre del 1985, els bisbes de les vuit di\u00f2cesis catalanes van signar la carta pastoral<strong><em> Arrels cristianes de Catalunya.<\/em><\/strong><\/p>\n<p><\/p>\n<p>En ella, per primera vegada, l\u2019<strong>episcopat catal\u00e0<\/strong> assumia col\u00b7lectivament i amb claredat la <strong>catalanitat de l\u2019Esgl\u00e9sia<\/strong> i la vinculaci\u00f3 entre <strong>cristianisme<\/strong> i <strong>identitat nacional<\/strong>. Commemorar avui els <strong>quaranta anys del document<\/strong>, m\u00e9s que un acte de <strong>mem\u00f2ria eclesial<\/strong>, \u00e9s una afirmaci\u00f3 de la <strong>validesa<\/strong> i <strong>actualitat<\/strong> dels seus <strong>principis pastorals<\/strong> i una invitaci\u00f3 a avan\u00e7ar i aprofundir el cam\u00ed d\u2019una <strong>Esgl\u00e9sia fidel a l\u2019Evangeli<\/strong> i profundament vinculada a la <strong>identitat<\/strong> i a la <strong>cultura del pa\u00eds<\/strong>.<\/p>\n<p>Un llibre ideal per a:<\/p>\n<p><\/p>\n<ul>\n<li><strong>Fidels laics, preveres, religiosos i membres de moviments apost\u00f2lics<\/strong> que vulguin aprofundir en la relaci\u00f3 entre fe cristiana i identitat catalana.<\/li>\n<li><strong>Rectors, equips parroquials, consells pastorals, catequistes i formadors<\/strong> interessats en promoure la reflexi\u00f3 sobre el comprom\u00eds social dels cristians.<\/li>\n<li><strong>Investigadors interessats en la construcci\u00f3 de la identitat catalana, la relaci\u00f3 Esgl\u00e9sia-naci\u00f3<\/strong>, el pensament pol\u00edtic catal\u00e0 contemporani i la doctrina social de l\u2019Esgl\u00e9sia aplicada al context catal\u00e0.<\/li>\n<li><strong>Docents d&#8217;\u00e0rees d\u2019hist\u00f2ria contempor\u00e0nia, filosofia, religi\u00f3 i cultura catalana<\/strong>.<\/li>\n<li><strong>Tots els ciutadans que vulguin comprendre la distinci\u00f3 entre naci\u00f3 i estat, el paper de la llengua i la cultura<\/strong>, i la posici\u00f3 de l\u2019Esgl\u00e9sia davant el pluralisme pol\u00edtic i religi\u00f3s.<\/li>\n<\/ul>\n<p><em>*Aquest llibre ha estat impr\u00e8s amb paper certificat pel&nbsp;<\/em><span>&nbsp;<\/span><a href='https:\/\/fsc.org\/en' rel='noopener noreferrer' target='_blank'><em>Forest Stewardship Council (FSC)<\/em><\/a><span>&nbsp;<\/span><em>, que compleix amb els principis de gesti\u00f3 econ\u00f2mica, social i ambiental sostenibles.<\/em><\/p>\n","protected":false},"excerpt":{"rendered":"<p>ELS BISBES DE CATALUNYA<\/p>\n","protected":false},"featured_media":1085745,"template":"","meta":{"_acf_changed":false,"om_disable_all_campaigns":false,"rs_blank_template":"","rs_page_bg_color":"","slide_template_v7":"","inline_featured_image":false,"_monsterinsights_skip_tracking":false,"_monsterinsights_sitenote_active":false,"_monsterinsights_sitenote_note":"","_monsterinsights_sitenote_category":0},"product_brand":[],"product_cat":[430,153,543,93,581],"product_tag":[],"class_list":{"0":"post-1079211","1":"product","2":"type-product","3":"status-publish","4":"has-post-thumbnail","6":"product_cat-cataluna","7":"product_cat-catalunya","8":"product_cat-eclesiologia-es","9":"product_cat-eclesiologia","10":"product_cat-editorial-claret","12":"first","13":"instock","14":"taxable","15":"shipping-taxable","16":"purchasable","17":"product-type-simple"},"acf":{"autor":"ELS BISBES DE CATALUNYA","codart":"849136642","libros-coleccion":"","ediciones":"1","encuadernacion":"R\u00fastica","fecha_de_publicacion":"28\/01\/2026","novedad":"1","paginas":"42","subtitulo":"","orden":"0","portada":"1","idioma":"cat","booktrailer":"","resenas":"<p>Ag\u00e8ncia Flama, 29\/01\/2026<\/p>\n<p><a href=\"https:\/\/www.agenciaflama.cat\/xarxa-entitats-cristianes-esglesia-pais\/\" rel=\"noopener noreferrer\" target=\"_blank\">https:\/\/www.agenciaflama.cat\/xarxa-entitats-cristianes-esglesia-pais\/<\/a><\/p>\n<p><\/p>\n<p>Catalunya Religi\u00f3, 29\/01\/2026<\/p>\n<p><a href=\"https:\/\/www.catalunyareligio.cat\/ca\/xarxa-entitats-cristianes-reivindica-avancar-junts\" rel=\"noopener noreferrer\" target=\"_blank\">https:\/\/www.catalunyareligio.cat\/ca\/xarxa-entitats-cristianes-reivindica-avancar-junts<\/a><\/p>\n<p><\/p>\n<p>Diari ARA, 29\/01\/2026<\/p>\n<p><a href=\"https:\/\/www.ara.cat\/politica\/l-esglesia-catalanista-s-uneix-reforcar-catala-influir-papa_1_5631578.amp.html\" rel=\"noopener noreferrer\" target=\"_blank\">https:\/\/www.ara.cat\/politica\/l-esglesia-catalanista-s-uneix-reforcar-catala-influir-papa_1_5631578.amp.html<\/a><\/p>\n<p><\/p>\n<p>Catalunya Cristiana (castell\u00e0), 15\/02\/2026<\/p>\n<p><a href=\"https:\/\/drive.google.com\/file\/d\/1aKsQV1U3yRBptMHPgtuDg311Og7jircC\/view?usp=sharing \" rel=\"noopener noreferrer\" target=\"_blank\">https:\/\/drive.google.com\/file\/d\/1aKsQV1U3yRBptMHPgtuDg311Og7jircC\/view?usp=sharing <\/a><\/p>\n<p><\/p>\n<p>Catalunya Cristiana, 15\/02\/2026<\/p>\n<p><a href=\"https:\/\/drive.google.com\/file\/d\/1KSrWojmRnn0eUzCt6tkXrG3lv33p2u7o\/view?usp=sharing\" rel=\"noopener noreferrer\" target=\"_blank\">https:\/\/drive.google.com\/file\/d\/1KSrWojmRnn0eUzCt6tkXrG3lv33p2u7o\/view?usp=sharing<\/a><\/p>\n<p><\/p>\n<p>Catalunya Religi\u00f3, 16\/02\/2026<\/p>\n<p><a href=\"https:\/\/www.catalunyareligio.cat\/ca\/blog\/llibres-recomanats\/arrels-cristianes-catalunya-325178\" rel=\"noopener noreferrer\" target=\"_blank\">https:\/\/www.catalunyareligio.cat\/ca\/blog\/llibres-recomanats\/arrels-cristianes-catalunya-325178<\/a><\/p>\n","editorial":[{"ID":6158,"post_author":"3","post_date":"2022-07-28 17:46:08","post_date_gmt":"2022-07-28 15:46:08","post_content":"","post_title":"CLARET","post_excerpt":"","post_status":"publish","comment_status":"closed","ping_status":"closed","post_password":"","post_name":"claret","to_ping":"","pinged":"","post_modified":"2022-07-28 17:46:08","post_modified_gmt":"2022-07-28 15:46:08","post_content_filtered":"","post_parent":0,"guid":"http:\/\/dev.claret.cat\/editorial\/claret\/","menu_order":0,"post_type":"editorial","post_mime_type":"","comment_count":"0","filter":"raw"}],"autores-libros":[{"ID":5442,"post_author":"3","post_date":"2022-07-28 17:24:03","post_date_gmt":"2022-07-28 15:24:03","post_content":"","post_title":"ELS BISBES DE CATALUNYA","post_excerpt":"","post_status":"publish","comment_status":"closed","ping_status":"closed","post_password":"","post_name":"els-bisbes-de-catalunya","to_ping":"","pinged":"","post_modified":"2022-07-28 17:24:03","post_modified_gmt":"2022-07-28 15:24:03","post_content_filtered":"","post_parent":0,"guid":"http:\/\/dev.claret.cat\/autor\/els-bisbes-de-catalunya\/","menu_order":0,"post_type":"autor","post_mime_type":"","comment_count":"0","filter":"raw"}],"linkebook":"","ficha":"849136642_1771932446.pdf","muestra":"","precioebook":"0","presentacion":""},"aioseo_notices":[],"_links":{"self":[{"href":"https:\/\/www.claret.cat\/es\/wp-json\/wp\/v2\/product\/1079211","targetHints":{"allow":["GET"]}}],"collection":[{"href":"https:\/\/www.claret.cat\/es\/wp-json\/wp\/v2\/product"}],"about":[{"href":"https:\/\/www.claret.cat\/es\/wp-json\/wp\/v2\/types\/product"}],"wp:featuredmedia":[{"embeddable":true,"href":"https:\/\/www.claret.cat\/es\/wp-json\/wp\/v2\/media\/1085745"}],"wp:attachment":[{"href":"https:\/\/www.claret.cat\/es\/wp-json\/wp\/v2\/media?parent=1079211"}],"wp:term":[{"taxonomy":"product_brand","embeddable":true,"href":"https:\/\/www.claret.cat\/es\/wp-json\/wp\/v2\/product_brand?post=1079211"},{"taxonomy":"product_cat","embeddable":true,"href":"https:\/\/www.claret.cat\/es\/wp-json\/wp\/v2\/product_cat?post=1079211"},{"taxonomy":"product_tag","embeddable":true,"href":"https:\/\/www.claret.cat\/es\/wp-json\/wp\/v2\/product_tag?post=1079211"}],"curies":[{"name":"wp","href":"https:\/\/api.w.org\/{rel}","templated":true}]}}

<p>El 27 de desembre del 1985, els bisbes de les vuit diòcesis catalanes van signar la carta pastoral<strong><em> Arrels cristianes de Catalunya.</em></strong></p>
<p></p>
<p>En ella, per primera vegada, l’<strong>episcopat català</strong> assumia col·lectivament i amb claredat la <strong>catalanitat de l’Església</strong> i la vinculació entre <strong>cristianisme</strong> i <strong>identitat nacional</strong>. Commemorar avui els <strong>quaranta anys del document</strong>, més que un acte de <strong>memòria eclesial</strong>, és una afirmació de la <strong>validesa</strong> i <strong>actualitat</strong> dels seus <strong>principis pastorals</strong> i una invitació a avançar i aprofundir el camí d’una <strong>Església fidel a l’Evangeli</strong> i profundament vinculada a la <strong>identitat</strong> i a la <strong>cultura del país</strong>.</p>
<p>Un llibre ideal per a:</p>
<p></p>
<ul>
<li><strong>Fidels laics, preveres, religiosos i membres de moviments apostòlics</strong> que vulguin aprofundir en la relació entre fe cristiana i identitat catalana.</li>
<li><strong>Rectors, equips parroquials, consells pastorals, catequistes i formadors</strong> interessats en promoure la reflexió sobre el compromís social dels cristians.</li>
<li><strong>Investigadors interessats en la construcció de la identitat catalana, la relació Església-nació</strong>, el pensament polític català contemporani i la doctrina social de l’Església aplicada al context català.</li>
<li><strong>Docents d&#8217;àrees d’història contemporània, filosofia, religió i cultura catalana</strong>.</li>
<li><strong>Tots els ciutadans que vulguin comprendre la distinció entre nació i estat, el paper de la llengua i la cultura</strong>, i la posició de l’Església davant el pluralisme polític i religiós.</li>
</ul>
<p><em>*Aquest llibre ha estat imprès amb paper certificat pel&nbsp;</em><span>&nbsp;</span><a href='https://fsc.org/en' rel='noopener noreferrer' target='_blank'><em>Forest Stewardship Council (FSC)</em></a><span>&nbsp;</span><em>, que compleix amb els principis de gestió econòmica, social i ambiental sostenibles.</em></p>

Rústica

<p>Agència Flama, 29/01/2026</p>
<p><a href="https://www.agenciaflama.cat/xarxa-entitats-cristianes-esglesia-pais/" rel="noopener noreferrer" target="_blank">https://www.agenciaflama.cat/xarxa-entitats-cristianes-esglesia-pais/</a></p>
<p></p>
<p>Catalunya Religió, 29/01/2026</p>
<p><a href="https://www.catalunyareligio.cat/ca/xarxa-entitats-cristianes-reivindica-avancar-junts" rel="noopener noreferrer" target="_blank">https://www.catalunyareligio.cat/ca/xarxa-entitats-cristianes-reivindica-avancar-junts</a></p>
<p></p>
<p>Diari ARA, 29/01/2026</p>
<p><a href="https://www.ara.cat/politica/l-esglesia-catalanista-s-uneix-reforcar-catala-influir-papa_1_5631578.amp.html" rel="noopener noreferrer" target="_blank">https://www.ara.cat/politica/l-esglesia-catalanista-s-uneix-reforcar-catala-influir-papa_1_5631578.amp.html</a></p>
<p></p>
<p>Catalunya Cristiana (castellà), 15/02/2026</p>
<p><a href="https://drive.google.com/file/d/1aKsQV1U3yRBptMHPgtuDg311Og7jircC/view?usp=sharing " rel="noopener noreferrer" target="_blank">https://drive.google.com/file/d/1aKsQV1U3yRBptMHPgtuDg311Og7jircC/view?usp=sharing </a></p>
<p></p>
<p>Catalunya Cristiana, 15/02/2026</p>
<p><a href="https://drive.google.com/file/d/1KSrWojmRnn0eUzCt6tkXrG3lv33p2u7o/view?usp=sharing" rel="noopener noreferrer" target="_blank">https://drive.google.com/file/d/1KSrWojmRnn0eUzCt6tkXrG3lv33p2u7o/view?usp=sharing</a></p>
<p></p>
<p>Catalunya Religió, 16/02/2026</p>
<p><a href="https://www.catalunyareligio.cat/ca/blog/llibres-recomanats/arrels-cristianes-catalunya-325178" rel="noopener noreferrer" target="_blank">https://www.catalunyareligio.cat/ca/blog/llibres-recomanats/arrels-cristianes-catalunya-325178</a></p>
