{"id":1079455,"date":"2026-01-28T17:30:09","date_gmt":"2026-01-28T16:30:09","guid":{"rendered":"https:\/\/www.claret.cat\/llibre\/leclipsi-del-segle-9788413565439\/"},"modified":"2026-04-24T18:15:08","modified_gmt":"2026-04-24T16:15:08","slug":"leclipsi-del-segle-9788413565439","status":"publish","type":"product","link":"https:\/\/www.claret.cat\/es\/libro\/leclipsi-del-segle-9788413565439\/","title":{"rendered":"L&#8217;ECLIPSI DEL SEGLE"},"content":{"rendered":"<p><strong>Il\u00b7lustracions de Morad Abselam<\/strong> tota la informaci\u00f3 que necessites per planificar i treure el m\u00e0xim profit d\u2019aquest esdeveniment singular! <strong>El 12 d\u2019agost de 2026<\/strong>, el dia es far\u00e0 nit quan <strong>la silueta de la Lluna oculti del tot el disc del Sol<\/strong>. Aquell vespre, en moltes regions del nostre pa\u00eds podrem experimentar un eclipsi solar total, un dels espectacles m\u00e9s fascinants de la natura. * \u00c9s <strong>un esdeveniment \u00fanic<\/strong> i m\u00e9s val estar preparat! * Qu\u00e8 \u00e9s <strong>un eclipsi de Sol<\/strong> i per qu\u00e8 succeeix? * Com es desenvolupar\u00e0 i en quins detalls ens haurem de fixar? * En quins llocs ser\u00e0 total o parcial, i quins en seran els horaris? * Qu\u00e8 caldr\u00e0 tenir en compte per triar l\u2019indret d\u2019observaci\u00f3? * Quines s\u00f3n les mesures de protecci\u00f3 per veure\u2019l de manera segura? * Qu\u00e8 cal esperar pel que fa a la mobilitat i com arranjar els despla\u00e7aments? * Com gaudirem de l\u2019eclipsi de manera responsable amb l\u2019entorn natural? * Com podrem fotografiar el fenomen? <\/p>\n<p> <strong>En aquesta guia hi trobar\u00e0s tota la informaci\u00f3 que necessites per planificar i treure el m\u00e0xim partit de l\u2019eclipsi del segle<\/strong>.<\/p>\n","protected":false},"excerpt":{"rendered":"<p>JOAN ANTON CATAL\u00c0 AMIG\u00d3<\/p>\n","protected":false},"featured_media":1095884,"template":"","meta":{"_acf_changed":false,"om_disable_all_campaigns":false,"rs_blank_template":"","rs_page_bg_color":"","slide_template_v7":"","inline_featured_image":false,"_monsterinsights_skip_tracking":false,"_monsterinsights_sitenote_active":false,"_monsterinsights_sitenote_note":"","_monsterinsights_sitenote_category":0},"product_brand":[],"product_cat":[104,554],"product_tag":[],"class_list":{"0":"post-1079455","1":"product","2":"type-product","3":"status-publish","4":"has-post-thumbnail","6":"product_cat-ciencia","7":"product_cat-ciencia-5_otras-spa","9":"first","10":"instock","11":"taxable","12":"shipping-taxable","13":"purchasable","14":"product-type-simple"},"acf":{"autor":"JOAN ANTON CATAL\u00c0 AMIG\u00d3","codart":"841356543","libros-coleccion":"","ediciones":"1","encuadernacion":"R\u00fastica","fecha_de_publicacion":"01\/01\/2026","novedad":"1","paginas":"112","subtitulo":"GUIA PER GAUDIR DE L'ECLIPSI SOLAR TOTAL DEL 12 D''AGOST DE 2026","orden":"0","portada":"0","idioma":"cat","booktrailer":"","resenas":"","editorial":[{"ID":6171,"post_author":"3","post_date":"2022-07-28 17:46:25","post_date_gmt":"2022-07-28 15:46:25","post_content":"","post_title":"COSSETANIA EDICIONS","post_excerpt":"","post_status":"publish","comment_status":"closed","ping_status":"closed","post_password":"","post_name":"cossetania-edicions","to_ping":"","pinged":"","post_modified":"2022-07-28 17:46:25","post_modified_gmt":"2022-07-28 15:46:25","post_content_filtered":"","post_parent":0,"guid":"http:\/\/dev.claret.cat\/editorial\/cossetania-edicions\/","menu_order":0,"post_type":"editorial","post_mime_type":"","comment_count":"0","filter":"raw"}]},"aioseo_notices":[],"_links":{"self":[{"href":"https:\/\/www.claret.cat\/es\/wp-json\/wp\/v2\/product\/1079455","targetHints":{"allow":["GET"]}}],"collection":[{"href":"https:\/\/www.claret.cat\/es\/wp-json\/wp\/v2\/product"}],"about":[{"href":"https:\/\/www.claret.cat\/es\/wp-json\/wp\/v2\/types\/product"}],"wp:featuredmedia":[{"embeddable":true,"href":"https:\/\/www.claret.cat\/es\/wp-json\/wp\/v2\/media\/1095884"}],"wp:attachment":[{"href":"https:\/\/www.claret.cat\/es\/wp-json\/wp\/v2\/media?parent=1079455"}],"wp:term":[{"taxonomy":"product_brand","embeddable":true,"href":"https:\/\/www.claret.cat\/es\/wp-json\/wp\/v2\/product_brand?post=1079455"},{"taxonomy":"product_cat","embeddable":true,"href":"https:\/\/www.claret.cat\/es\/wp-json\/wp\/v2\/product_cat?post=1079455"},{"taxonomy":"product_tag","embeddable":true,"href":"https:\/\/www.claret.cat\/es\/wp-json\/wp\/v2\/product_tag?post=1079455"}],"curies":[{"name":"wp","href":"https:\/\/api.w.org\/{rel}","templated":true}]}}

<p><strong>Il·lustracions de Morad Abselam</strong> tota la informació que necessites per planificar i treure el màxim profit d’aquest esdeveniment singular! <strong>El 12 d’agost de 2026</strong>, el dia es farà nit quan <strong>la silueta de la Lluna oculti del tot el disc del Sol</strong>. Aquell vespre, en moltes regions del nostre país podrem experimentar un eclipsi solar total, un dels espectacles més fascinants de la natura. * És <strong>un esdeveniment únic</strong> i més val estar preparat! * Què és <strong>un eclipsi de Sol</strong> i per què succeeix? * Com es desenvoluparà i en quins detalls ens haurem de fixar? * En quins llocs serà total o parcial, i quins en seran els horaris? * Què caldrà tenir en compte per triar l’indret d’observació? * Quines són les mesures de protecció per veure’l de manera segura? * Què cal esperar pel que fa a la mobilitat i com arranjar els desplaçaments? * Com gaudirem de l’eclipsi de manera responsable amb l’entorn natural? * Com podrem fotografiar el fenomen? </p>
<p> <strong>En aquesta guia hi trobaràs tota la informació que necessites per planificar i treure el màxim partit de l’eclipsi del segle</strong>.</p>

<p>JOAN ANTON CATALÀ AMIGÓ</p>

JOAN ANTON CATALÀ AMIGÓ

Rústica
