{"id":10810,"date":"2022-09-30T19:56:59","date_gmt":"2022-09-30T17:56:59","guid":{"rendered":"http:\/\/dev.claret.cat\/producte\/refugiados-frente-a-la-catastrofe-humanitaria-una-solucion-real\/"},"modified":"2023-01-28T09:53:14","modified_gmt":"2023-01-28T08:53:14","slug":"refugiados-frente-a-la-catastrofe-humanitaria-una-solucion-real-9788416771097","status":"publish","type":"product","link":"https:\/\/www.claret.cat\/es\/libro\/refugiados-frente-a-la-catastrofe-humanitaria-una-solucion-real-9788416771097\/","title":{"rendered":"REFUGIADOS. FRENTE A LA CAT\u00c1STROFE HUMANITARIA UNA SOLUCI\u00d3N REAL"},"content":{"rendered":"<p>Lo que ocurre en las fronteras de Europa desde hace varios a\u00f1os, y en especial desde el verano 2015, era previsible y anuncia una nueva \u00e9poca en materia de gesti\u00f3n de los flujos migratorios. La lecci\u00f3n principal es que, desde la huida de millones de personas de Siria, Irak y Afganist\u00e1n, tanto como de Eritrea, Somalia, Nigeria, Libia, la distinci\u00f3n tradicional entre inmigrantes econ\u00f3micos y peticionarios de asilo se est\u00e1 difuminando. La UE, principal objetivo de la demanda migratoria por ser el continente m\u00e1s adinerado del planeta, ser\u00e1 cada vez mas asediada por millones de personas buscando la mejora de sus condiciones de vida.<\/p>\n<p> Europa ha demostrado, sobre el hilo de la crisis econ\u00f3mica desde 2008, y la pol\u00edtica de austeridad que se ha elegido, su incapacidad para solucionar el paro provocado por esta pol\u00edtica, la exclusi\u00f3n del mercado de trabajo europeo de m\u00e1s de 22 millones de personas, el sacrificio de una generaci\u00f3n entera de j\u00f3venes. Por otra parte, frente a la llegada de centenares de miles de refugiados, Europa est\u00e1 pisoteando sus valores fundamentales de solidaridad humana, siendo incapaz de elaborar una estrategia cooperativa de sus socios, reportando la carga de la acogida sobre unos estados (el griego en particular), y capitulando ante gobiernos europeos xen\u00f3fobos, es decir, aceptando de hecho la subida del nacionalismo excluyente contrario a sus valores fundamentales. El tratamiento de la cuesti\u00f3n de los refugiados es, desde este punto de vista, emblem\u00e1tico para juzgar la impotencia europea.<\/p>\n<p> El libro se articula entorno a los ejes siguientes: analizar la situaci\u00f3n real de los refugiados, el tratamiento polic\u00edaco en el camino de huida, las violaciones sistem\u00e1ticas de los derechos humanos y el papel de las organizaciones mafiosas que act\u00faan a cara descubierta, la sobreexplotaci\u00f3n de los peticionarios de asilo, el papel de las ONG en la organizaci\u00f3n de la solidaridad, las medidas de la Uni\u00f3n en las fronteras; en suma, el desastre humano que se desarrolla delante de nosotros y que est\u00e1 provocando la desagregaci\u00f3n, despu\u00e9s de la crisis de 2008, del proyecto europeo.<\/p>\n<p> Un ensayo a la vez did\u00e1ctico, riguroso, y llamado a despertar conciencias, que parecen m\u00e1s dormidas en los gobernantes que en la poblaci\u00f3n. Es nuestro deber explicar en qu\u00e9 medida y c\u00f3mo acoger a los que piden auxilio.<\/p>\n","protected":false},"excerpt":{"rendered":"<p>NA\u00cfR, SAMI<\/p>\n","protected":false},"featured_media":74564,"template":"","meta":{"_acf_changed":false,"om_disable_all_campaigns":false,"rs_blank_template":"","rs_page_bg_color":"","slide_template_v7":"","inline_featured_image":false,"_monsterinsights_skip_tracking":false,"_monsterinsights_sitenote_active":false,"_monsterinsights_sitenote_note":"","_monsterinsights_sitenote_category":0},"product_brand":[],"product_cat":[84],"product_tag":[],"class_list":{"0":"post-10810","1":"product","2":"type-product","3":"status-publish","4":"has-post-thumbnail","6":"product_cat-sociologia","8":"first","9":"instock","10":"taxable","11":"shipping-taxable","12":"purchasable","13":"product-type-simple"},"acf":{"autor":"NA\u00cfR, SAMI","codart":"841677109","libros-coleccion":"","ediciones":"1","encuadernacion":"R\u00fastica","fecha_de_publicacion":"01\/09\/2016","novedad":"0","paginas":"186","subtitulo":"FRENTE A LA CAT\u00c1STROFE HUMANITARIA, UNA SOLUCI\u00d3N REAL","orden":"999","portada":"0","idioma":"spa","editorial":[{"ID":147952,"post_author":"3","post_date":"2022-10-14 11:54:29","post_date_gmt":"2022-10-14 09:54:29","post_content":"","post_title":"EDITORIAL CRITICA","post_excerpt":"","post_status":"publish","comment_status":"closed","ping_status":"closed","post_password":"","post_name":"editorial-critica","to_ping":"","pinged":"","post_modified":"2022-10-14 11:54:29","post_modified_gmt":"2022-10-14 09:54:29","post_content_filtered":"","post_parent":0,"guid":"http:\/\/dev.claret.cat\/editorial\/editorial-critica\/","menu_order":0,"post_type":"editorial","post_mime_type":"","comment_count":"0","filter":"raw"}],"autores-libros":[{"ID":168897,"post_author":"3","post_date":"2022-10-14 22:22:49","post_date_gmt":"2022-10-14 20:22:49","post_content":"","post_title":"SAMI NAIR","post_excerpt":"","post_status":"publish","comment_status":"closed","ping_status":"closed","post_password":"","post_name":"sami-nair","to_ping":"","pinged":"","post_modified":"2022-10-14 22:22:49","post_modified_gmt":"2022-10-14 20:22:49","post_content_filtered":"","post_parent":0,"guid":"http:\/\/dev.claret.cat\/autor\/sami-nair\/","menu_order":0,"post_type":"autor","post_mime_type":"","comment_count":"0","filter":"raw"}]},"aioseo_notices":[],"_links":{"self":[{"href":"https:\/\/www.claret.cat\/es\/wp-json\/wp\/v2\/product\/10810","targetHints":{"allow":["GET"]}}],"collection":[{"href":"https:\/\/www.claret.cat\/es\/wp-json\/wp\/v2\/product"}],"about":[{"href":"https:\/\/www.claret.cat\/es\/wp-json\/wp\/v2\/types\/product"}],"wp:featuredmedia":[{"embeddable":true,"href":"https:\/\/www.claret.cat\/es\/wp-json\/wp\/v2\/media\/74564"}],"wp:attachment":[{"href":"https:\/\/www.claret.cat\/es\/wp-json\/wp\/v2\/media?parent=10810"}],"wp:term":[{"taxonomy":"product_brand","embeddable":true,"href":"https:\/\/www.claret.cat\/es\/wp-json\/wp\/v2\/product_brand?post=10810"},{"taxonomy":"product_cat","embeddable":true,"href":"https:\/\/www.claret.cat\/es\/wp-json\/wp\/v2\/product_cat?post=10810"},{"taxonomy":"product_tag","embeddable":true,"href":"https:\/\/www.claret.cat\/es\/wp-json\/wp\/v2\/product_tag?post=10810"}],"curies":[{"name":"wp","href":"https:\/\/api.w.org\/{rel}","templated":true}]}}

REFUGIADOS. FRENTE A LA CATÁSTROFE HUMANITARIA UNA SOLUCIÓN REAL

<p>Lo que ocurre en las fronteras de Europa desde hace varios años, y en especial desde el verano 2015, era previsible y anuncia una nueva época en materia de gestión de los flujos migratorios. La lección principal es que, desde la huida de millones de personas de Siria, Irak y Afganistán, tanto como de Eritrea, Somalia, Nigeria, Libia, la distinción tradicional entre inmigrantes económicos y peticionarios de asilo se está difuminando. La UE, principal objetivo de la demanda migratoria por ser el continente más adinerado del planeta, será cada vez mas asediada por millones de personas buscando la mejora de sus condiciones de vida.</p>
<p> Europa ha demostrado, sobre el hilo de la crisis económica desde 2008, y la política de austeridad que se ha elegido, su incapacidad para solucionar el paro provocado por esta política, la exclusión del mercado de trabajo europeo de más de 22 millones de personas, el sacrificio de una generación entera de jóvenes. Por otra parte, frente a la llegada de centenares de miles de refugiados, Europa está pisoteando sus valores fundamentales de solidaridad humana, siendo incapaz de elaborar una estrategia cooperativa de sus socios, reportando la carga de la acogida sobre unos estados (el griego en particular), y capitulando ante gobiernos europeos xenófobos, es decir, aceptando de hecho la subida del nacionalismo excluyente contrario a sus valores fundamentales. El tratamiento de la cuestión de los refugiados es, desde este punto de vista, emblemático para juzgar la impotencia europea.</p>
<p> El libro se articula entorno a los ejes siguientes: analizar la situación real de los refugiados, el tratamiento policíaco en el camino de huida, las violaciones sistemáticas de los derechos humanos y el papel de las organizaciones mafiosas que actúan a cara descubierta, la sobreexplotación de los peticionarios de asilo, el papel de las ONG en la organización de la solidaridad, las medidas de la Unión en las fronteras; en suma, el desastre humano que se desarrolla delante de nosotros y que está provocando la desagregación, después de la crisis de 2008, del proyecto europeo.</p>
<p> Un ensayo a la vez didáctico, riguroso, y llamado a despertar conciencias, que parecen más dormidas en los gobernantes que en la población. Es nuestro deber explicar en qué medida y cómo acoger a los que piden auxilio.</p>

<p>NAÏR, SAMI</p>

NAÏR, SAMI

Rústica

FRENTE A LA CATÁSTROFE HUMANITARIA, UNA SOLUCIÓN REAL
