{"id":1082254,"date":"2026-02-09T16:35:02","date_gmt":"2026-02-09T15:35:02","guid":{"rendered":"https:\/\/www.claret.cat\/llibre\/la-rebeldia-se-volvio-de-derechas-9788432320668\/"},"modified":"2026-02-19T13:50:28","modified_gmt":"2026-02-19T12:50:28","slug":"la-rebeldia-se-volvio-de-derechas-9788432320668","status":"publish","type":"product","link":"https:\/\/www.claret.cat\/es\/libro\/la-rebeldia-se-volvio-de-derechas-9788432320668\/","title":{"rendered":"\u00bfLA REBELD\u00cdA SE VOLVI\u00d3 DE DERECHAS?"},"content":{"rendered":"<p>La extrema derecha quiere cambiar el mundo. Y mucha gente est\u00e1 convencida de que eso es lo que el mundo necesita. Con combinaciones de nacionalismo, posiciones antiestado, xenofobia, racismo y misoginia, pero tambi\u00e9n gui\u00f1os a la comunidad LGBTI y consignas ecologistas, con un aura de incorrecci\u00f3n y novedad que atrae a los j\u00f3venes, las llamadas ?derechas alternativas? est\u00e1n protagonizando una revoluci\u00f3n en la pol\u00edtica occidental: orgullosas, levantan las banderas de la indignaci\u00f3n y la rebeld\u00eda que eran la marca registrada de la izquierda. El progresismo, mientras tanto, entre el desconcierto y el gesto despectivo, se refugia en la correcci\u00f3n pol\u00edtica y corre el riesgo de volverse parte del statu quo. Trump y Bolsonaro dejaron claro que es hora de tomarse en serio las ideas de las derechas reaccionarias, aunque parezcan moralmente condenables o rid\u00edculas y, sobre todo, de entender c\u00f3mo su discurso defensivo, sus l\u00edderes carism\u00e1ticos y escandalosos y su provocaci\u00f3n constante est\u00e1n logrando representar a muchos de los que se perciben postergados en las sociedades contempor\u00e1neas. Esa es la propuesta de Pablo St<\/p>\n","protected":false},"excerpt":{"rendered":"<p>STEFANONI, PABLO<\/p>\n","protected":false},"featured_media":1082255,"template":"","meta":{"_acf_changed":false,"om_disable_all_campaigns":false,"rs_blank_template":"","rs_page_bg_color":"","slide_template_v7":"","inline_featured_image":false,"_monsterinsights_skip_tracking":false,"_monsterinsights_sitenote_active":false,"_monsterinsights_sitenote_note":"","_monsterinsights_sitenote_category":0},"product_brand":[],"product_cat":[162,436],"product_tag":[],"class_list":{"0":"post-1082254","1":"product","2":"type-product","3":"status-publish","4":"has-post-thumbnail","6":"product_cat-economica-i-politica","7":"product_cat-economica-y-politica","9":"first","10":"instock","11":"taxable","12":"shipping-taxable","13":"purchasable","14":"product-type-simple"},"acf":{"autor":"STEFANONI, PABLO","codart":"843232066","libros-coleccion":"FORA DE COL.LECCI\u00d3","ediciones":"1","encuadernacion":"R\u00fastica","fecha_de_publicacion":"01\/08\/2023","novedad":"1","paginas":"232","subtitulo":"C\u00d3MO EL ANTIPROGRESISMO Y LA ANTICORRECCI\u00d3N POL\u00cdTICA EST\u00c1N CONSTRUYENDO UN NUEVO","orden":"0","portada":"0","idioma":"spa","booktrailer":"","resenas":"","editorial":[{"ID":6115,"post_author":"3","post_date":"2022-07-28 17:45:13","post_date_gmt":"2022-07-28 15:45:13","post_content":"","post_title":"AKAL, EDICIONES S.A.","post_excerpt":"","post_status":"publish","comment_status":"closed","ping_status":"closed","post_password":"","post_name":"akal-ediciones-s-a","to_ping":"","pinged":"","post_modified":"2022-07-28 17:45:13","post_modified_gmt":"2022-07-28 15:45:13","post_content_filtered":"","post_parent":0,"guid":"http:\/\/dev.claret.cat\/editorial\/akal-ediciones-s-a\/","menu_order":0,"post_type":"editorial","post_mime_type":"","comment_count":"0","filter":"raw"}]},"aioseo_notices":[],"_links":{"self":[{"href":"https:\/\/www.claret.cat\/es\/wp-json\/wp\/v2\/product\/1082254","targetHints":{"allow":["GET"]}}],"collection":[{"href":"https:\/\/www.claret.cat\/es\/wp-json\/wp\/v2\/product"}],"about":[{"href":"https:\/\/www.claret.cat\/es\/wp-json\/wp\/v2\/types\/product"}],"wp:featuredmedia":[{"embeddable":true,"href":"https:\/\/www.claret.cat\/es\/wp-json\/wp\/v2\/media\/1082255"}],"wp:attachment":[{"href":"https:\/\/www.claret.cat\/es\/wp-json\/wp\/v2\/media?parent=1082254"}],"wp:term":[{"taxonomy":"product_brand","embeddable":true,"href":"https:\/\/www.claret.cat\/es\/wp-json\/wp\/v2\/product_brand?post=1082254"},{"taxonomy":"product_cat","embeddable":true,"href":"https:\/\/www.claret.cat\/es\/wp-json\/wp\/v2\/product_cat?post=1082254"},{"taxonomy":"product_tag","embeddable":true,"href":"https:\/\/www.claret.cat\/es\/wp-json\/wp\/v2\/product_tag?post=1082254"}],"curies":[{"name":"wp","href":"https:\/\/api.w.org\/{rel}","templated":true}]}}

¿LA REBELDÍA SE VOLVIÓ DE DERECHAS?

<p>La extrema derecha quiere cambiar el mundo. Y mucha gente está convencida de que eso es lo que el mundo necesita. Con combinaciones de nacionalismo, posiciones antiestado, xenofobia, racismo y misoginia, pero también guiños a la comunidad LGBTI y consignas ecologistas, con un aura de incorrección y novedad que atrae a los jóvenes, las llamadas ?derechas alternativas? están protagonizando una revolución en la política occidental: orgullosas, levantan las banderas de la indignación y la rebeldía que eran la marca registrada de la izquierda. El progresismo, mientras tanto, entre el desconcierto y el gesto despectivo, se refugia en la corrección política y corre el riesgo de volverse parte del statu quo. Trump y Bolsonaro dejaron claro que es hora de tomarse en serio las ideas de las derechas reaccionarias, aunque parezcan moralmente condenables o ridículas y, sobre todo, de entender cómo su discurso defensivo, sus líderes carismáticos y escandalosos y su provocación constante están logrando representar a muchos de los que se perciben postergados en las sociedades contemporáneas. Esa es la propuesta de Pablo St</p>

FORA DE COL.LECCIÓ

Rústica

CÓMO EL ANTIPROGRESISMO Y LA ANTICORRECCIÓN POLÍTICA ESTÁN CONSTRUYENDO UN NUEVO
