{"id":1082355,"date":"2026-02-09T18:35:27","date_gmt":"2026-02-09T17:35:27","guid":{"rendered":"https:\/\/www.claret.cat\/llibre\/antropologia-del-paisaje-9788430122677\/"},"modified":"2026-02-09T18:36:01","modified_gmt":"2026-02-09T17:36:01","slug":"antropologia-del-paisaje-9788430122677","status":"publish","type":"product","link":"https:\/\/www.claret.cat\/es\/libro\/antropologia-del-paisaje-9788430122677\/","title":{"rendered":"ANTROPOLOG\u00cdA DEL PAISAJE"},"content":{"rendered":"<p class='ql-align-justify'>La propuesta de Heidegger en&nbsp;<em>Ser y tiempo<\/em>&nbsp;de comprender la existencia humana desde la categor\u00eda de la temporalidad cautiv\u00f3 a Watsuji. Pero, \u00bfpor qu\u00e9 no hacer lo mismo con la espacialidad, otra de las categor\u00edas radicales de la existencia? En la presente obra, que bien podr\u00eda titularse&nbsp;<em>Ser y espacio<\/em>, Watsuji trata de responder a dicha cuesti\u00f3n.<\/p>\n<p class='ql-align-justify'>La geograf\u00eda y el clima conforman la realidad individual y social (relaciones con la naturaleza, car\u00e1cter, arte, religi\u00f3n), es decir, su sistema de actitudes y valores. Watsuji analiza los tres grandes espacios clim\u00e1tico-geogr\u00e1ficos que, seg\u00fan \u00e9l, configuran las principales culturas: Asia es el reino del monz\u00f3n, de la humedad; Oriente medio es el reino del desierto y de la sequedad, determinante en la cultura jud\u00eda y \u00e1rabe; y Europa es la dehesa, una s\u00edntesis de ambas, donde la relaci\u00f3n con la naturaleza es menos conflictiva.<\/p>\n<p><\/p>\n","protected":false},"excerpt":{"rendered":"<p>WATSUJI, TETSURO<\/p>\n","protected":false},"featured_media":1082356,"template":"","meta":{"_acf_changed":false,"om_disable_all_campaigns":false,"rs_blank_template":"","rs_page_bg_color":"","slide_template_v7":"","inline_featured_image":false,"_monsterinsights_skip_tracking":false,"_monsterinsights_sitenote_active":false,"_monsterinsights_sitenote_note":"","_monsterinsights_sitenote_category":0},"product_brand":[],"product_cat":[174,375],"product_tag":[],"class_list":{"0":"post-1082355","1":"product","2":"type-product","3":"status-publish","4":"has-post-thumbnail","6":"product_cat-antropologia","7":"product_cat-antropologia-filosofia-2_humanidades","9":"first","10":"instock","11":"taxable","12":"shipping-taxable","13":"purchasable","14":"product-type-simple"},"acf":{"autor":"WATSUJI, TETSURO","codart":"843012267","libros-coleccion":"","ediciones":"3","encuadernacion":"R\u00fastica","fecha_de_publicacion":"04\/02\/2026","novedad":"1","paginas":"256","subtitulo":"CLIMAS, CULTURAS Y RELIGIONES","orden":"0","portada":"1","idioma":"spa","booktrailer":"","resenas":"","editorial":[{"ID":6364,"post_author":"3","post_date":"2022-07-28 17:50:36","post_date_gmt":"2022-07-28 15:50:36","post_content":"","post_title":"S\u00edgueme","post_excerpt":"","post_status":"publish","comment_status":"closed","ping_status":"closed","post_password":"","post_name":"sigueme","to_ping":"","pinged":"","post_modified":"2022-07-28 17:50:36","post_modified_gmt":"2022-07-28 15:50:36","post_content_filtered":"","post_parent":0,"guid":"http:\/\/dev.claret.cat\/editorial\/sigueme\/","menu_order":0,"post_type":"editorial","post_mime_type":"","comment_count":"0","filter":"raw"}]},"aioseo_notices":[],"_links":{"self":[{"href":"https:\/\/www.claret.cat\/es\/wp-json\/wp\/v2\/product\/1082355","targetHints":{"allow":["GET"]}}],"collection":[{"href":"https:\/\/www.claret.cat\/es\/wp-json\/wp\/v2\/product"}],"about":[{"href":"https:\/\/www.claret.cat\/es\/wp-json\/wp\/v2\/types\/product"}],"wp:featuredmedia":[{"embeddable":true,"href":"https:\/\/www.claret.cat\/es\/wp-json\/wp\/v2\/media\/1082356"}],"wp:attachment":[{"href":"https:\/\/www.claret.cat\/es\/wp-json\/wp\/v2\/media?parent=1082355"}],"wp:term":[{"taxonomy":"product_brand","embeddable":true,"href":"https:\/\/www.claret.cat\/es\/wp-json\/wp\/v2\/product_brand?post=1082355"},{"taxonomy":"product_cat","embeddable":true,"href":"https:\/\/www.claret.cat\/es\/wp-json\/wp\/v2\/product_cat?post=1082355"},{"taxonomy":"product_tag","embeddable":true,"href":"https:\/\/www.claret.cat\/es\/wp-json\/wp\/v2\/product_tag?post=1082355"}],"curies":[{"name":"wp","href":"https:\/\/api.w.org\/{rel}","templated":true}]}}

ANTROPOLOGÍA DEL PAISAJE

<p class='ql-align-justify'>La propuesta de Heidegger en&nbsp;<em>Ser y tiempo</em>&nbsp;de comprender la existencia humana desde la categoría de la temporalidad cautivó a Watsuji. Pero, ¿por qué no hacer lo mismo con la espacialidad, otra de las categorías radicales de la existencia? En la presente obra, que bien podría titularse&nbsp;<em>Ser y espacio</em>, Watsuji trata de responder a dicha cuestión.</p>
<p class='ql-align-justify'>La geografía y el clima conforman la realidad individual y social (relaciones con la naturaleza, carácter, arte, religión), es decir, su sistema de actitudes y valores. Watsuji analiza los tres grandes espacios climático-geográficos que, según él, configuran las principales culturas: Asia es el reino del monzón, de la humedad; Oriente medio es el reino del desierto y de la sequedad, determinante en la cultura judía y árabe; y Europa es la dehesa, una síntesis de ambas, donde la relación con la naturaleza es menos conflictiva.</p>
<p></p>

Rústica

Sígueme
