{"id":1083132,"date":"2026-02-11T16:35:02","date_gmt":"2026-02-11T15:35:02","guid":{"rendered":"https:\/\/www.claret.cat\/llibre\/punt-daranya-9791387726232\/"},"modified":"2026-04-24T13:31:02","modified_gmt":"2026-04-24T11:31:02","slug":"punt-daranya-9791387726232","status":"publish","type":"product","link":"https:\/\/www.claret.cat\/es\/libro\/punt-daranya-9791387726232\/","title":{"rendered":"PUNT D&#8217;ARANYA"},"content":{"rendered":"<p><strong>L\u2019Ari arriba a Camari\u00f1as<\/strong> per treballar al museu de puntes i de guia tur\u00edstica, per\u00f2 en aquest laber\u00edntic poblet <strong>res no \u00e9s el que sembla<\/strong>. <strong>Les dones<\/strong> que hi viuen han arribat al l\u00edmit i, <strong>fartes de dur el pes del<\/strong> m\u00f3n sobre les espatlles, <strong>decideixen invocar les tres aranyes<\/strong>. El dictat que reben no t\u00e9 precedents i ho capgirar\u00e0 tot.<\/p>\n<p><em>Punt d\u2019aranya \u00e9s<\/em> <strong>una novel\u00b7la coral i marinera<\/strong>. Entre les seves p\u00e0gines, s\u2019hi entrellacen la brisa del mar i les puntes de coix\u00ed, el <strong>tr\u00e0fic de drogues<\/strong> i les llegendes ancestrals, les moires i els v\u00eddeos de <strong>TikTok<\/strong>. <strong>Nerea Pallares<\/strong> ha escrit <strong>un llibre bell\u00edssim<\/strong> que clama contra la injust\u00edcia i l\u2019ordre establert <strong>barrejant tradici\u00f3 i modernitat<\/strong>. <\/p>\n<p><\/p>\n","protected":false},"excerpt":{"rendered":"<p>NEREA PALLARES<\/p>\n","protected":false},"featured_media":1097021,"template":"","meta":{"_acf_changed":false,"om_disable_all_campaigns":false,"rs_blank_template":"","rs_page_bg_color":"","slide_template_v7":"","inline_featured_image":false,"_monsterinsights_skip_tracking":false,"_monsterinsights_sitenote_active":false,"_monsterinsights_sitenote_note":"","_monsterinsights_sitenote_category":0},"product_brand":[],"product_cat":[127,357],"product_tag":[],"class_list":{"0":"post-1083132","1":"product","2":"type-product","3":"status-publish","4":"has-post-thumbnail","6":"product_cat-novella-contemporania","7":"product_cat-novela-contemporanea","9":"first","10":"instock","11":"taxable","12":"shipping-taxable","13":"purchasable","14":"product-type-simple"},"acf":{"autor":"NEREA PALLARES","codart":"138772623","libros-coleccion":"","ediciones":"1","encuadernacion":"R\u00fastica","fecha_de_publicacion":"01\/01\/2026","novedad":"1","paginas":"224","subtitulo":"","orden":"0","portada":"1","idioma":"cat","booktrailer":"","resenas":"","editorial":[{"ID":6213,"post_author":"3","post_date":"2022-07-28 17:47:17","post_date_gmt":"2022-07-28 15:47:17","post_content":"","post_title":"EDICIONS DEL PERISCOPI","post_excerpt":"","post_status":"publish","comment_status":"closed","ping_status":"closed","post_password":"","post_name":"edicions-del-periscopi","to_ping":"","pinged":"","post_modified":"2022-07-28 17:47:17","post_modified_gmt":"2022-07-28 15:47:17","post_content_filtered":"","post_parent":0,"guid":"http:\/\/dev.claret.cat\/editorial\/edicions-del-periscopi\/","menu_order":0,"post_type":"editorial","post_mime_type":"","comment_count":"0","filter":"raw"}]},"aioseo_notices":[],"_links":{"self":[{"href":"https:\/\/www.claret.cat\/es\/wp-json\/wp\/v2\/product\/1083132","targetHints":{"allow":["GET"]}}],"collection":[{"href":"https:\/\/www.claret.cat\/es\/wp-json\/wp\/v2\/product"}],"about":[{"href":"https:\/\/www.claret.cat\/es\/wp-json\/wp\/v2\/types\/product"}],"wp:featuredmedia":[{"embeddable":true,"href":"https:\/\/www.claret.cat\/es\/wp-json\/wp\/v2\/media\/1097021"}],"wp:attachment":[{"href":"https:\/\/www.claret.cat\/es\/wp-json\/wp\/v2\/media?parent=1083132"}],"wp:term":[{"taxonomy":"product_brand","embeddable":true,"href":"https:\/\/www.claret.cat\/es\/wp-json\/wp\/v2\/product_brand?post=1083132"},{"taxonomy":"product_cat","embeddable":true,"href":"https:\/\/www.claret.cat\/es\/wp-json\/wp\/v2\/product_cat?post=1083132"},{"taxonomy":"product_tag","embeddable":true,"href":"https:\/\/www.claret.cat\/es\/wp-json\/wp\/v2\/product_tag?post=1083132"}],"curies":[{"name":"wp","href":"https:\/\/api.w.org\/{rel}","templated":true}]}}

<p><strong>L’Ari arriba a Camariñas</strong> per treballar al museu de puntes i de guia turística, però en aquest laberíntic poblet <strong>res no és el que sembla</strong>. <strong>Les dones</strong> que hi viuen han arribat al límit i, <strong>fartes de dur el pes del</strong> món sobre les espatlles, <strong>decideixen invocar les tres aranyes</strong>. El dictat que reben no té precedents i ho capgirarà tot.</p>
<p><em>Punt d’aranya és</em> <strong>una novel·la coral i marinera</strong>. Entre les seves pàgines, s’hi entrellacen la brisa del mar i les puntes de coixí, el <strong>tràfic de drogues</strong> i les llegendes ancestrals, les moires i els vídeos de <strong>TikTok</strong>. <strong>Nerea Pallares</strong> ha escrit <strong>un llibre bellíssim</strong> que clama contra la injustícia i l’ordre establert <strong>barrejant tradició i modernitat</strong>. </p>
<p></p>

Rústica
