{"id":1084035,"date":"2026-02-16T13:31:11","date_gmt":"2026-02-16T12:31:11","guid":{"rendered":"https:\/\/www.claret.cat\/llibre\/un-himne-a-la-vida-9788411731805\/"},"modified":"2026-04-24T12:35:30","modified_gmt":"2026-04-24T10:35:30","slug":"un-himne-a-la-vida-9788411731805","status":"publish","type":"product","link":"https:\/\/www.claret.cat\/es\/libro\/un-himne-a-la-vida-9788411731805\/","title":{"rendered":"UN HIMNE A LA VIDA"},"content":{"rendered":"<p><span class='ql-size-large'>El 2024 la vida d\u2019una dona comuna va canviar per sempre. I el que ella va fer a continuaci\u00f3 va canviar el m\u00f3n. <\/span><\/p>\n<p><\/p>\n<p><strong>Gis\u00e8le Pelicot<\/strong> va commocionar milions de persones amb el seu coratge i dignitat en renunciar al dret a l\u2019anonimat en el judici contra el seu marit i els cinquanta homes acusats de violar-la. <\/p>\n<p><\/p>\n<p>Quan els acusats van ser declarats culpables, la Gis\u00e8le s\u2019havia convertit en una icona mundial contra la viol\u00e8ncia sexual, i havia impulsat un moviment que va desencadenar protestes i manifestacions arreu del m\u00f3n.<\/p>\n<p><\/p>\n<p> La seva proclama s\u2019ha convertit en un lema universal: la vergonya ha de canviar de b\u00e0ndol. Alhora, ha obert un nou debat sobre el consentiment en una de les derivades m\u00e9s complexes: la submissi\u00f3 qu\u00edmica. Ara, per primera vegada, aquesta dona considerada per Time i The Independent<strong> una de les persones m\u00e9s influents <\/strong>de l\u2019actualitat, al\u00e7a la veu i agafa les regnes del seu dest\u00ed. <\/p>\n<p><\/p>\n<p>A <strong><em>Un himne a la vida<\/em><\/strong> narra en primera persona la seva hist\u00f2ria amb l\u2019objectiu d\u2019oferir consol i esperan\u00e7a.<\/p>\n","protected":false},"excerpt":{"rendered":"<p>GIS\u00c8LE PELICOT<\/p>\n","protected":false},"featured_media":1098317,"template":"","meta":{"_acf_changed":false,"om_disable_all_campaigns":false,"rs_blank_template":"","rs_page_bg_color":"","slide_template_v7":"","inline_featured_image":false,"_monsterinsights_skip_tracking":false,"_monsterinsights_sitenote_active":false,"_monsterinsights_sitenote_note":"","_monsterinsights_sitenote_category":0},"product_brand":[],"product_cat":[90,540],"product_tag":[],"class_list":{"0":"post-1084035","1":"product","2":"type-product","3":"status-publish","4":"has-post-thumbnail","6":"product_cat-altres","7":"product_cat-otros","9":"first","10":"outofstock","11":"taxable","12":"shipping-taxable","13":"purchasable","14":"product-type-simple"},"acf":{"autor":"GIS\u00c8LE PELICOT","codart":"841173180","libros-coleccion":"","ediciones":"1","encuadernacion":"R\u00fastica","fecha_de_publicacion":"17\/02\/2026","novedad":"1","paginas":"257","subtitulo":"LA VERGONYA HA DE CANVIAR DE B\u00c0NDOL","orden":"0","portada":"0","idioma":"cat","booktrailer":"","resenas":"","editorial":[{"ID":147453,"post_author":"3","post_date":"2022-10-14 11:50:42","post_date_gmt":"2022-10-14 09:50:42","post_content":"","post_title":"ARA LLIBRES","post_excerpt":"","post_status":"publish","comment_status":"closed","ping_status":"closed","post_password":"","post_name":"ara-llibres","to_ping":"","pinged":"","post_modified":"2022-10-14 11:50:42","post_modified_gmt":"2022-10-14 09:50:42","post_content_filtered":"","post_parent":0,"guid":"http:\/\/dev.claret.cat\/editorial\/ara-llibres\/","menu_order":0,"post_type":"editorial","post_mime_type":"","comment_count":"0","filter":"raw"}],"linkebook":"","ficha":"","muestra":"","precioebook":"0","presentacion":""},"aioseo_notices":[],"_links":{"self":[{"href":"https:\/\/www.claret.cat\/es\/wp-json\/wp\/v2\/product\/1084035","targetHints":{"allow":["GET"]}}],"collection":[{"href":"https:\/\/www.claret.cat\/es\/wp-json\/wp\/v2\/product"}],"about":[{"href":"https:\/\/www.claret.cat\/es\/wp-json\/wp\/v2\/types\/product"}],"wp:featuredmedia":[{"embeddable":true,"href":"https:\/\/www.claret.cat\/es\/wp-json\/wp\/v2\/media\/1098317"}],"wp:attachment":[{"href":"https:\/\/www.claret.cat\/es\/wp-json\/wp\/v2\/media?parent=1084035"}],"wp:term":[{"taxonomy":"product_brand","embeddable":true,"href":"https:\/\/www.claret.cat\/es\/wp-json\/wp\/v2\/product_brand?post=1084035"},{"taxonomy":"product_cat","embeddable":true,"href":"https:\/\/www.claret.cat\/es\/wp-json\/wp\/v2\/product_cat?post=1084035"},{"taxonomy":"product_tag","embeddable":true,"href":"https:\/\/www.claret.cat\/es\/wp-json\/wp\/v2\/product_tag?post=1084035"}],"curies":[{"name":"wp","href":"https:\/\/api.w.org\/{rel}","templated":true}]}}

<p><span class='ql-size-large'>El 2024 la vida d’una dona comuna va canviar per sempre. I el que ella va fer a continuació va canviar el món. </span></p>
<p></p>
<p><strong>Gisèle Pelicot</strong> va commocionar milions de persones amb el seu coratge i dignitat en renunciar al dret a l’anonimat en el judici contra el seu marit i els cinquanta homes acusats de violar-la. </p>
<p></p>
<p>Quan els acusats van ser declarats culpables, la Gisèle s’havia convertit en una icona mundial contra la violència sexual, i havia impulsat un moviment que va desencadenar protestes i manifestacions arreu del món.</p>
<p></p>
<p> La seva proclama s’ha convertit en un lema universal: la vergonya ha de canviar de bàndol. Alhora, ha obert un nou debat sobre el consentiment en una de les derivades més complexes: la submissió química. Ara, per primera vegada, aquesta dona considerada per Time i The Independent<strong> una de les persones més influents </strong>de l’actualitat, alça la veu i agafa les regnes del seu destí. </p>
<p></p>
<p>A <strong><em>Un himne a la vida</em></strong> narra en primera persona la seva història amb l’objectiu d’oferir consol i esperança.</p>

<p>GISÈLE PELICOT</p>

GISÈLE PELICOT

Rústica

LA VERGONYA HA DE CANVIAR DE BÀNDOL
