{"id":108585,"date":"2022-10-12T09:48:05","date_gmt":"2022-10-12T07:48:05","guid":{"rendered":"http:\/\/dev.claret.cat\/producte\/bondad-en-accion\/"},"modified":"2023-01-28T11:19:23","modified_gmt":"2023-01-28T10:19:23","slug":"bondad-en-accion-9788418114168","status":"publish","type":"product","link":"https:\/\/www.claret.cat\/es\/libro\/bondad-en-accion-9788418114168\/","title":{"rendered":"BONDAD EN ACCION"},"content":{"rendered":"<p>Bondad en Acci\u00f3n es inteligencia sensible y sabia. Es la m\u00e1xima expresi\u00f3n de la inteligencia individual que incluye la consciencia de que \u00abintersomos\u00bb con los dem\u00e1s seres vivos y la naturaleza y que, por lo tanto, es clave dedicar todas nuestras capacidades a promover el bien com\u00fan. Es momento de pasar de la bondad, a la bondad en acci\u00f3n. De un valor deseado o pensado a un valor vivido. Porque de nada sirve la teor\u00eda si no se aplica. Sin acci\u00f3n, todo se queda en el pensamiento o en el sentimiento, pero no se transforma el mundo. Es hora de dejar de hablar de bondad y practicarla, incluy\u00e9ndola en nuestra vida adulta para que la futura generaci\u00f3n active este ADN del coraz\u00f3n. <br \/> Un libro que puede aplicarse tanto en la vida personal como en los diferentes \u00e1mbitos: familia, escuela, pol\u00edtica, organizaciones y sociedad en general, y que nos ense\u00f1ar\u00e1 ideas tan valiosas como: <\/p>\n<p> o La bondad es la mejor base para un cerebro sano.<br \/> o Es el mejor ant\u00eddoto ante el bullying y todo tipo de violencia.<br \/> o La bondad es la mejor receta para la felicidad y la salud emocional.<br \/> o Nos aporta anticuerpos para eliminar todo indicio de crueldad hacia las personas, animales y plantas. <br \/> o La bondad se puede educar y entrenar. Los beneficios son incalculables.<br \/> o Si educamos esta inteligencia del coraz\u00f3n, se reducir\u00e1 el territorio que actualmente ocupa la violencia y, por lo tanto, el sufrimiento de tantas personas que la padecen.<\/p>\n","protected":false},"excerpt":{"rendered":"<p>CONANGLA, MARIA MERC\u00c8 \/ SOLER, JAUME<\/p>\n","protected":false},"featured_media":318189,"template":"","meta":{"_acf_changed":false,"om_disable_all_campaigns":false,"rs_blank_template":"","rs_page_bg_color":"","slide_template_v7":"","inline_featured_image":false,"_monsterinsights_skip_tracking":false,"_monsterinsights_sitenote_active":false,"_monsterinsights_sitenote_note":"","_monsterinsights_sitenote_category":0},"product_brand":[],"product_cat":[376,178],"product_tag":[],"class_list":{"0":"post-108585","1":"product","2":"type-product","3":"status-publish","4":"has-post-thumbnail","6":"product_cat-autores-psicologia-2_humanidades","7":"product_cat-autors-psicologia","9":"first","10":"instock","11":"taxable","12":"shipping-taxable","13":"purchasable","14":"product-type-simple"},"acf":{"autor":"CONANGLA, MARIA MERC\u00c8 \/ SOLER, JAUME","codart":"841811416","libros-coleccion":"FORA DE COL.LECCI\u00d3","ediciones":"1","encuadernacion":"R\u00fastica","fecha_de_publicacion":"01\/02\/2020","novedad":"1","paginas":"198","subtitulo":"EL ADN DEL CORAZ\u00d3N","orden":"0","portada":"0","idioma":"spa","editorial":[{"ID":147420,"post_author":"3","post_date":"2022-10-14 11:50:26","post_date_gmt":"2022-10-14 09:50:26","post_content":"","post_title":"AMAT EDITORIAL","post_excerpt":"","post_status":"publish","comment_status":"closed","ping_status":"closed","post_password":"","post_name":"amat-editorial","to_ping":"","pinged":"","post_modified":"2022-10-14 11:50:26","post_modified_gmt":"2022-10-14 09:50:26","post_content_filtered":"","post_parent":0,"guid":"http:\/\/dev.claret.cat\/editorial\/amat-editorial\/","menu_order":0,"post_type":"editorial","post_mime_type":"","comment_count":"0","filter":"raw"}],"autores-libros":[{"ID":158635,"post_author":"3","post_date":"2022-10-14 15:38:24","post_date_gmt":"2022-10-14 13:38:24","post_content":"","post_title":"JAUME SOLER","post_excerpt":"","post_status":"publish","comment_status":"closed","ping_status":"closed","post_password":"","post_name":"jaume-soler","to_ping":"","pinged":"","post_modified":"2022-10-14 15:38:24","post_modified_gmt":"2022-10-14 13:38:24","post_content_filtered":"","post_parent":0,"guid":"http:\/\/dev.claret.cat\/autor\/jaume-soler\/","menu_order":0,"post_type":"autor","post_mime_type":"","comment_count":"0","filter":"raw"},{"ID":163711,"post_author":"3","post_date":"2022-10-14 17:41:14","post_date_gmt":"2022-10-14 15:41:14","post_content":"","post_title":"MARIA MERC\u00c8 CONANGLA","post_excerpt":"","post_status":"publish","comment_status":"closed","ping_status":"closed","post_password":"","post_name":"maria-merce-conangla","to_ping":"","pinged":"","post_modified":"2022-10-14 17:41:14","post_modified_gmt":"2022-10-14 15:41:14","post_content_filtered":"","post_parent":0,"guid":"http:\/\/dev.claret.cat\/autor\/maria-merce-conangla\/","menu_order":0,"post_type":"autor","post_mime_type":"","comment_count":"0","filter":"raw"}]},"aioseo_notices":[],"_links":{"self":[{"href":"https:\/\/www.claret.cat\/es\/wp-json\/wp\/v2\/product\/108585","targetHints":{"allow":["GET"]}}],"collection":[{"href":"https:\/\/www.claret.cat\/es\/wp-json\/wp\/v2\/product"}],"about":[{"href":"https:\/\/www.claret.cat\/es\/wp-json\/wp\/v2\/types\/product"}],"wp:featuredmedia":[{"embeddable":true,"href":"https:\/\/www.claret.cat\/es\/wp-json\/wp\/v2\/media\/318189"}],"wp:attachment":[{"href":"https:\/\/www.claret.cat\/es\/wp-json\/wp\/v2\/media?parent=108585"}],"wp:term":[{"taxonomy":"product_brand","embeddable":true,"href":"https:\/\/www.claret.cat\/es\/wp-json\/wp\/v2\/product_brand?post=108585"},{"taxonomy":"product_cat","embeddable":true,"href":"https:\/\/www.claret.cat\/es\/wp-json\/wp\/v2\/product_cat?post=108585"},{"taxonomy":"product_tag","embeddable":true,"href":"https:\/\/www.claret.cat\/es\/wp-json\/wp\/v2\/product_tag?post=108585"}],"curies":[{"name":"wp","href":"https:\/\/api.w.org\/{rel}","templated":true}]}}

<p>Bondad en Acción es inteligencia sensible y sabia. Es la máxima expresión de la inteligencia individual que incluye la consciencia de que «intersomos» con los demás seres vivos y la naturaleza y que, por lo tanto, es clave dedicar todas nuestras capacidades a promover el bien común. Es momento de pasar de la bondad, a la bondad en acción. De un valor deseado o pensado a un valor vivido. Porque de nada sirve la teoría si no se aplica. Sin acción, todo se queda en el pensamiento o en el sentimiento, pero no se transforma el mundo. Es hora de dejar de hablar de bondad y practicarla, incluyéndola en nuestra vida adulta para que la futura generación active este ADN del corazón. <br /> Un libro que puede aplicarse tanto en la vida personal como en los diferentes ámbitos: familia, escuela, política, organizaciones y sociedad en general, y que nos enseñará ideas tan valiosas como: </p>
<p> o La bondad es la mejor base para un cerebro sano.<br /> o Es el mejor antídoto ante el bullying y todo tipo de violencia.<br /> o La bondad es la mejor receta para la felicidad y la salud emocional.<br /> o Nos aporta anticuerpos para eliminar todo indicio de crueldad hacia las personas, animales y plantas. <br /> o La bondad se puede educar y entrenar. Los beneficios son incalculables.<br /> o Si educamos esta inteligencia del corazón, se reducirá el territorio que actualmente ocupa la violencia y, por lo tanto, el sufrimiento de tantas personas que la padecen.</p>

<p>CONANGLA, MARIA MERCÈ / SOLER, JAUME</p>

CONANGLA, MARIA MERCÈ / SOLER, JAUME

FORA DE COL.LECCIÓ

Rústica

EL ADN DEL CORAZÓN

MARIA MERCÈ CONANGLA
