{"id":108588,"date":"2022-10-12T09:48:08","date_gmt":"2022-10-12T07:48:08","guid":{"rendered":"http:\/\/dev.claret.cat\/producte\/bondat-en-accio\/"},"modified":"2023-01-28T13:01:09","modified_gmt":"2023-01-28T12:01:09","slug":"bondat-en-accio-9788418114182","status":"publish","type":"product","link":"https:\/\/www.claret.cat\/es\/libro\/bondat-en-accio-9788418114182\/","title":{"rendered":"BONDAT EN ACCI\u00d3"},"content":{"rendered":"<p>Bondat en Acci\u00f3 \u00e9s intel\u00b7lig\u00e8ncia sensible i s\u00e0via. \u00c9s la m\u00e0xima expressi\u00f3 de la intel\u00b7lig\u00e8ncia individual que inclou la consci\u00e8ncia que \u00abintersom\u00bb amb els altres \u00e9ssers vius i la natura i que, per tant, \u00e9s clau dedicar totes les nostres capacitats a promoure el b\u00e9 com\u00fa. \u00c9s moment de passar de la bondat, a la bondat en acci\u00f3. D&#8221;un valor desitjat o pensat a un valor viscut. Perqu\u00e8 de res serveix la teoria si no s&#8221;aplica. Sense acci\u00f3, tot es queda en el pensament o en el sentiment, per\u00f2 no es transforma el m\u00f3n. \u00c9s hora de deixar de parlar de bondat i practicar-la, incloent-la en la nostra vida adulta perqu\u00e8 la futura generaci\u00f3 activi aquest ADN del cor.<br \/> Un llibre que pot aplicar-se tant a la vida personal com als diferents \u00e0mbits: fam\u00edlia, escola, pol\u00edtica, organitzacions i societat en general, i que ens ensenyar\u00e0 idees tan valuoses com:<\/p>\n<p> \u2022 La bondat \u00e9s la millor base per a un cervell sa.<br \/> \u2022 \u00c9s el millor ant\u00eddot davant el bullying i tot tipus de viol\u00e8ncia.<br \/> \u2022 La bondat \u00e9s la millor recepta per a la felicitat i la salut emocional.<br \/> \u2022 Ens aporta anticossos per eliminar tot indici de crueltat cap a les persones, animals i plantes.<br \/> \u2022 La bondat es pot educar i entrenar. Els beneficis s\u00f3n incalculables.<br \/> \u2022 Si eduquem aquesta intel\u00b7lig\u00e8ncia del cor, es reduir\u00e0 el territori que actualment ocupa la viol\u00e8ncia i, per tant, el sofriment de tantes persones que la pateixen.<\/p>\n","protected":false},"excerpt":{"rendered":"<p>CONANGLA, MARIA MERC\u00c8 \/ SOLER LLEONART, JAUME<\/p>\n","protected":false},"featured_media":318191,"template":"","meta":{"_acf_changed":false,"om_disable_all_campaigns":false,"rs_blank_template":"","rs_page_bg_color":"","slide_template_v7":"","inline_featured_image":false,"_monsterinsights_skip_tracking":false,"_monsterinsights_sitenote_active":false,"_monsterinsights_sitenote_note":"","_monsterinsights_sitenote_category":0},"product_brand":[],"product_cat":[376,178],"product_tag":[],"class_list":{"0":"post-108588","1":"product","2":"type-product","3":"status-publish","4":"has-post-thumbnail","6":"product_cat-autores-psicologia-2_humanidades","7":"product_cat-autors-psicologia","9":"first","10":"instock","11":"taxable","12":"shipping-taxable","13":"purchasable","14":"product-type-simple"},"acf":{"autor":"CONANGLA, MARIA MERC\u00c8 \/ SOLER LLEONART, JAUME","codart":"841811418","libros-coleccion":"FORA DE COL.LECCI\u00d3","ediciones":"1","encuadernacion":"R\u00fastica","fecha_de_publicacion":"01\/03\/2020","novedad":"1","paginas":"198","subtitulo":"L'ADN DEL COR","orden":"0","portada":"0","idioma":"cat","editorial":[{"ID":147420,"post_author":"3","post_date":"2022-10-14 11:50:26","post_date_gmt":"2022-10-14 09:50:26","post_content":"","post_title":"AMAT EDITORIAL","post_excerpt":"","post_status":"publish","comment_status":"closed","ping_status":"closed","post_password":"","post_name":"amat-editorial","to_ping":"","pinged":"","post_modified":"2022-10-14 11:50:26","post_modified_gmt":"2022-10-14 09:50:26","post_content_filtered":"","post_parent":0,"guid":"http:\/\/dev.claret.cat\/editorial\/amat-editorial\/","menu_order":0,"post_type":"editorial","post_mime_type":"","comment_count":"0","filter":"raw"}],"autores-libros":[{"ID":163711,"post_author":"3","post_date":"2022-10-14 17:41:14","post_date_gmt":"2022-10-14 15:41:14","post_content":"","post_title":"MARIA MERC\u00c8 CONANGLA","post_excerpt":"","post_status":"publish","comment_status":"closed","ping_status":"closed","post_password":"","post_name":"maria-merce-conangla","to_ping":"","pinged":"","post_modified":"2022-10-14 17:41:14","post_modified_gmt":"2022-10-14 15:41:14","post_content_filtered":"","post_parent":0,"guid":"http:\/\/dev.claret.cat\/autor\/maria-merce-conangla\/","menu_order":0,"post_type":"autor","post_mime_type":"","comment_count":"0","filter":"raw"},{"ID":158637,"post_author":"3","post_date":"2022-10-14 15:38:25","post_date_gmt":"2022-10-14 13:38:25","post_content":"","post_title":"JAUME SOLER LLEONART","post_excerpt":"","post_status":"publish","comment_status":"closed","ping_status":"closed","post_password":"","post_name":"jaume-soler-lleonart","to_ping":"","pinged":"","post_modified":"2022-10-14 15:38:25","post_modified_gmt":"2022-10-14 13:38:25","post_content_filtered":"","post_parent":0,"guid":"http:\/\/dev.claret.cat\/autor\/jaume-soler-lleonart\/","menu_order":0,"post_type":"autor","post_mime_type":"","comment_count":"0","filter":"raw"}]},"aioseo_notices":[],"_links":{"self":[{"href":"https:\/\/www.claret.cat\/es\/wp-json\/wp\/v2\/product\/108588","targetHints":{"allow":["GET"]}}],"collection":[{"href":"https:\/\/www.claret.cat\/es\/wp-json\/wp\/v2\/product"}],"about":[{"href":"https:\/\/www.claret.cat\/es\/wp-json\/wp\/v2\/types\/product"}],"wp:featuredmedia":[{"embeddable":true,"href":"https:\/\/www.claret.cat\/es\/wp-json\/wp\/v2\/media\/318191"}],"wp:attachment":[{"href":"https:\/\/www.claret.cat\/es\/wp-json\/wp\/v2\/media?parent=108588"}],"wp:term":[{"taxonomy":"product_brand","embeddable":true,"href":"https:\/\/www.claret.cat\/es\/wp-json\/wp\/v2\/product_brand?post=108588"},{"taxonomy":"product_cat","embeddable":true,"href":"https:\/\/www.claret.cat\/es\/wp-json\/wp\/v2\/product_cat?post=108588"},{"taxonomy":"product_tag","embeddable":true,"href":"https:\/\/www.claret.cat\/es\/wp-json\/wp\/v2\/product_tag?post=108588"}],"curies":[{"name":"wp","href":"https:\/\/api.w.org\/{rel}","templated":true}]}}

BONDAT EN ACCIÓ

<p>Bondat en Acció és intel·ligència sensible i sàvia. És la màxima expressió de la intel·ligència individual que inclou la consciència que «intersom» amb els altres éssers vius i la natura i que, per tant, és clau dedicar totes les nostres capacitats a promoure el bé comú. És moment de passar de la bondat, a la bondat en acció. D&#8221;un valor desitjat o pensat a un valor viscut. Perquè de res serveix la teoria si no s&#8221;aplica. Sense acció, tot es queda en el pensament o en el sentiment, però no es transforma el món. És hora de deixar de parlar de bondat i practicar-la, incloent-la en la nostra vida adulta perquè la futura generació activi aquest ADN del cor.<br /> Un llibre que pot aplicar-se tant a la vida personal com als diferents àmbits: família, escola, política, organitzacions i societat en general, i que ens ensenyarà idees tan valuoses com:</p>
<p> • La bondat és la millor base per a un cervell sa.<br /> • És el millor antídot davant el bullying i tot tipus de violència.<br /> • La bondat és la millor recepta per a la felicitat i la salut emocional.<br /> • Ens aporta anticossos per eliminar tot indici de crueltat cap a les persones, animals i plantes.<br /> • La bondat es pot educar i entrenar. Els beneficis són incalculables.<br /> • Si eduquem aquesta intel·ligència del cor, es reduirà el territori que actualment ocupa la violència i, per tant, el sofriment de tantes persones que la pateixen.</p>

<p>CONANGLA, MARIA MERCÈ / SOLER LLEONART, JAUME</p>

CONANGLA, MARIA MERCÈ / SOLER LLEONART, JAUME

FORA DE COL.LECCIÓ

Rústica

MARIA MERCÈ CONANGLA
