{"id":108766,"date":"2022-10-12T09:50:43","date_gmt":"2022-10-12T07:50:43","guid":{"rendered":"http:\/\/dev.claret.cat\/producte\/plegarias\/"},"modified":"2025-02-04T18:15:55","modified_gmt":"2025-02-04T17:15:55","slug":"plegarias-9788490567005","status":"publish","type":"product","link":"https:\/\/www.claret.cat\/es\/libro\/plegarias-9788490567005\/","title":{"rendered":"PLEGARIAS"},"content":{"rendered":"<p>\u00bfQui\u00e9n podr\u00e1 acusar a los elegidos de Dios?En menos de seis meses, han fallecido tres destacadas personalidades con un nexo en com\u00fan: todos enervaban a los sectores religiosos m\u00e1s conservadores. Aunque en cada caso se daban circunstancias inexplicables, nadie cree que se trate de asesinatos ni que exista relaci\u00f3n alguna entre ellos. Sin embargo, cuando un famoso escritor ateo sufre una crisis que le deja catat\u00f3nico y a las puertas de la muerte, el agente del FBI Gil Martins empieza a buscar un posible v\u00ednculo entre \u00e9l y las v\u00edctimas anteriores. La investigaci\u00f3n se le presenta a Martins en el peor momento, ya que ha dejado de ser un creyente y su ultradevota mujer le ha abandonado por ello.Philip Kerr, maestro de la novela hist\u00f3rica, decidi\u00f3 darle un descanso a la saga Bernie Gunther y en 2013 public\u00f3 Plegarias, con la que demuestra su gran versatilidad narrativa. Un intenso thriller contempor\u00e1neo con una trama inquietante que se atreve a traspasar algunos l\u00edmites del g\u00e9nero policiaco.<\/p>\n","protected":false},"excerpt":{"rendered":"<p>KERR PHILIP<\/p>\n","protected":false},"featured_media":108767,"template":"","meta":{"_acf_changed":false,"om_disable_all_campaigns":false,"rs_blank_template":"","rs_page_bg_color":"","slide_template_v7":"","inline_featured_image":false,"_monsterinsights_skip_tracking":false,"_monsterinsights_sitenote_active":false,"_monsterinsights_sitenote_note":"","_monsterinsights_sitenote_category":0},"product_brand":[],"product_cat":[127,357],"product_tag":[],"class_list":{"0":"post-108766","1":"product","2":"type-product","3":"status-publish","4":"has-post-thumbnail","6":"product_cat-novella-contemporania","7":"product_cat-novela-contemporanea","9":"first","10":"instock","11":"taxable","12":"shipping-taxable","13":"purchasable","14":"product-type-simple"},"acf":{"editorial":[{"ID":148737,"post_author":"3","post_date":"2022-10-14 12:00:35","post_date_gmt":"2022-10-14 10:00:35","post_content":"","post_title":"RBA Libros","post_excerpt":"","post_status":"publish","comment_status":"closed","ping_status":"closed","post_password":"","post_name":"rba-libros","to_ping":"","pinged":"","post_modified":"2022-10-14 12:00:35","post_modified_gmt":"2022-10-14 10:00:35","post_content_filtered":"","post_parent":0,"guid":"http:\/\/dev.claret.cat\/editorial\/rba-libros\/","menu_order":0,"post_type":"editorial","post_mime_type":"","comment_count":"0","filter":"raw"}],"autor":"KERR PHILIP","codart":"849056700","libros-coleccion":"NOVELA POLIC\u00cdACA BIB","ediciones":"1","encuadernacion":"Carton\u00e9","fecha_de_publicacion":"01\/03\/2020","novedad":"1","paginas":"392","subtitulo":"","orden":"0","portada":"0","idioma":"spa","autores-libros":[{"ID":161640,"post_author":"3","post_date":"2022-10-14 17:19:51","post_date_gmt":"2022-10-14 15:19:51","post_content":"","post_title":"KERR PHILIP","post_excerpt":"","post_status":"publish","comment_status":"closed","ping_status":"closed","post_password":"","post_name":"kerr-philip","to_ping":"","pinged":"","post_modified":"2022-10-14 17:19:51","post_modified_gmt":"2022-10-14 15:19:51","post_content_filtered":"","post_parent":0,"guid":"http:\/\/dev.claret.cat\/autor\/kerr-philip\/","menu_order":0,"post_type":"autor","post_mime_type":"","comment_count":"0","filter":"raw"}]},"aioseo_notices":[],"_links":{"self":[{"href":"https:\/\/www.claret.cat\/es\/wp-json\/wp\/v2\/product\/108766","targetHints":{"allow":["GET"]}}],"collection":[{"href":"https:\/\/www.claret.cat\/es\/wp-json\/wp\/v2\/product"}],"about":[{"href":"https:\/\/www.claret.cat\/es\/wp-json\/wp\/v2\/types\/product"}],"wp:featuredmedia":[{"embeddable":true,"href":"https:\/\/www.claret.cat\/es\/wp-json\/wp\/v2\/media\/108767"}],"wp:attachment":[{"href":"https:\/\/www.claret.cat\/es\/wp-json\/wp\/v2\/media?parent=108766"}],"wp:term":[{"taxonomy":"product_brand","embeddable":true,"href":"https:\/\/www.claret.cat\/es\/wp-json\/wp\/v2\/product_brand?post=108766"},{"taxonomy":"product_cat","embeddable":true,"href":"https:\/\/www.claret.cat\/es\/wp-json\/wp\/v2\/product_cat?post=108766"},{"taxonomy":"product_tag","embeddable":true,"href":"https:\/\/www.claret.cat\/es\/wp-json\/wp\/v2\/product_tag?post=108766"}],"curies":[{"name":"wp","href":"https:\/\/api.w.org\/{rel}","templated":true}]}}

<p>¿Quién podrá acusar a los elegidos de Dios?En menos de seis meses, han fallecido tres destacadas personalidades con un nexo en común: todos enervaban a los sectores religiosos más conservadores. Aunque en cada caso se daban circunstancias inexplicables, nadie cree que se trate de asesinatos ni que exista relación alguna entre ellos. Sin embargo, cuando un famoso escritor ateo sufre una crisis que le deja catatónico y a las puertas de la muerte, el agente del FBI Gil Martins empieza a buscar un posible vínculo entre él y las víctimas anteriores. La investigación se le presenta a Martins en el peor momento, ya que ha dejado de ser un creyente y su ultradevota mujer le ha abandonado por ello.Philip Kerr, maestro de la novela histórica, decidió darle un descanso a la saga Bernie Gunther y en 2013 publicó Plegarias, con la que demuestra su gran versatilidad narrativa. Un intenso thriller contemporáneo con una trama inquietante que se atreve a traspasar algunos límites del género policiaco.</p>

NOVELA POLICÍACA BIB

Cartoné
