{"id":1087930,"date":"2026-03-04T16:20:18","date_gmt":"2026-03-04T15:20:18","guid":{"rendered":"https:\/\/www.claret.cat\/llibre\/iaia-angeleta-9788413565675\/"},"modified":"2026-04-24T10:30:13","modified_gmt":"2026-04-24T08:30:13","slug":"iaia-angeleta-9788413565675","status":"publish","type":"product","link":"https:\/\/www.claret.cat\/es\/libro\/iaia-angeleta-9788413565675\/","title":{"rendered":"IAIA ANGELETA"},"content":{"rendered":"<p>UN LLIBRE QUE COMBINA PATRIMONI CULINARI, MEM\u00d2RIA PERSONAL I RELAT GENERACIONAL. La Iaia Angeleta ha travessat gaireb\u00e9 un segle de vida entre cassoles i fogons, amb una manera d&#8217;entendre el m\u00f3n basada en l&#8217;esfor\u00e7, la senzillesa i l&#8217;afecte. A trav\u00e9s de converses pausades, Pep Nogu\u00e9 ens submergeix en els records d&#8217;infantesa de la Iaia Angeleta, la cuina de postguerra, els \u00e0pats de festa, les celebracions al voltant de la taula i la vida a pag\u00e8s. \u00abAquest llibre \u00e9s un homenatge. A la cuina, a la vida, a les \u00e0vies que ens han ensenyat a estimar. A les Angeletes que hem tingut i que enyorem. Ara, amb v\u00eddeos i fotos, sembla que els records no s&#8217;esborren. Per\u00f2 el que volem, de deb\u00f2, \u00e9s que siguin eterns. Com ho \u00e9s la flama que crema a la vora del foc. Com ho \u00e9s la mirada de la Iaia Angeleta.\u00bb<\/p>\n","protected":false},"excerpt":{"rendered":"<p>PEP NOGU\u00c9 I PUIGVERT<\/p>\n","protected":false},"featured_media":1088112,"template":"","meta":{"_acf_changed":false,"om_disable_all_campaigns":false,"rs_blank_template":"","rs_page_bg_color":"","slide_template_v7":"","inline_featured_image":false,"_monsterinsights_skip_tracking":false,"_monsterinsights_sitenote_active":false,"_monsterinsights_sitenote_note":"","_monsterinsights_sitenote_category":0},"product_brand":[],"product_cat":[104,554],"product_tag":[],"class_list":{"0":"post-1087930","1":"product","2":"type-product","3":"status-publish","4":"has-post-thumbnail","6":"product_cat-ciencia","7":"product_cat-ciencia-5_otras-spa","9":"first","10":"instock","11":"taxable","12":"shipping-taxable","13":"purchasable","14":"product-type-simple"},"acf":{"autor":"PEP NOGU\u00c9 I PUIGVERT","codart":"841356567","libros-coleccion":"","ediciones":"1","encuadernacion":"R\u00fastica","fecha_de_publicacion":"01\/03\/2026","novedad":"1","paginas":"165","subtitulo":"UNA VIDA ENTRE FOGONS","orden":"0","portada":"0","idioma":"cat","booktrailer":"","resenas":"","editorial":[{"ID":6171,"post_author":"3","post_date":"2022-07-28 17:46:25","post_date_gmt":"2022-07-28 15:46:25","post_content":"","post_title":"COSSETANIA EDICIONS","post_excerpt":"","post_status":"publish","comment_status":"closed","ping_status":"closed","post_password":"","post_name":"cossetania-edicions","to_ping":"","pinged":"","post_modified":"2022-07-28 17:46:25","post_modified_gmt":"2022-07-28 15:46:25","post_content_filtered":"","post_parent":0,"guid":"http:\/\/dev.claret.cat\/editorial\/cossetania-edicions\/","menu_order":0,"post_type":"editorial","post_mime_type":"","comment_count":"0","filter":"raw"}]},"aioseo_notices":[],"_links":{"self":[{"href":"https:\/\/www.claret.cat\/es\/wp-json\/wp\/v2\/product\/1087930","targetHints":{"allow":["GET"]}}],"collection":[{"href":"https:\/\/www.claret.cat\/es\/wp-json\/wp\/v2\/product"}],"about":[{"href":"https:\/\/www.claret.cat\/es\/wp-json\/wp\/v2\/types\/product"}],"wp:featuredmedia":[{"embeddable":true,"href":"https:\/\/www.claret.cat\/es\/wp-json\/wp\/v2\/media\/1088112"}],"wp:attachment":[{"href":"https:\/\/www.claret.cat\/es\/wp-json\/wp\/v2\/media?parent=1087930"}],"wp:term":[{"taxonomy":"product_brand","embeddable":true,"href":"https:\/\/www.claret.cat\/es\/wp-json\/wp\/v2\/product_brand?post=1087930"},{"taxonomy":"product_cat","embeddable":true,"href":"https:\/\/www.claret.cat\/es\/wp-json\/wp\/v2\/product_cat?post=1087930"},{"taxonomy":"product_tag","embeddable":true,"href":"https:\/\/www.claret.cat\/es\/wp-json\/wp\/v2\/product_tag?post=1087930"}],"curies":[{"name":"wp","href":"https:\/\/api.w.org\/{rel}","templated":true}]}}

<p>UN LLIBRE QUE COMBINA PATRIMONI CULINARI, MEMÒRIA PERSONAL I RELAT GENERACIONAL. La Iaia Angeleta ha travessat gairebé un segle de vida entre cassoles i fogons, amb una manera d&#8217;entendre el món basada en l&#8217;esforç, la senzillesa i l&#8217;afecte. A través de converses pausades, Pep Nogué ens submergeix en els records d&#8217;infantesa de la Iaia Angeleta, la cuina de postguerra, els àpats de festa, les celebracions al voltant de la taula i la vida a pagès. «Aquest llibre és un homenatge. A la cuina, a la vida, a les àvies que ens han ensenyat a estimar. A les Angeletes que hem tingut i que enyorem. Ara, amb vídeos i fotos, sembla que els records no s&#8217;esborren. Però el que volem, de debò, és que siguin eterns. Com ho és la flama que crema a la vora del foc. Com ho és la mirada de la Iaia Angeleta.»</p>

<p>PEP NOGUÉ I PUIGVERT</p>

PEP NOGUÉ I PUIGVERT

Rústica
