{"id":1088962,"date":"2026-03-10T13:30:49","date_gmt":"2026-03-10T12:30:49","guid":{"rendered":"https:\/\/www.claret.cat\/llibre\/sembla-mentida-9788477277187\/"},"modified":"2026-04-24T10:13:37","modified_gmt":"2026-04-24T08:13:37","slug":"sembla-mentida-9788477277187","status":"publish","type":"product","link":"https:\/\/www.claret.cat\/es\/libro\/sembla-mentida-9788477277187\/","title":{"rendered":"SEMBLA MENTIDA"},"content":{"rendered":"<p>Els relats d\u2019aquesta obra, sorgits de les <strong>col\u00b7laboracions de Miqui Otero, Irene Pujadas i Jordi Punti<\/strong>\u00b4 a <strong>El suplement de Catalunya R\u00e0dio<\/strong> i basats en les experi\u00e8ncies dels oients, s\u2019endinsen amb aut\u00e8ntic ofici en el terreny de la ficci\u00f3, <strong>\u00abl\u2019\u00fanica manifestacio\u00b4 honrada i divertida de la mentida\u00bb.<\/strong> A partir d\u2019aquests fils reals, els autors teixeixen trames que es perden en el territori de la imaginaci\u00f3 i que <strong>transporten els lectors a realitats tan familiars com inesperades<\/strong>, les quals semblen suggerir tot el que la vida di\u00e0ria ens convida a llegir entre l\u00ednies. El resultat \u00e9s <strong>un fant\u00e0stic mosaic de veus que plasma la vida tal com \u00e9s<\/strong>: tan tendra com imprevisible, espaterrant i amarga, per\u00f2 sempre divertida. Sembla mentida, per\u00f2\u2026<\/p>\n<p> \u00ab<em>Sembla mentida<\/em> fa m\u00e9s evidents\u2014i valuosos\u2014 l\u2019estil, la intu\u00efci\u00f3, les obsessions i <strong>el talent dels tres escriptors<\/strong>, que, amb un respecte i una disciplina exquisits, s\u2019alternen per <strong>convertir els suggeriments i les an\u00e8cdotes dels oients en una nova veritat<\/strong>\u00bb.<\/p>\n","protected":false},"excerpt":{"rendered":"<p>MIQUI OTERO<\/p>\n","protected":false},"featured_media":1090284,"template":"","meta":{"_acf_changed":false,"om_disable_all_campaigns":false,"rs_blank_template":"","rs_page_bg_color":"","slide_template_v7":"","inline_featured_image":false,"_monsterinsights_skip_tracking":false,"_monsterinsights_sitenote_active":false,"_monsterinsights_sitenote_note":"","_monsterinsights_sitenote_category":0},"product_brand":[],"product_cat":[127,357],"product_tag":[],"class_list":{"0":"post-1088962","1":"product","2":"type-product","3":"status-publish","4":"has-post-thumbnail","6":"product_cat-novella-contemporania","7":"product_cat-novela-contemporanea","9":"first","10":"instock","11":"taxable","12":"shipping-taxable","13":"purchasable","14":"product-type-simple"},"acf":{"autor":"MIQUI OTERO","codart":"847727718","libros-coleccion":"","ediciones":"1","encuadernacion":"R\u00fastica","fecha_de_publicacion":"01\/03\/2026","novedad":"1","paginas":"200","subtitulo":"","orden":"0","portada":"1","idioma":"cat","booktrailer":"","resenas":"","editorial":[{"ID":6342,"post_author":"3","post_date":"2022-07-28 17:50:08","post_date_gmt":"2022-07-28 15:50:08","post_content":"","post_title":"QUADERNS CREMA","post_excerpt":"","post_status":"publish","comment_status":"closed","ping_status":"closed","post_password":"","post_name":"quaderns-crema","to_ping":"","pinged":"","post_modified":"2022-07-28 17:50:08","post_modified_gmt":"2022-07-28 15:50:08","post_content_filtered":"","post_parent":0,"guid":"http:\/\/dev.claret.cat\/editorial\/quaderns-crema\/","menu_order":0,"post_type":"editorial","post_mime_type":"","comment_count":"0","filter":"raw"}]},"aioseo_notices":[],"_links":{"self":[{"href":"https:\/\/www.claret.cat\/es\/wp-json\/wp\/v2\/product\/1088962","targetHints":{"allow":["GET"]}}],"collection":[{"href":"https:\/\/www.claret.cat\/es\/wp-json\/wp\/v2\/product"}],"about":[{"href":"https:\/\/www.claret.cat\/es\/wp-json\/wp\/v2\/types\/product"}],"wp:featuredmedia":[{"embeddable":true,"href":"https:\/\/www.claret.cat\/es\/wp-json\/wp\/v2\/media\/1090284"}],"wp:attachment":[{"href":"https:\/\/www.claret.cat\/es\/wp-json\/wp\/v2\/media?parent=1088962"}],"wp:term":[{"taxonomy":"product_brand","embeddable":true,"href":"https:\/\/www.claret.cat\/es\/wp-json\/wp\/v2\/product_brand?post=1088962"},{"taxonomy":"product_cat","embeddable":true,"href":"https:\/\/www.claret.cat\/es\/wp-json\/wp\/v2\/product_cat?post=1088962"},{"taxonomy":"product_tag","embeddable":true,"href":"https:\/\/www.claret.cat\/es\/wp-json\/wp\/v2\/product_tag?post=1088962"}],"curies":[{"name":"wp","href":"https:\/\/api.w.org\/{rel}","templated":true}]}}

<p>Els relats d’aquesta obra, sorgits de les <strong>col·laboracions de Miqui Otero, Irene Pujadas i Jordi Punti</strong>´ a <strong>El suplement de Catalunya Ràdio</strong> i basats en les experiències dels oients, s’endinsen amb autèntic ofici en el terreny de la ficció, <strong>«l’única manifestacio´ honrada i divertida de la mentida».</strong> A partir d’aquests fils reals, els autors teixeixen trames que es perden en el territori de la imaginació i que <strong>transporten els lectors a realitats tan familiars com inesperades</strong>, les quals semblen suggerir tot el que la vida diària ens convida a llegir entre línies. El resultat és <strong>un fantàstic mosaic de veus que plasma la vida tal com és</strong>: tan tendra com imprevisible, espaterrant i amarga, però sempre divertida. Sembla mentida, però…</p>
<p> «<em>Sembla mentida</em> fa més evidents—i valuosos— l’estil, la intuïció, les obsessions i <strong>el talent dels tres escriptors</strong>, que, amb un respecte i una disciplina exquisits, s’alternen per <strong>convertir els suggeriments i les anècdotes dels oients en una nova veritat</strong>».</p>

Rústica
