{"id":1089321,"date":"2026-03-11T12:36:22","date_gmt":"2026-03-11T11:36:22","guid":{"rendered":"https:\/\/www.claret.cat\/llibre\/cuines-pim-pam-9788411732178\/"},"modified":"2026-04-23T18:42:05","modified_gmt":"2026-04-23T16:42:05","slug":"cuines-pim-pam-9788411732178","status":"publish","type":"product","link":"https:\/\/www.claret.cat\/es\/libro\/cuines-pim-pam-9788411732178\/","title":{"rendered":"CUINES PIM PAM"},"content":{"rendered":"<p><strong>Se\u2019t fa dif\u00edcil qu\u00e8 cuinar a casa? <\/strong>Creus que preparar un bon dinar t\u2019obligar\u00e0 a passar hores davant dels fogons? <strong>Sovint et sobra menjar, s\u2019acaba fent malb\u00e9 <\/strong>o va a parar a la brossa? Si vols aprendre a elaborar plats deliciosos de forma r\u00e0pida i pr\u00e0ctica, <em>Cuines Pim Pam<\/em> t\u2019ensenya com fer-ho sense complicacions. <strong>L\u2019Arnau Par\u00eds<\/strong>, amb el seu estil directe i proper, et revela les millors receptes del <strong>programa Cuines<\/strong>, pensades perqu\u00e8 tothom pugui preparar <strong>\u00e0pats f\u00e0cils, sans i gustosos<\/strong>, llestos per a taula en q\u00fcesti\u00f3 de minuts. Descobreix idees per <strong>donar nova vida a sobres i plats precuinats <\/strong>i pren nota de la selecci\u00f3 dels <strong>productes de proximitat<\/strong> i dels imprescindibles del rebost que no poden faltar a casa teva.<\/p>\n<p><\/p>\n","protected":false},"excerpt":{"rendered":"<p>ARNAU PAR\u00cdS MASIP<\/p>\n","protected":false},"featured_media":1095878,"template":"","meta":{"_acf_changed":false,"om_disable_all_campaigns":false,"rs_blank_template":"","rs_page_bg_color":"","slide_template_v7":"","inline_featured_image":false,"_monsterinsights_skip_tracking":false,"_monsterinsights_sitenote_active":false,"_monsterinsights_sitenote_note":"","_monsterinsights_sitenote_category":0},"product_brand":[],"product_cat":[553,103],"product_tag":[],"class_list":{"0":"post-1089321","1":"product","2":"type-product","3":"status-publish","4":"has-post-thumbnail","6":"product_cat-cocina","7":"product_cat-cuina","9":"first","10":"instock","11":"taxable","12":"shipping-taxable","13":"purchasable","14":"product-type-simple"},"acf":{"autor":"ARNAU PAR\u00cdS MASIP","codart":"841173217","libros-coleccion":"","ediciones":"1","encuadernacion":"R\u00fastica","fecha_de_publicacion":"01\/03\/2026","novedad":"1","paginas":"193","subtitulo":"","orden":"0","portada":"0","idioma":"cat","booktrailer":"","resenas":"","editorial":[{"ID":147453,"post_author":"3","post_date":"2022-10-14 11:50:42","post_date_gmt":"2022-10-14 09:50:42","post_content":"","post_title":"ARA LLIBRES","post_excerpt":"","post_status":"publish","comment_status":"closed","ping_status":"closed","post_password":"","post_name":"ara-llibres","to_ping":"","pinged":"","post_modified":"2022-10-14 11:50:42","post_modified_gmt":"2022-10-14 09:50:42","post_content_filtered":"","post_parent":0,"guid":"http:\/\/dev.claret.cat\/editorial\/ara-llibres\/","menu_order":0,"post_type":"editorial","post_mime_type":"","comment_count":"0","filter":"raw"}]},"aioseo_notices":[],"_links":{"self":[{"href":"https:\/\/www.claret.cat\/es\/wp-json\/wp\/v2\/product\/1089321","targetHints":{"allow":["GET"]}}],"collection":[{"href":"https:\/\/www.claret.cat\/es\/wp-json\/wp\/v2\/product"}],"about":[{"href":"https:\/\/www.claret.cat\/es\/wp-json\/wp\/v2\/types\/product"}],"wp:featuredmedia":[{"embeddable":true,"href":"https:\/\/www.claret.cat\/es\/wp-json\/wp\/v2\/media\/1095878"}],"wp:attachment":[{"href":"https:\/\/www.claret.cat\/es\/wp-json\/wp\/v2\/media?parent=1089321"}],"wp:term":[{"taxonomy":"product_brand","embeddable":true,"href":"https:\/\/www.claret.cat\/es\/wp-json\/wp\/v2\/product_brand?post=1089321"},{"taxonomy":"product_cat","embeddable":true,"href":"https:\/\/www.claret.cat\/es\/wp-json\/wp\/v2\/product_cat?post=1089321"},{"taxonomy":"product_tag","embeddable":true,"href":"https:\/\/www.claret.cat\/es\/wp-json\/wp\/v2\/product_tag?post=1089321"}],"curies":[{"name":"wp","href":"https:\/\/api.w.org\/{rel}","templated":true}]}}

<p><strong>Se’t fa difícil què cuinar a casa? </strong>Creus que preparar un bon dinar t’obligarà a passar hores davant dels fogons? <strong>Sovint et sobra menjar, s’acaba fent malbé </strong>o va a parar a la brossa? Si vols aprendre a elaborar plats deliciosos de forma ràpida i pràctica, <em>Cuines Pim Pam</em> t’ensenya com fer-ho sense complicacions. <strong>L’Arnau París</strong>, amb el seu estil directe i proper, et revela les millors receptes del <strong>programa Cuines</strong>, pensades perquè tothom pugui preparar <strong>àpats fàcils, sans i gustosos</strong>, llestos per a taula en qüestió de minuts. Descobreix idees per <strong>donar nova vida a sobres i plats precuinats </strong>i pren nota de la selecció dels <strong>productes de proximitat</strong> i dels imprescindibles del rebost que no poden faltar a casa teva.</p>
<p></p>

<p>ARNAU PARÍS MASIP</p>

ARNAU PARÍS MASIP

Rústica
