{"id":1089428,"date":"2026-03-11T16:15:31","date_gmt":"2026-03-11T15:15:31","guid":{"rendered":"https:\/\/www.claret.cat\/llibre\/una-treva-que-no-es-pau-9791399072143\/"},"modified":"2026-04-01T17:53:16","modified_gmt":"2026-04-01T15:53:16","slug":"una-treva-que-no-es-pau-9791399072143","status":"publish","type":"product","link":"https:\/\/www.claret.cat\/es\/libro\/una-treva-que-no-es-pau-9791399072143\/","title":{"rendered":"UNA TREVA QUE NO \u00c9S PAU"},"content":{"rendered":"<p><a href='https:\/\/www.claret.cat\/cataleg\/?b=Miriam+Toews' rel='noopener noreferrer' target='_blank'><strong>Miriam Toews<\/strong><\/a> torna amb unes reflexions \u00faniques sobre l\u2019impuls d\u2019escriure \u2014unes mem\u00f2ries rebels que desafien les convencions, amb un humor i una mestria exquisits, en una societat assedegada de continguts i saturada de prosa.<\/p>\n<p><\/p>\n<p> \u00abPer qu\u00e8 escrius?\u00bb, pregunta a Miriam Toews l\u2019organitzador d\u2019un esdeveniment literari a Ciutat de M\u00e8xic. Cada resposta proposada per Toews \u2014totes insatisfact\u00f2ries per a l\u2019organitzador\u2014 revela noves capes de dolor i de culpa relacionades amb el su\u00efcidi de la seva germana. <\/p>\n<p><\/p>\n<p>Ella s\u2019adona que ha mantingut una correspond\u00e8ncia interior durant d\u00e8cades, omplint un silenci que gaireb\u00e9 no compr\u00e8n. I nosaltres, els seus lectors, arribem a entendre que la pregunta \u00e9s tan impossible de respondre com decidir si s\u2019ha de viure la vida com una com\u00e8dia o com una trag\u00e8dia.<\/p>\n<p><\/p>\n<p><strong><em>Una treva que no \u00e9s pau<\/em><\/strong>, el primer llibre en qu\u00e8 Toews escriu sobre la seva pr\u00f2pia vida en no-ficci\u00f3, explora la dif\u00edcil alian\u00e7a que un escriptor estableix amb la mem\u00f2ria.<\/p>\n<blockquote><p> \u00abReveladora.\u00bb The New York Times Book Review <\/p><\/blockquote>\n<blockquote><p>\u00abNi m\u00e9s ni menys que una obra mestra.\u00bb San Francisco Chronicle <\/p><\/blockquote>\n<ul>\n<li>Finalista del National Book Critics Circle Award (categoria Autobiografia)<\/li>\n<li>Finalista del Hilary Weston Writers\u2019 Trust Prize for Nonfiction (Canad\u00e0) <\/li>\n<li>Seleccionat a les llistes dels millors Llibres de l\u2019any del TIME, The New Yorker, i The Globe and Mail<\/li>\n<\/ul>\n","protected":false},"excerpt":{"rendered":"<p>MIRIAM TOEWS<\/p>\n","protected":false},"featured_media":1094211,"template":"","meta":{"_acf_changed":false,"om_disable_all_campaigns":false,"rs_blank_template":"","rs_page_bg_color":"","slide_template_v7":"","inline_featured_image":false,"_monsterinsights_skip_tracking":false,"_monsterinsights_sitenote_active":false,"_monsterinsights_sitenote_note":"","_monsterinsights_sitenote_category":0},"product_brand":[],"product_cat":[127,357],"product_tag":[],"class_list":{"0":"post-1089428","1":"product","2":"type-product","3":"status-publish","4":"has-post-thumbnail","6":"product_cat-novella-contemporania","7":"product_cat-novela-contemporanea","9":"first","10":"instock","11":"taxable","12":"shipping-taxable","13":"purchasable","14":"product-type-simple"},"acf":{"autor":"MIRIAM TOEWS","codart":"139907214","libros-coleccion":"","ediciones":"1","encuadernacion":"R\u00fastica","fecha_de_publicacion":"01\/03\/2026","novedad":"1","paginas":"184","subtitulo":"","orden":"0","portada":"0","idioma":"cat","booktrailer":"","resenas":"","editorial":[{"ID":6228,"post_author":"3","post_date":"2022-07-28 17:47:39","post_date_gmt":"2022-07-28 15:47:39","post_content":"","post_title":"Editorial Les Hores","post_excerpt":"","post_status":"publish","comment_status":"closed","ping_status":"closed","post_password":"","post_name":"editorial-les-hores","to_ping":"","pinged":"","post_modified":"2022-07-28 17:47:39","post_modified_gmt":"2022-07-28 15:47:39","post_content_filtered":"","post_parent":0,"guid":"http:\/\/dev.claret.cat\/editorial\/editorial-les-hores\/","menu_order":0,"post_type":"editorial","post_mime_type":"","comment_count":"0","filter":"raw"}],"linkebook":"","ficha":"","muestra":"","precioebook":"0","presentacion":""},"aioseo_notices":[],"_links":{"self":[{"href":"https:\/\/www.claret.cat\/es\/wp-json\/wp\/v2\/product\/1089428","targetHints":{"allow":["GET"]}}],"collection":[{"href":"https:\/\/www.claret.cat\/es\/wp-json\/wp\/v2\/product"}],"about":[{"href":"https:\/\/www.claret.cat\/es\/wp-json\/wp\/v2\/types\/product"}],"wp:featuredmedia":[{"embeddable":true,"href":"https:\/\/www.claret.cat\/es\/wp-json\/wp\/v2\/media\/1094211"}],"wp:attachment":[{"href":"https:\/\/www.claret.cat\/es\/wp-json\/wp\/v2\/media?parent=1089428"}],"wp:term":[{"taxonomy":"product_brand","embeddable":true,"href":"https:\/\/www.claret.cat\/es\/wp-json\/wp\/v2\/product_brand?post=1089428"},{"taxonomy":"product_cat","embeddable":true,"href":"https:\/\/www.claret.cat\/es\/wp-json\/wp\/v2\/product_cat?post=1089428"},{"taxonomy":"product_tag","embeddable":true,"href":"https:\/\/www.claret.cat\/es\/wp-json\/wp\/v2\/product_tag?post=1089428"}],"curies":[{"name":"wp","href":"https:\/\/api.w.org\/{rel}","templated":true}]}}

UNA TREVA QUE NO ÉS PAU

<p><a href='https://www.claret.cat/cataleg/?b=Miriam+Toews' rel='noopener noreferrer' target='_blank'><strong>Miriam Toews</strong></a> torna amb unes reflexions úniques sobre l’impuls d’escriure —unes memòries rebels que desafien les convencions, amb un humor i una mestria exquisits, en una societat assedegada de continguts i saturada de prosa.</p>
<p></p>
<p> «Per què escrius?», pregunta a Miriam Toews l’organitzador d’un esdeveniment literari a Ciutat de Mèxic. Cada resposta proposada per Toews —totes insatisfactòries per a l’organitzador— revela noves capes de dolor i de culpa relacionades amb el suïcidi de la seva germana. </p>
<p></p>
<p>Ella s’adona que ha mantingut una correspondència interior durant dècades, omplint un silenci que gairebé no comprèn. I nosaltres, els seus lectors, arribem a entendre que la pregunta és tan impossible de respondre com decidir si s’ha de viure la vida com una comèdia o com una tragèdia.</p>
<p></p>
<p><strong><em>Una treva que no és pau</em></strong>, el primer llibre en què Toews escriu sobre la seva pròpia vida en no-ficció, explora la difícil aliança que un escriptor estableix amb la memòria.</p>
<blockquote><p> «Reveladora.» The New York Times Book Review </p></blockquote>
<blockquote><p>«Ni més ni menys que una obra mestra.» San Francisco Chronicle </p></blockquote>
<ul>
<li>Finalista del National Book Critics Circle Award (categoria Autobiografia)</li>
<li>Finalista del Hilary Weston Writers’ Trust Prize for Nonfiction (Canadà) </li>
<li>Seleccionat a les llistes dels millors Llibres de l’any del TIME, The New Yorker, i The Globe and Mail</li>
</ul>

Rústica
