{"id":1089603,"date":"2026-03-12T14:00:02","date_gmt":"2026-03-12T13:00:02","guid":{"rendered":"https:\/\/www.claret.cat\/llibre\/lescala-de-sorra-9791387564247\/"},"modified":"2026-04-24T09:42:56","modified_gmt":"2026-04-24T07:42:56","slug":"lescala-de-sorra-9791387564247","status":"publish","type":"product","link":"https:\/\/www.claret.cat\/es\/libro\/lescala-de-sorra-9791387564247\/","title":{"rendered":"L\u2019ESCALA DE SORRA"},"content":{"rendered":"<p>Ramon Llull com mai l&#8217;havies vist: entre la hist\u00f2ria i la intriga criminal. Segle XIII. En Josep, un esclau mallorqu\u00ed d&#8217;origen musulm\u00e0, entra al servei de Ramon Llull, un poeta savi que marcar\u00e0 el seu dest\u00ed. En Josep presencia la transformaci\u00f3 del seu amo, convertit per la fe i l&#8217;impuls d&#8217;entendre tot el que l&#8217;envolta, i deixant enrere el seu passat conflictiu. A trav\u00e9s dels ulls d&#8217;en Josep i els de la monja Auda, que coneix Llull durant aquest proc\u00e9s d&#8217;il\u00b7luminaci\u00f3, assistim a la reconstrucci\u00f3 d&#8217;un temps d&#8217;obsessions espirituals, en qu\u00e8 la recerca del coneixement, l&#8217;objectiu vital del savi, pot convertir-se r\u00e0pidament en pecat. L&#8217;arribada de Llull i el seu deixeble a l&#8217;abadia on viu Auda revela tot un entramat de secrets, enveges i heretgies. Entre els murs del monestir es produeix un assassinat que capgira la vida de tots els qui l&#8217;habiten. Nom\u00e9s alg\u00fa amb la ment l\u00facida i obstinada de Llull podr\u00e0 desentranyar la veritat. L&#8217;escala de sorra \u00e9s alhora una novel\u00b7la hist\u00f2rica, espiritual i de misteri en qu\u00e8 l&#8217;amor, la mort, la mentida i la veritat s&#8217;entrellacen en mans del fil\u00f2sof catal\u00e0, ara detectiu, de m\u00e9s renom de la hist\u00f2ria: Ramon Llull.<\/p>\n","protected":false},"excerpt":{"rendered":"<p>DAVID CIRICI<\/p>\n","protected":false},"featured_media":1089604,"template":"","meta":{"_acf_changed":false,"om_disable_all_campaigns":false,"rs_blank_template":"","rs_page_bg_color":"","slide_template_v7":"","inline_featured_image":false,"_monsterinsights_skip_tracking":false,"_monsterinsights_sitenote_active":false,"_monsterinsights_sitenote_note":"","_monsterinsights_sitenote_category":0},"product_brand":[],"product_cat":[130,360],"product_tag":[],"class_list":{"0":"post-1089603","1":"product","2":"type-product","3":"status-publish","4":"has-post-thumbnail","6":"product_cat-novella-historica-i-ficcio","7":"product_cat-novela-historica-y-ficcion","9":"first","10":"instock","11":"taxable","12":"shipping-taxable","13":"purchasable","14":"product-type-simple"},"acf":{"autor":"DAVID CIRICI","codart":"138756424","libros-coleccion":"","ediciones":"1","encuadernacion":"Carton\u00e9","fecha_de_publicacion":"01\/03\/2026","novedad":"1","paginas":"400","subtitulo":"","orden":"0","portada":"0","idioma":"cat","booktrailer":"","resenas":"","editorial":[{"ID":6276,"post_author":"3","post_date":"2022-07-28 17:48:43","post_date_gmt":"2022-07-28 15:48:43","post_content":"","post_title":"LA CAMPANA","post_excerpt":"","post_status":"publish","comment_status":"closed","ping_status":"closed","post_password":"","post_name":"la-campana","to_ping":"","pinged":"","post_modified":"2022-07-28 17:48:43","post_modified_gmt":"2022-07-28 15:48:43","post_content_filtered":"","post_parent":0,"guid":"http:\/\/dev.claret.cat\/editorial\/la-campana\/","menu_order":0,"post_type":"editorial","post_mime_type":"","comment_count":"0","filter":"raw"}]},"aioseo_notices":[],"_links":{"self":[{"href":"https:\/\/www.claret.cat\/es\/wp-json\/wp\/v2\/product\/1089603","targetHints":{"allow":["GET"]}}],"collection":[{"href":"https:\/\/www.claret.cat\/es\/wp-json\/wp\/v2\/product"}],"about":[{"href":"https:\/\/www.claret.cat\/es\/wp-json\/wp\/v2\/types\/product"}],"wp:featuredmedia":[{"embeddable":true,"href":"https:\/\/www.claret.cat\/es\/wp-json\/wp\/v2\/media\/1089604"}],"wp:attachment":[{"href":"https:\/\/www.claret.cat\/es\/wp-json\/wp\/v2\/media?parent=1089603"}],"wp:term":[{"taxonomy":"product_brand","embeddable":true,"href":"https:\/\/www.claret.cat\/es\/wp-json\/wp\/v2\/product_brand?post=1089603"},{"taxonomy":"product_cat","embeddable":true,"href":"https:\/\/www.claret.cat\/es\/wp-json\/wp\/v2\/product_cat?post=1089603"},{"taxonomy":"product_tag","embeddable":true,"href":"https:\/\/www.claret.cat\/es\/wp-json\/wp\/v2\/product_tag?post=1089603"}],"curies":[{"name":"wp","href":"https:\/\/api.w.org\/{rel}","templated":true}]}}

<p>Ramon Llull com mai l&#8217;havies vist: entre la història i la intriga criminal. Segle XIII. En Josep, un esclau mallorquí d&#8217;origen musulmà, entra al servei de Ramon Llull, un poeta savi que marcarà el seu destí. En Josep presencia la transformació del seu amo, convertit per la fe i l&#8217;impuls d&#8217;entendre tot el que l&#8217;envolta, i deixant enrere el seu passat conflictiu. A través dels ulls d&#8217;en Josep i els de la monja Auda, que coneix Llull durant aquest procés d&#8217;il·luminació, assistim a la reconstrucció d&#8217;un temps d&#8217;obsessions espirituals, en què la recerca del coneixement, l&#8217;objectiu vital del savi, pot convertir-se ràpidament en pecat. L&#8217;arribada de Llull i el seu deixeble a l&#8217;abadia on viu Auda revela tot un entramat de secrets, enveges i heretgies. Entre els murs del monestir es produeix un assassinat que capgira la vida de tots els qui l&#8217;habiten. Només algú amb la ment lúcida i obstinada de Llull podrà desentranyar la veritat. L&#8217;escala de sorra és alhora una novel·la històrica, espiritual i de misteri en què l&#8217;amor, la mort, la mentida i la veritat s&#8217;entrellacen en mans del filòsof català, ara detectiu, de més renom de la història: Ramon Llull.</p>

Cartoné
