{"id":1089622,"date":"2026-03-12T16:15:02","date_gmt":"2026-03-12T15:15:02","guid":{"rendered":"https:\/\/www.claret.cat\/llibre\/hacia-la-santidad-9788419797407\/"},"modified":"2026-03-16T17:30:24","modified_gmt":"2026-03-16T16:30:24","slug":"hacia-la-santidad-9788419797407","status":"publish","type":"product","link":"https:\/\/www.claret.cat\/es\/libro\/hacia-la-santidad-9788419797407\/","title":{"rendered":"HACIA LA SANTIDAD"},"content":{"rendered":"<p>Edici\u00f3n preparada por<strong>&nbsp;Lourdes Grosso Garc\u00eda&nbsp;<\/strong>y<strong>&nbsp;Fernando del Moral Acha<\/strong><\/p>\n<p>Al celebrarse el 25 aniversario de la creaci\u00f3n de la Oficina para las Causas de los Santos de la Conferencia Episcopal Espa\u00f1ola, nos alegra presentar una obra que, sin duda, ser\u00e1 de valioso apoyo para todos aquellos que dedican su esfuerzo y vocaci\u00f3n a las causas de canonizaci\u00f3n. Se trata de un prontuario cuidadosamente elaborado, en el que se han recopilado de forma clara y accesible los elementos fundamentales de las causas, facilitando as\u00ed una consulta \u00e1gil y efectiva para quienes tengan en sus manos la responsabilidad de avanzar en este camino de santidad.<\/p>\n<p>En su Introducci\u00f3n, el prefecto del Dicasterio de las Causas de los Santos presenta la santidad como un camino con Cristo hacia el Padre; siguen cuatro estudios sobre cuestiones esenciales y un glosario de voces cuidadosamente seleccionadas. Se exponen, finalmente, la historia del servicio de la Oficina para las Causas de los Santos, su actualidad y la rese\u00f1a de sus publicaciones.&nbsp;<\/p>\n<p>Este compendio nace del deseo de servir a la Iglesia y a todos los que, con generosidad y entrega, contribuyen a mantener viva la memoria de los santos y m\u00e1rtires, ofreciendo herramientas que har\u00e1n m\u00e1s sencillo y fruct\u00edfero el arduo trabajo de promover la causa de quienes son ejemplo de vida cristiana y testimonio de fe para nuestro tiempo.<\/p>\n","protected":false},"excerpt":{"rendered":"<p> OFICINA PARA LAS CAUSAS DE LOS SANTOS<\/p>\n","protected":false},"featured_media":1090326,"template":"","meta":{"_acf_changed":false,"om_disable_all_campaigns":false,"rs_blank_template":"","rs_page_bg_color":"","slide_template_v7":"","inline_featured_image":false,"_monsterinsights_skip_tracking":false,"_monsterinsights_sitenote_active":false,"_monsterinsights_sitenote_note":"","_monsterinsights_sitenote_category":0},"product_brand":[],"product_cat":[410,272],"product_tag":[],"class_list":{"0":"post-1089622","1":"product","2":"type-product","3":"status-publish","4":"has-post-thumbnail","6":"product_cat-especiales","7":"product_cat-especials","9":"first","10":"instock","11":"taxable","12":"shipping-taxable","13":"purchasable","14":"product-type-simple"},"acf":{"autor":" OFICINA PARA LAS CAUSAS DE LOS SANTOS","codart":"841979740","libros-coleccion":"FORA DE COL.LECCI\u00d3","ediciones":"1","encuadernacion":"[EditValue is null]","fecha_de_publicacion":"12\/03\/2026","novedad":"1","paginas":"324","subtitulo":"PRONTUARIO PARA COMENZAR UNA CAUSA DE CANONIZACI\u00d3N","orden":"999","portada":"0","idioma":"spa","booktrailer":"","resenas":"","editorial":[{"ID":147509,"post_author":"3","post_date":"2022-10-14 11:51:07","post_date_gmt":"2022-10-14 09:51:07","post_content":"","post_title":"B.A.C.","post_excerpt":"","post_status":"publish","comment_status":"closed","ping_status":"closed","post_password":"","post_name":"b-a-c","to_ping":"","pinged":"","post_modified":"2022-10-14 11:51:07","post_modified_gmt":"2022-10-14 09:51:07","post_content_filtered":"","post_parent":0,"guid":"http:\/\/dev.claret.cat\/editorial\/b-a-c\/","menu_order":0,"post_type":"editorial","post_mime_type":"","comment_count":"0","filter":"raw"}]},"aioseo_notices":[],"_links":{"self":[{"href":"https:\/\/www.claret.cat\/es\/wp-json\/wp\/v2\/product\/1089622","targetHints":{"allow":["GET"]}}],"collection":[{"href":"https:\/\/www.claret.cat\/es\/wp-json\/wp\/v2\/product"}],"about":[{"href":"https:\/\/www.claret.cat\/es\/wp-json\/wp\/v2\/types\/product"}],"wp:featuredmedia":[{"embeddable":true,"href":"https:\/\/www.claret.cat\/es\/wp-json\/wp\/v2\/media\/1090326"}],"wp:attachment":[{"href":"https:\/\/www.claret.cat\/es\/wp-json\/wp\/v2\/media?parent=1089622"}],"wp:term":[{"taxonomy":"product_brand","embeddable":true,"href":"https:\/\/www.claret.cat\/es\/wp-json\/wp\/v2\/product_brand?post=1089622"},{"taxonomy":"product_cat","embeddable":true,"href":"https:\/\/www.claret.cat\/es\/wp-json\/wp\/v2\/product_cat?post=1089622"},{"taxonomy":"product_tag","embeddable":true,"href":"https:\/\/www.claret.cat\/es\/wp-json\/wp\/v2\/product_tag?post=1089622"}],"curies":[{"name":"wp","href":"https:\/\/api.w.org\/{rel}","templated":true}]}}

<p>Edición preparada por<strong>&nbsp;Lourdes Grosso García&nbsp;</strong>y<strong>&nbsp;Fernando del Moral Acha</strong></p>
<p>Al celebrarse el 25 aniversario de la creación de la Oficina para las Causas de los Santos de la Conferencia Episcopal Española, nos alegra presentar una obra que, sin duda, será de valioso apoyo para todos aquellos que dedican su esfuerzo y vocación a las causas de canonización. Se trata de un prontuario cuidadosamente elaborado, en el que se han recopilado de forma clara y accesible los elementos fundamentales de las causas, facilitando así una consulta ágil y efectiva para quienes tengan en sus manos la responsabilidad de avanzar en este camino de santidad.</p>
<p>En su Introducción, el prefecto del Dicasterio de las Causas de los Santos presenta la santidad como un camino con Cristo hacia el Padre; siguen cuatro estudios sobre cuestiones esenciales y un glosario de voces cuidadosamente seleccionadas. Se exponen, finalmente, la historia del servicio de la Oficina para las Causas de los Santos, su actualidad y la reseña de sus publicaciones.&nbsp;</p>
<p>Este compendio nace del deseo de servir a la Iglesia y a todos los que, con generosidad y entrega, contribuyen a mantener viva la memoria de los santos y mártires, ofreciendo herramientas que harán más sencillo y fructífero el arduo trabajo de promover la causa de quienes son ejemplo de vida cristiana y testimonio de fe para nuestro tiempo.</p>

FORA DE COL.LECCIÓ

PRONTUARIO PARA COMENZAR UNA CAUSA DE CANONIZACIÓN
