{"id":1089638,"date":"2026-03-12T16:25:33","date_gmt":"2026-03-12T15:25:33","guid":{"rendered":"https:\/\/www.claret.cat\/llibre\/comentario-teologico-a-los-documentos-del-concilio-vaticano-ii-vol-iii-9788422024293\/"},"modified":"2026-03-16T16:40:23","modified_gmt":"2026-03-16T15:40:23","slug":"comentario-teologico-a-los-documentos-del-concilio-vaticano-ii-vol-iii-9788422024293","status":"publish","type":"product","link":"https:\/\/www.claret.cat\/es\/libro\/comentario-teologico-a-los-documentos-del-concilio-vaticano-ii-vol-iii-9788422024293\/","title":{"rendered":"COMENTARIO TEOL\u00d3GICO A LOS DOCUMENTOS DEL CONCILIO VATICANO  II, VOL. III"},"content":{"rendered":"<p>El momento actual que vive nuestra Iglesia es propicio<br \/>para una relectura serena y reposada de los textos<br \/>conciliares. El tiempo de recepci\u00f3n transcurrido puede<br \/>verse como un tiempo de aprendizaje que favorece una<br \/>hermen\u00e9utica realista, que se puede apoyar sobre nuevos<br \/>trabajos e investigaciones [\u2026]. En este sentido, el decreto<br \/>sobre la actividad misionera de la Iglesia invitaba a \u00abque en<br \/>cada gran territorio socio-cultural se estimule la<br \/>reflexi\u00f3n teol\u00f3gica que someta a nueva investigaci\u00f3n, a la luz<br \/>de la tradici\u00f3n de la Iglesia universal, los hechos y las<br \/>palabras reveladas por Dios, consignadas en las Sagradas<br \/>Letras y explicadas por los Padres y el Magisterio de la<br \/>Iglesia\u00bb (AG 22)<\/p>\n","protected":false},"excerpt":{"rendered":"<p>TEJERINA ARIAS , GONZALO<\/p>\n","protected":false},"featured_media":1089648,"template":"","meta":{"_acf_changed":false,"om_disable_all_campaigns":false,"rs_blank_template":"","rs_page_bg_color":"","slide_template_v7":"","inline_featured_image":false,"_monsterinsights_skip_tracking":false,"_monsterinsights_sitenote_active":false,"_monsterinsights_sitenote_note":"","_monsterinsights_sitenote_category":0},"product_brand":[],"product_cat":[518,292],"product_tag":[],"class_list":{"0":"post-1089638","1":"product","2":"type-product","3":"status-publish","4":"has-post-thumbnail","6":"product_cat-derecho-canonico-en-general","7":"product_cat-dret-canonic-en-general","9":"first","10":"instock","11":"taxable","12":"shipping-taxable","13":"purchasable","14":"product-type-simple"},"acf":{"autor":"TEJERINA ARIAS , GONZALO","codart":"842202429","libros-coleccion":"BAC MAIOR","ediciones":"1","encuadernacion":"Carton\u00e9","fecha_de_publicacion":"12\/03\/2026","novedad":"1","paginas":"880","subtitulo":"CHRISTUS DOMINUS; PRESBYTERORUM ORDINIS; PEREFECTAE CARITATIS; APOSTOLICAM ACUOSITATEM","orden":"999","portada":"0","idioma":"spa","booktrailer":"","resenas":"","editorial":[{"ID":147509,"post_author":"3","post_date":"2022-10-14 11:51:07","post_date_gmt":"2022-10-14 09:51:07","post_content":"","post_title":"B.A.C.","post_excerpt":"","post_status":"publish","comment_status":"closed","ping_status":"closed","post_password":"","post_name":"b-a-c","to_ping":"","pinged":"","post_modified":"2022-10-14 11:51:07","post_modified_gmt":"2022-10-14 09:51:07","post_content_filtered":"","post_parent":0,"guid":"http:\/\/dev.claret.cat\/editorial\/b-a-c\/","menu_order":0,"post_type":"editorial","post_mime_type":"","comment_count":"0","filter":"raw"}]},"aioseo_notices":[],"_links":{"self":[{"href":"https:\/\/www.claret.cat\/es\/wp-json\/wp\/v2\/product\/1089638","targetHints":{"allow":["GET"]}}],"collection":[{"href":"https:\/\/www.claret.cat\/es\/wp-json\/wp\/v2\/product"}],"about":[{"href":"https:\/\/www.claret.cat\/es\/wp-json\/wp\/v2\/types\/product"}],"wp:featuredmedia":[{"embeddable":true,"href":"https:\/\/www.claret.cat\/es\/wp-json\/wp\/v2\/media\/1089648"}],"wp:attachment":[{"href":"https:\/\/www.claret.cat\/es\/wp-json\/wp\/v2\/media?parent=1089638"}],"wp:term":[{"taxonomy":"product_brand","embeddable":true,"href":"https:\/\/www.claret.cat\/es\/wp-json\/wp\/v2\/product_brand?post=1089638"},{"taxonomy":"product_cat","embeddable":true,"href":"https:\/\/www.claret.cat\/es\/wp-json\/wp\/v2\/product_cat?post=1089638"},{"taxonomy":"product_tag","embeddable":true,"href":"https:\/\/www.claret.cat\/es\/wp-json\/wp\/v2\/product_tag?post=1089638"}],"curies":[{"name":"wp","href":"https:\/\/api.w.org\/{rel}","templated":true}]}}

COMENTARIO TEOLÓGICO A LOS DOCUMENTOS DEL CONCILIO VATICANO  II, VOL. III

<p>El momento actual que vive nuestra Iglesia es propicio<br />para una relectura serena y reposada de los textos<br />conciliares. El tiempo de recepción transcurrido puede<br />verse como un tiempo de aprendizaje que favorece una<br />hermenéutica realista, que se puede apoyar sobre nuevos<br />trabajos e investigaciones […]. En este sentido, el decreto<br />sobre la actividad misionera de la Iglesia invitaba a «que en<br />cada gran territorio socio-cultural se estimule la<br />reflexión teológica que someta a nueva investigación, a la luz<br />de la tradición de la Iglesia universal, los hechos y las<br />palabras reveladas por Dios, consignadas en las Sagradas<br />Letras y explicadas por los Padres y el Magisterio de la<br />Iglesia» (AG 22)</p>

Cartoné
