{"id":1090073,"date":"2026-03-13T15:50:22","date_gmt":"2026-03-13T14:50:22","guid":{"rendered":"https:\/\/www.claret.cat\/llibre\/rita-bumbum-2-rita-bumbum-hace-unos-amigos-muy-guays-9791387695538\/"},"modified":"2026-04-07T12:27:26","modified_gmt":"2026-04-07T10:27:26","slug":"rita-bumbum-2-rita-bumbum-hace-unos-amigos-muy-guays-9791387695538","status":"publish","type":"product","link":"https:\/\/www.claret.cat\/es\/libro\/rita-bumbum-2-rita-bumbum-hace-unos-amigos-muy-guays-9791387695538\/","title":{"rendered":"RITA BUMBUM 2 &#8211; RITA BUMBUM HACE UNOS AMIGOS MUY GUAYS"},"content":{"rendered":"<p>\u00a1Llega Rita: aut\u00e9ntica, divertid\u00edsima y con mucho BUMBUM! La nueva serie de primeras lecturas de M\u00edriam Tirado, autora de Me llamo Goa y El hilo invisible, con m\u00e1s de 1 mill\u00f3n de lectores. Rita acaba de mudarse y\u2026 puede que el nuevo cole no est\u00e9 tan mal. Ya ha conocido a sus nuevos compa\u00f1eros Beti Pirata, Miguel y Camila, pero \u00bfy si descubren que un mech\u00f3n de su cabello se vuelve lila cuando est\u00e1 nerviosa? \u00bfY si se dan cuenta del peque\u00f1o secreto que hoy la ha acompa\u00f1ado a la escuela? \u00a1Yoga, en qu\u00e9 l\u00edo nos hemos metido! M\u00edriam Tirado, autora de \u00e9xitos como Me llamo Goa y El hilo invisible, explora temas como el colegio, la amistad, la familia y las aventuras del d\u00eda a d\u00eda de los ni\u00f1os y ni\u00f1as, con todo el humor y la sensibilidad que la han convertido en la autora favorita de grandes y chicos. \u00bfQu\u00e9 encontrar\u00e1s en este libro? * Una serie de primeras lecturas realista ideal para ni\u00f1os y ni\u00f1as que buscan algo distinto a la fantas\u00eda. *Una historia llena de humor, amistad, aventura\u2026 \u00a1y mucho BUMBUM! *Texto sencillo, entretenido, divertido, f\u00e1cil de leer y acompa\u00f1ado de preciosas ilustraciones a todo color en cada p\u00e1gina.<\/p>\n","protected":false},"excerpt":{"rendered":"<p>M\u00cdRIAM TIRADO<\/p>\n","protected":false},"featured_media":0,"template":"","meta":{"_acf_changed":false,"om_disable_all_campaigns":false,"rs_blank_template":"","rs_page_bg_color":"","slide_template_v7":"","inline_featured_image":false,"_monsterinsights_skip_tracking":false,"_monsterinsights_sitenote_active":false,"_monsterinsights_sitenote_note":"","_monsterinsights_sitenote_category":0},"product_brand":[],"product_cat":[132,362],"product_tag":[],"class_list":{"0":"post-1090073","1":"product","2":"type-product","3":"status-publish","5":"product_cat-lectures-per-preadolescents-6-12-anys","6":"product_cat-libros-preadolescentes-6-12-anos","8":"first","9":"instock","10":"taxable","11":"shipping-taxable","12":"purchasable","13":"product-type-simple"},"acf":{"autor":"M\u00cdRIAM TIRADO","codart":"138769553","libros-coleccion":"","ediciones":"1","encuadernacion":"R\u00fastica","fecha_de_publicacion":"01\/03\/2026","novedad":"1","paginas":"0","subtitulo":"\u00a1LA HEMOS LIADO PARDA!","orden":"0","portada":"0","idioma":"spa","booktrailer":"","resenas":"","editorial":[{"ID":294535,"post_author":"3","post_date":"2022-12-12 12:50:10","post_date_gmt":"2022-12-12 11:50:10","post_content":"","post_title":"B de Blok","post_excerpt":"","post_status":"publish","comment_status":"closed","ping_status":"closed","post_password":"","post_name":"b-de-blok","to_ping":"","pinged":"","post_modified":"2022-12-12 12:50:10","post_modified_gmt":"2022-12-12 11:50:10","post_content_filtered":"","post_parent":0,"guid":"http:\/\/dev.claret.cat\/editorial\/b-de-blok\/","menu_order":0,"post_type":"editorial","post_mime_type":"","comment_count":"0","filter":"raw"}]},"aioseo_notices":[],"_links":{"self":[{"href":"https:\/\/www.claret.cat\/es\/wp-json\/wp\/v2\/product\/1090073","targetHints":{"allow":["GET"]}}],"collection":[{"href":"https:\/\/www.claret.cat\/es\/wp-json\/wp\/v2\/product"}],"about":[{"href":"https:\/\/www.claret.cat\/es\/wp-json\/wp\/v2\/types\/product"}],"wp:attachment":[{"href":"https:\/\/www.claret.cat\/es\/wp-json\/wp\/v2\/media?parent=1090073"}],"wp:term":[{"taxonomy":"product_brand","embeddable":true,"href":"https:\/\/www.claret.cat\/es\/wp-json\/wp\/v2\/product_brand?post=1090073"},{"taxonomy":"product_cat","embeddable":true,"href":"https:\/\/www.claret.cat\/es\/wp-json\/wp\/v2\/product_cat?post=1090073"},{"taxonomy":"product_tag","embeddable":true,"href":"https:\/\/www.claret.cat\/es\/wp-json\/wp\/v2\/product_tag?post=1090073"}],"curies":[{"name":"wp","href":"https:\/\/api.w.org\/{rel}","templated":true}]}}

<p>¡Llega Rita: auténtica, divertidísima y con mucho BUMBUM! La nueva serie de primeras lecturas de Míriam Tirado, autora de Me llamo Goa y El hilo invisible, con más de 1 millón de lectores. Rita acaba de mudarse y… puede que el nuevo cole no esté tan mal. Ya ha conocido a sus nuevos compañeros Beti Pirata, Miguel y Camila, pero ¿y si descubren que un mechón de su cabello se vuelve lila cuando está nerviosa? ¿Y si se dan cuenta del pequeño secreto que hoy la ha acompañado a la escuela? ¡Yoga, en qué lío nos hemos metido! Míriam Tirado, autora de éxitos como Me llamo Goa y El hilo invisible, explora temas como el colegio, la amistad, la familia y las aventuras del día a día de los niños y niñas, con todo el humor y la sensibilidad que la han convertido en la autora favorita de grandes y chicos. ¿Qué encontrarás en este libro? * Una serie de primeras lecturas realista ideal para niños y niñas que buscan algo distinto a la fantasía. *Una historia llena de humor, amistad, aventura… ¡y mucho BUMBUM! *Texto sencillo, entretenido, divertido, fácil de leer y acompañado de preciosas ilustraciones a todo color en cada página.</p>

<p>MÍRIAM TIRADO</p>

MÍRIAM TIRADO

Rústica
