{"id":1090701,"date":"2026-03-17T17:00:26","date_gmt":"2026-03-17T16:00:26","guid":{"rendered":"https:\/\/www.claret.cat\/llibre\/on-neix-la-llum-9788466434751\/"},"modified":"2026-04-24T10:13:58","modified_gmt":"2026-04-24T08:13:58","slug":"on-neix-la-llum-9788466434751","status":"publish","type":"product","link":"https:\/\/www.claret.cat\/es\/libro\/on-neix-la-llum-9788466434751\/","title":{"rendered":"ON NEIX LA LLUM"},"content":{"rendered":"<p><strong>Relat de la meva depressi\u00f3<\/strong>.&nbsp;De la fragilitat a la resili\u00e8ncia. A <em>On neix<\/em> la llum <strong>Oriol Mitj\u00e0<\/strong> s\u2019endinsa en <strong>el territori m\u00e9s personal i menys conegut<\/strong> de la seva vida: la depressi\u00f3. Lluny de qualsevol t\u00f2pic, aquesta <strong>no \u00e9s un obra d\u2019autoajuda ni una confessi\u00f3 dram\u00e0tica<\/strong>. \u00c9s un testimoni sincer, narrat amb una extraordin\u00e0ria sensibilitat, sobre qu\u00e8 passa quan el dolor et deixa sense paraules, <strong>quan la pressi\u00f3 et trenca per dins<\/strong> i quan l\u2019\u00fanica sortida \u00e9s mirar-se amb tendresa. Amb <strong>una veu propera, plena d\u2019humanitat<\/strong>, Mitj\u00e0 comparteix les seves ferides, les seves recaigudes i el lent trajecte cap a la cura. <strong>Un llibre que no dona lli\u00e7ons<\/strong>, sin\u00f3 que guia. Que no busca impactar. Que ens recorda que, <strong>fins i tot en els moments m\u00e9s foscos, sempre queda una llum<\/strong>. <\/p>\n<p> \u00abAquesta aventura emocionant, personal\u00edssima, i delicada, \u00e9s una cartografia i, alhora, un xiuxiueig que sona com un esgarip contundent d\u2019advert\u00e8ncia, d\u2019advert\u00e8ncia de fe i esperan\u00e7a, que sembla dir-nos: \u201cSota la maroma, la xarxa\u201d\u00bb. <\/p>\n<p> <strong>Marc Gir\u00f3<\/strong><\/p>\n","protected":false},"excerpt":{"rendered":"<p>ORIOL MITJ\u00c0<\/p>\n","protected":false},"featured_media":1095872,"template":"","meta":{"_acf_changed":false,"om_disable_all_campaigns":false,"rs_blank_template":"","rs_page_bg_color":"","slide_template_v7":"","inline_featured_image":false,"_monsterinsights_skip_tracking":false,"_monsterinsights_sitenote_active":false,"_monsterinsights_sitenote_note":"","_monsterinsights_sitenote_category":0},"product_brand":[],"product_cat":[376,178,549,99],"product_tag":[],"class_list":{"0":"post-1090701","1":"product","2":"type-product","3":"status-publish","4":"has-post-thumbnail","6":"product_cat-autores-psicologia-2_humanidades","7":"product_cat-autors-psicologia","8":"product_cat-biografias","9":"product_cat-biografies","11":"first","12":"instock","13":"taxable","14":"shipping-taxable","15":"purchasable","16":"product-type-simple"},"acf":{"autor":"ORIOL MITJ\u00c0","codart":"846643475","libros-coleccion":"","ediciones":"1","encuadernacion":"R\u00fastica","fecha_de_publicacion":"01\/03\/2026","novedad":"1","paginas":"211","subtitulo":"RELAT DE LA MEVA DEPRESSI\u00d3: DE LA FRAGILITAT A LA RESILI\u00c8NCIA","orden":"0","portada":"0","idioma":"cat","booktrailer":"","resenas":"","editorial":[{"ID":6166,"post_author":"3","post_date":"2022-07-28 17:46:19","post_date_gmt":"2022-07-28 15:46:19","post_content":"","post_title":"Columna CAT","post_excerpt":"","post_status":"publish","comment_status":"closed","ping_status":"closed","post_password":"","post_name":"columna-cat","to_ping":"","pinged":"","post_modified":"2022-07-28 17:46:19","post_modified_gmt":"2022-07-28 15:46:19","post_content_filtered":"","post_parent":0,"guid":"http:\/\/dev.claret.cat\/editorial\/columna-cat\/","menu_order":0,"post_type":"editorial","post_mime_type":"","comment_count":"0","filter":"raw"}]},"aioseo_notices":[],"_links":{"self":[{"href":"https:\/\/www.claret.cat\/es\/wp-json\/wp\/v2\/product\/1090701","targetHints":{"allow":["GET"]}}],"collection":[{"href":"https:\/\/www.claret.cat\/es\/wp-json\/wp\/v2\/product"}],"about":[{"href":"https:\/\/www.claret.cat\/es\/wp-json\/wp\/v2\/types\/product"}],"wp:featuredmedia":[{"embeddable":true,"href":"https:\/\/www.claret.cat\/es\/wp-json\/wp\/v2\/media\/1095872"}],"wp:attachment":[{"href":"https:\/\/www.claret.cat\/es\/wp-json\/wp\/v2\/media?parent=1090701"}],"wp:term":[{"taxonomy":"product_brand","embeddable":true,"href":"https:\/\/www.claret.cat\/es\/wp-json\/wp\/v2\/product_brand?post=1090701"},{"taxonomy":"product_cat","embeddable":true,"href":"https:\/\/www.claret.cat\/es\/wp-json\/wp\/v2\/product_cat?post=1090701"},{"taxonomy":"product_tag","embeddable":true,"href":"https:\/\/www.claret.cat\/es\/wp-json\/wp\/v2\/product_tag?post=1090701"}],"curies":[{"name":"wp","href":"https:\/\/api.w.org\/{rel}","templated":true}]}}

<p><strong>Relat de la meva depressió</strong>.&nbsp;De la fragilitat a la resiliència. A <em>On neix</em> la llum <strong>Oriol Mitjà</strong> s’endinsa en <strong>el territori més personal i menys conegut</strong> de la seva vida: la depressió. Lluny de qualsevol tòpic, aquesta <strong>no és un obra d’autoajuda ni una confessió dramàtica</strong>. És un testimoni sincer, narrat amb una extraordinària sensibilitat, sobre què passa quan el dolor et deixa sense paraules, <strong>quan la pressió et trenca per dins</strong> i quan l’única sortida és mirar-se amb tendresa. Amb <strong>una veu propera, plena d’humanitat</strong>, Mitjà comparteix les seves ferides, les seves recaigudes i el lent trajecte cap a la cura. <strong>Un llibre que no dona lliçons</strong>, sinó que guia. Que no busca impactar. Que ens recorda que, <strong>fins i tot en els moments més foscos, sempre queda una llum</strong>. </p>
<p> «Aquesta aventura emocionant, personalíssima, i delicada, és una cartografia i, alhora, un xiuxiueig que sona com un esgarip contundent d’advertència, d’advertència de fe i esperança, que sembla dir-nos: “Sota la maroma, la xarxa”». </p>
<p> <strong>Marc Giró</strong></p>

<p>ORIOL MITJÀ</p>

ORIOL MITJÀ

Rústica

RELAT DE LA MEVA DEPRESSIÓ: DE LA FRAGILITAT A LA RESILIÈNCIA
