{"id":1090879,"date":"2026-03-18T11:30:07","date_gmt":"2026-03-18T10:30:07","guid":{"rendered":"https:\/\/www.claret.cat\/llibre\/jo-era-en-el-cant-obra-poetica-19131972-9788429783292-2\/"},"modified":"2026-04-01T23:20:14","modified_gmt":"2026-04-01T21:20:14","slug":"jo-era-en-el-cant-obra-poetica-19131972-9788429783292-2","status":"publish","type":"product","link":"https:\/\/www.claret.cat\/es\/libro\/jo-era-en-el-cant-obra-poetica-19131972-9788429783292-2\/","title":{"rendered":"JO ERA EN EL CANT. OBRA PO\u00c8TICA 1913-1972"},"content":{"rendered":"<p>Edici\u00f3 commemorativa dels 50 anys de la mort de l\u2019autoraClementina Arderiu (1889-1976), una de les veus m\u00e9s altes de la poesia catalana del segle XX i baula imprescindible en la tradici\u00f3 liter\u00e0ria femenina a casa nostra, va morir fa exactament cinquanta anys. Sota una aparen\u00e7a senzilla, sovint deutora de la can\u00e7\u00f3 popular, la seva poesia amaga molta for\u00e7a intel\u00b7lectual, un gran rigor art\u00edstic i un car\u00e0cter resoltament personal.<br \/>Aquest volum aplega els sis reculls de poesia que va publicar: Can\u00e7ons i elegies\u00a0(1916), L\u2019alta llibertat (1920), Cant i paraules\u00a0(1936), Sempre i ara (1946), \u00c9s a dir\u00a0(1959) i L\u2019esperan\u00e7a, encara (1968). A m\u00e9s d\u2019un suplement d\u2019in\u00e8dits i de textos complementaris, un apunt biogr\u00e0fic de C\u00e8lia Riba, neta de la poeta, i unes notes del curador completen el volum.<\/p>\n","protected":false},"excerpt":{"rendered":"<p>CLEMENTINA ARDERIU<\/p>\n","protected":false},"featured_media":1090880,"template":"","meta":{"_acf_changed":false,"om_disable_all_campaigns":false,"rs_blank_template":"","rs_page_bg_color":"","slide_template_v7":"","inline_featured_image":false,"_monsterinsights_skip_tracking":false,"_monsterinsights_sitenote_active":false,"_monsterinsights_sitenote_note":"","_monsterinsights_sitenote_category":0},"product_brand":[],"product_cat":[121,340],"product_tag":[],"class_list":{"0":"post-1090879","1":"product","2":"type-product","3":"status-publish","4":"has-post-thumbnail","6":"product_cat-poesia","7":"product_cat-poesia-5_otras","9":"first","10":"instock","11":"taxable","12":"shipping-taxable","13":"purchasable","14":"product-type-simple"},"acf":{"autor":"CLEMENTINA ARDERIU","codart":"842978329","libros-coleccion":"","ediciones":"1","encuadernacion":"R\u00fastica","fecha_de_publicacion":"01\/02\/2026","novedad":"1","paginas":"390","subtitulo":"OBRA PO\u00c9TICA 1913-1972","orden":"0","portada":"0","idioma":"cat","booktrailer":"","resenas":"","editorial":[{"ID":6210,"post_author":"3","post_date":"2022-07-28 17:47:13","post_date_gmt":"2022-07-28 15:47:13","post_content":"","post_title":"Edicions 62","post_excerpt":"","post_status":"publish","comment_status":"closed","ping_status":"closed","post_password":"","post_name":"edicions-62","to_ping":"","pinged":"","post_modified":"2022-07-28 17:47:13","post_modified_gmt":"2022-07-28 15:47:13","post_content_filtered":"","post_parent":0,"guid":"http:\/\/dev.claret.cat\/editorial\/edicions-62\/","menu_order":0,"post_type":"editorial","post_mime_type":"","comment_count":"0","filter":"raw"}]},"aioseo_notices":[],"_links":{"self":[{"href":"https:\/\/www.claret.cat\/es\/wp-json\/wp\/v2\/product\/1090879","targetHints":{"allow":["GET"]}}],"collection":[{"href":"https:\/\/www.claret.cat\/es\/wp-json\/wp\/v2\/product"}],"about":[{"href":"https:\/\/www.claret.cat\/es\/wp-json\/wp\/v2\/types\/product"}],"wp:featuredmedia":[{"embeddable":true,"href":"https:\/\/www.claret.cat\/es\/wp-json\/wp\/v2\/media\/1090880"}],"wp:attachment":[{"href":"https:\/\/www.claret.cat\/es\/wp-json\/wp\/v2\/media?parent=1090879"}],"wp:term":[{"taxonomy":"product_brand","embeddable":true,"href":"https:\/\/www.claret.cat\/es\/wp-json\/wp\/v2\/product_brand?post=1090879"},{"taxonomy":"product_cat","embeddable":true,"href":"https:\/\/www.claret.cat\/es\/wp-json\/wp\/v2\/product_cat?post=1090879"},{"taxonomy":"product_tag","embeddable":true,"href":"https:\/\/www.claret.cat\/es\/wp-json\/wp\/v2\/product_tag?post=1090879"}],"curies":[{"name":"wp","href":"https:\/\/api.w.org\/{rel}","templated":true}]}}

JO ERA EN EL CANT. OBRA POÈTICA 1913-1972

<p>Edició commemorativa dels 50 anys de la mort de l’autoraClementina Arderiu (1889-1976), una de les veus més altes de la poesia catalana del segle XX i baula imprescindible en la tradició literària femenina a casa nostra, va morir fa exactament cinquanta anys. Sota una aparença senzilla, sovint deutora de la cançó popular, la seva poesia amaga molta força intel·lectual, un gran rigor artístic i un caràcter resoltament personal.<br />Aquest volum aplega els sis reculls de poesia que va publicar: Cançons i elegies (1916), L’alta llibertat (1920), Cant i paraules (1936), Sempre i ara (1946), És a dir (1959) i L’esperança, encara (1968). A més d’un suplement d’inèdits i de textos complementaris, un apunt biogràfic de Cèlia Riba, neta de la poeta, i unes notes del curador completen el volum.</p>

Rústica

OBRA POÉTICA 1913-1972
