{"id":1091327,"date":"2026-03-19T13:50:11","date_gmt":"2026-03-19T12:50:11","guid":{"rendered":"https:\/\/www.claret.cat\/llibre\/sacerdotes-en-la-escuela-del-lavatorio-de-los-pies-9788422024385\/"},"modified":"2026-04-09T10:50:44","modified_gmt":"2026-04-09T08:50:44","slug":"sacerdotes-en-la-escuela-del-lavatorio-de-los-pies-9788422024385","status":"publish","type":"product","link":"https:\/\/www.claret.cat\/es\/libro\/sacerdotes-en-la-escuela-del-lavatorio-de-los-pies-9788422024385\/","title":{"rendered":"SACERDOTES EN LA ESCUELA DEL LAVATORIO DE LOS PIES"},"content":{"rendered":"<p>\u00bfNo nos llevar\u00e1 el camino sinodal, en el que estamos decididamente comprometidos, a redescubrir que el sacerdote, cuya presencia es indispensable para la vida de una comunidad cris\u00adtiana, no es el \u00fanico responsable de la vida y la mi\u00adsi\u00f3n de la Iglesia? El sacerdote ciertamente no es nada, \u00a1pero tampoco lo es todo! Las pocas pistas esbozadas aqu\u00ed pretenden contribuir a dibujar otro rostro de los ministros ordenados en nuestra Igle\u00adsia. \u00abOtro rostro\u00bb, no en el sentido de innovar a toda costa siguiendo una moda o una ideolog\u00eda. Se trata m\u00e1s bien de acercarnos de nuevo a la Palabra de Dios para discernir las llamadas que nos dirige hoy. Mons. Jean-Marc Eychenne nos invita a des\u00adcubrir que el ministerio sacerdotal debe vivirse en la \u00abescuela del lavatorio de los pies\u00bb y su discurso se ilustra con la obra del artista franc\u00e9s de arte sacro contempor\u00e1neo Arcabas, seud\u00f3nimo de Jean-Marie Pirot.<\/p>\n","protected":false},"excerpt":{"rendered":"<p>EYCHENNE, JEAN-MARC<\/p>\n","protected":false},"featured_media":1095813,"template":"","meta":{"_acf_changed":false,"om_disable_all_campaigns":false,"rs_blank_template":"","rs_page_bg_color":"","slide_template_v7":"","inline_featured_image":false,"_monsterinsights_skip_tracking":false,"_monsterinsights_sitenote_active":false,"_monsterinsights_sitenote_note":"","_monsterinsights_sitenote_category":0},"product_brand":[],"product_cat":[92,542],"product_tag":[],"class_list":{"0":"post-1091327","1":"product","2":"type-product","3":"status-publish","4":"has-post-thumbnail","6":"product_cat-vida-religiosa","7":"product_cat-vida-religiosa-1_espiritualidad-spa","9":"first","10":"instock","11":"taxable","12":"shipping-taxable","13":"purchasable","14":"product-type-simple"},"acf":{"autor":"EYCHENNE, JEAN-MARC","codart":"842202438","libros-coleccion":"BAC Popular","ediciones":"1","encuadernacion":"R\u00fastica","fecha_de_publicacion":"19\/03\/2026","novedad":"1","paginas":"62","subtitulo":"","orden":"999","portada":"0","idioma":"spa","booktrailer":"","resenas":"","editorial":[{"ID":147509,"post_author":"3","post_date":"2022-10-14 11:51:07","post_date_gmt":"2022-10-14 09:51:07","post_content":"","post_title":"B.A.C.","post_excerpt":"","post_status":"publish","comment_status":"closed","ping_status":"closed","post_password":"","post_name":"b-a-c","to_ping":"","pinged":"","post_modified":"2022-10-14 11:51:07","post_modified_gmt":"2022-10-14 09:51:07","post_content_filtered":"","post_parent":0,"guid":"http:\/\/dev.claret.cat\/editorial\/b-a-c\/","menu_order":0,"post_type":"editorial","post_mime_type":"","comment_count":"0","filter":"raw"}]},"aioseo_notices":[],"_links":{"self":[{"href":"https:\/\/www.claret.cat\/es\/wp-json\/wp\/v2\/product\/1091327","targetHints":{"allow":["GET"]}}],"collection":[{"href":"https:\/\/www.claret.cat\/es\/wp-json\/wp\/v2\/product"}],"about":[{"href":"https:\/\/www.claret.cat\/es\/wp-json\/wp\/v2\/types\/product"}],"wp:featuredmedia":[{"embeddable":true,"href":"https:\/\/www.claret.cat\/es\/wp-json\/wp\/v2\/media\/1095813"}],"wp:attachment":[{"href":"https:\/\/www.claret.cat\/es\/wp-json\/wp\/v2\/media?parent=1091327"}],"wp:term":[{"taxonomy":"product_brand","embeddable":true,"href":"https:\/\/www.claret.cat\/es\/wp-json\/wp\/v2\/product_brand?post=1091327"},{"taxonomy":"product_cat","embeddable":true,"href":"https:\/\/www.claret.cat\/es\/wp-json\/wp\/v2\/product_cat?post=1091327"},{"taxonomy":"product_tag","embeddable":true,"href":"https:\/\/www.claret.cat\/es\/wp-json\/wp\/v2\/product_tag?post=1091327"}],"curies":[{"name":"wp","href":"https:\/\/api.w.org\/{rel}","templated":true}]}}

<p>¿No nos llevará el camino sinodal, en el que estamos decididamente comprometidos, a redescubrir que el sacerdote, cuya presencia es indispensable para la vida de una comunidad cris­tiana, no es el único responsable de la vida y la mi­sión de la Iglesia? El sacerdote ciertamente no es nada, ¡pero tampoco lo es todo! Las pocas pistas esbozadas aquí pretenden contribuir a dibujar otro rostro de los ministros ordenados en nuestra Igle­sia. «Otro rostro», no en el sentido de innovar a toda costa siguiendo una moda o una ideología. Se trata más bien de acercarnos de nuevo a la Palabra de Dios para discernir las llamadas que nos dirige hoy. Mons. Jean-Marc Eychenne nos invita a des­cubrir que el ministerio sacerdotal debe vivirse en la «escuela del lavatorio de los pies» y su discurso se ilustra con la obra del artista francés de arte sacro contemporáneo Arcabas, seudónimo de Jean-Marie Pirot.</p>

Rústica
