{"id":1091658,"date":"2026-03-23T12:25:25","date_gmt":"2026-03-23T11:25:25","guid":{"rendered":"https:\/\/www.claret.cat\/llibre\/antoni-gaudi-9791387564315\/"},"modified":"2026-04-20T17:16:23","modified_gmt":"2026-04-20T15:16:23","slug":"antoni-gaudi-9791387564315","status":"publish","type":"product","link":"https:\/\/www.claret.cat\/es\/libro\/antoni-gaudi-9791387564315\/","title":{"rendered":"ANTONI GAUD\u00cd"},"content":{"rendered":"<p>Una biografia d&#8221;Antoni Gaud\u00ed rigorosa i documentada que, en la millor tradici\u00f3 del g\u00e8nere, desvela, desmitifica i sorpr\u00e8n a parts iguals. &#8216;Sobre Gaud\u00ed encara no tenim el llibre complet que necessitar\u00edem -la seva vida i la seva obra-, la biografia global que en el m\u00f3n anglosax\u00f3 es dedica als seus grans homes. Falta el gran llibre complet -fins al punt que all\u00f2 hum\u00e0 pot ser complet-, aut\u00e8ntic, sense escamotejar res, ver\u00eddic&#8217;. JOSEP PLA, Homenots Van haver de passar molts anys perqu\u00e8 les paraules de Pla perdessin finalment vig\u00e8ncia. Fruit d&#8221;un treball lent i labori\u00f3s, Gijs van Hensbergen ha aconseguit construir un retrat de l&#8221;home que fou Antoni Gaud\u00ed, com a persona i com a ciutad\u00e0 dins del seu context social, pol\u00edtic, art\u00edstic i religi\u00f3s. Aquesta biografia cobreix amb equilibri i claredat totes les etapes de la seva vida, des de la infantesa a Reus fins a la seva amistat amb la fam\u00edlia G\u00fcell i el renaixement catalanista, i posa tamb\u00e9 al punt de mira el seu fervor religi\u00f3s i la seva vida austera. Antoni Gaud\u00ed. Una biografia retrata la vida de l&#8221;home i la for\u00e7a d&#8221;una obra singular i original que fascina i atrau arreu del m\u00f3n.<\/p>\n","protected":false},"excerpt":{"rendered":"<p>GIJS VAN HENSBERGEN<\/p>\n","protected":false},"featured_media":1094322,"template":"","meta":{"_acf_changed":false,"om_disable_all_campaigns":false,"rs_blank_template":"","rs_page_bg_color":"","slide_template_v7":"","inline_featured_image":false,"_monsterinsights_skip_tracking":false,"_monsterinsights_sitenote_active":false,"_monsterinsights_sitenote_note":"","_monsterinsights_sitenote_category":0},"product_brand":[],"product_cat":[549,99],"product_tag":[],"class_list":{"0":"post-1091658","1":"product","2":"type-product","3":"status-publish","4":"has-post-thumbnail","6":"product_cat-biografias","7":"product_cat-biografies","9":"first","10":"instock","11":"taxable","12":"shipping-taxable","13":"purchasable","14":"product-type-simple"},"acf":{"autor":"GIJS VAN HENSBERGEN","codart":"138756431","libros-coleccion":"","ediciones":"1","encuadernacion":"R\u00fastica","fecha_de_publicacion":"01\/03\/2026","novedad":"1","paginas":"402","subtitulo":"UNA BIOGRAFIA","orden":"0","portada":"0","idioma":"cat","booktrailer":"","resenas":"","editorial":[{"ID":6276,"post_author":"3","post_date":"2022-07-28 17:48:43","post_date_gmt":"2022-07-28 15:48:43","post_content":"","post_title":"LA CAMPANA","post_excerpt":"","post_status":"publish","comment_status":"closed","ping_status":"closed","post_password":"","post_name":"la-campana","to_ping":"","pinged":"","post_modified":"2022-07-28 17:48:43","post_modified_gmt":"2022-07-28 15:48:43","post_content_filtered":"","post_parent":0,"guid":"http:\/\/dev.claret.cat\/editorial\/la-campana\/","menu_order":0,"post_type":"editorial","post_mime_type":"","comment_count":"0","filter":"raw"}]},"aioseo_notices":[],"_links":{"self":[{"href":"https:\/\/www.claret.cat\/es\/wp-json\/wp\/v2\/product\/1091658","targetHints":{"allow":["GET"]}}],"collection":[{"href":"https:\/\/www.claret.cat\/es\/wp-json\/wp\/v2\/product"}],"about":[{"href":"https:\/\/www.claret.cat\/es\/wp-json\/wp\/v2\/types\/product"}],"wp:featuredmedia":[{"embeddable":true,"href":"https:\/\/www.claret.cat\/es\/wp-json\/wp\/v2\/media\/1094322"}],"wp:attachment":[{"href":"https:\/\/www.claret.cat\/es\/wp-json\/wp\/v2\/media?parent=1091658"}],"wp:term":[{"taxonomy":"product_brand","embeddable":true,"href":"https:\/\/www.claret.cat\/es\/wp-json\/wp\/v2\/product_brand?post=1091658"},{"taxonomy":"product_cat","embeddable":true,"href":"https:\/\/www.claret.cat\/es\/wp-json\/wp\/v2\/product_cat?post=1091658"},{"taxonomy":"product_tag","embeddable":true,"href":"https:\/\/www.claret.cat\/es\/wp-json\/wp\/v2\/product_tag?post=1091658"}],"curies":[{"name":"wp","href":"https:\/\/api.w.org\/{rel}","templated":true}]}}

ANTONI GAUDÍ

<p>Una biografia d&#8221;Antoni Gaudí rigorosa i documentada que, en la millor tradició del gènere, desvela, desmitifica i sorprèn a parts iguals. &#8216;Sobre Gaudí encara no tenim el llibre complet que necessitaríem -la seva vida i la seva obra-, la biografia global que en el món anglosaxó es dedica als seus grans homes. Falta el gran llibre complet -fins al punt que allò humà pot ser complet-, autèntic, sense escamotejar res, verídic&#8217;. JOSEP PLA, Homenots Van haver de passar molts anys perquè les paraules de Pla perdessin finalment vigència. Fruit d&#8221;un treball lent i laboriós, Gijs van Hensbergen ha aconseguit construir un retrat de l&#8221;home que fou Antoni Gaudí, com a persona i com a ciutadà dins del seu context social, polític, artístic i religiós. Aquesta biografia cobreix amb equilibri i claredat totes les etapes de la seva vida, des de la infantesa a Reus fins a la seva amistat amb la família Güell i el renaixement catalanista, i posa també al punt de mira el seu fervor religiós i la seva vida austera. Antoni Gaudí. Una biografia retrata la vida de l&#8221;home i la força d&#8221;una obra singular i original que fascina i atrau arreu del món.</p>

Rústica
