{"id":1092030,"date":"2026-03-24T11:00:02","date_gmt":"2026-03-24T10:00:02","guid":{"rendered":"https:\/\/www.claret.cat\/llibre\/de-que-me-tienen-que-salvar-quien-me-tiene-que-salvar-9788412656473\/"},"modified":"2026-03-24T11:10:24","modified_gmt":"2026-03-24T10:10:24","slug":"de-que-me-tienen-que-salvar-quien-me-tiene-que-salvar-9788412656473","status":"publish","type":"product","link":"https:\/\/www.claret.cat\/es\/libro\/de-que-me-tienen-que-salvar-quien-me-tiene-que-salvar-9788412656473\/","title":{"rendered":"\u00bfDE QU\u00c9 ME TIENEN QUE SALVAR? \u00bfQUI\u00c9N ME TIENE QUE SALVAR?"},"content":{"rendered":"<p><span>La salvaci\u00f3n, entendida de una u otra manera, es la oferta de la inmensa mayor\u00eda de las religiones. Abarca todos los temas que en religi\u00f3n nos podemos plantear. Pero las religiones est\u00e1n m\u00e1s pendientes de lo que la gente desea que de que alcancen una verdadera liberaci\u00f3n. La mayor\u00eda de las ofertas de las religiones no van m\u00e1s all\u00e1 de librar de las limitaciones que la gente percibe como perentorias. Para nada intentan abrir nuevos horizontes.<\/span><\/p>\n<p><\/p>\n<p><span>Superar todas las trampas que nos han colocado en el camino no va a ser f\u00e1cil. Debemos estar muy alerta para no caer en la tentaci\u00f3n de aceptar como bueno todo lo que las distintas instancias religiosas nos han dicho. Es lo que hacen los pol\u00edticos para que les voten. Intentar\u00e9 hablar claro, aunque ello conlleve no responder a las exigencias perentorias de los que me leen. En la vida espiritual no tiene ning\u00fan sentido hacernos trampas en el solitario. Mi intenci\u00f3n es ayudaros a superar las trampas.<\/span><\/p>\n<p><\/p>\n<p><span>Nuestra formaci\u00f3n (m\u00e1s bien deformaci\u00f3n) religiosa nos ha machacado siempre con el pecado y otras limitaciones que no aguantamos. De ah\u00ed la necesidad que tenemos de que un Dios bueno nos saque las casta\u00f1as del fuego. Pero la realidad es que ese Dios es una creaci\u00f3n nuestra que hemos inventado a prop\u00f3sito con este fin. Como ese dios inventado no existe, resulta imposible que nuestras esperanzas de salvaci\u00f3n se cumplan.<\/span><\/p>\n<p><\/p>\n<p><span>Nuestra tarea es liberar a Dios de los malentendidos con los cuales hemos hecho su rostro irreconocible. Pero m\u00e1s dif\u00edcil a\u00fan, es liberar al hombre de las nefastas consecuencias de esa manera de comprender a Dios. Los desastres de la culpabilidad no podemos achacarlos a Dios. Tampoco tiene la culpa de lo dif\u00edcil que puede resultarnos superar esos prejuicios. Son consecuencia de nuestra propia naturaleza incomprendida y distorsionada.<\/span><\/p>\n<p><\/p>\n<p><span>Termino esta breve introducci\u00f3n con dos ideas que repito machaconamente siempre que tengo oportunidad. Mis reflexiones no son dogmas de fe. Trato solamente de provocar la vivencia personal, para superar las trampas que nos tienen atados a innumerables mitos y prejuicios que nos impiden salir de situaciones opresoras. Para ello debo convencerme de que nadie est\u00e1 en posesi\u00f3n de la verdad, todos la estamos buscando.<\/span><\/p>\n<p><\/p>\n<p><span>Esto tiene que llevarme a permanecer abierto, es decir, permanecer en la apertura sin clausurar nada. Cuando llegues a una conclusi\u00f3n, toma conciencia de que esa conclusi\u00f3n ser\u00e1 siempre inconclusa. De este modo tu b\u00fasqueda no terminar\u00e1 nunca, y, mientras m\u00e1s encuentres, m\u00e1s te quedar\u00e1 para buscar. En cuanto sintamos que hemos llegado a alguna verdad, el ego se aferrar\u00e1 a ella y no permitir\u00e1 a tu mente seguir buscando.<\/span><\/p>\n<p><\/p>\n<p><span>Por \u00faltimo, como he repetido tantas veces, no hablo y escribo para que pens\u00e9is como yo, sino para que pens\u00e9is. Esto que parece una obviedad es m\u00e1s serio de lo que imaginamos. Lo que ha pensado otro no debes darlo por verdad absoluta, debes tomarlo como trampol\u00edn para lanzarte m\u00e1s all\u00e1 de lo que hab\u00edas pensado hasta ahora. A la Verdad debes ir acerc\u00e1ndote t\u00fa mismo, unas veces apoyado en los dem\u00e1s y otras en contra de los dem\u00e1s.<\/span><\/p>\n","protected":false},"excerpt":{"rendered":"<p>RODRIGUEZ ROBLES, FRAY MARCOS<\/p>\n","protected":false},"featured_media":1092041,"template":"","meta":{"_acf_changed":false,"om_disable_all_campaigns":false,"rs_blank_template":"","rs_page_bg_color":"","slide_template_v7":"","inline_featured_image":false,"_monsterinsights_skip_tracking":false,"_monsterinsights_sitenote_active":false,"_monsterinsights_sitenote_note":"","_monsterinsights_sitenote_category":0},"product_brand":[],"product_cat":[487,234,276,414,92,542],"product_tag":[],"class_list":{"0":"post-1092030","1":"product","2":"type-product","3":"status-publish","4":"has-post-thumbnail","6":"product_cat-cristocentrica-espiritualidad-1_espiritualidad","7":"product_cat-cristocentrica","8":"product_cat-cristologia-teologia","9":"product_cat-cristologia-teologia-1_espiritualidad","10":"product_cat-vida-religiosa","11":"product_cat-vida-religiosa-1_espiritualidad-spa","13":"first","14":"instock","15":"taxable","16":"shipping-taxable","17":"purchasable","18":"product-type-simple"},"acf":{"autor":"RODRIGUEZ ROBLES, FRAY MARCOS","codart":"841265647","libros-coleccion":"","ediciones":"1","encuadernacion":"R\u00fastica","fecha_de_publicacion":"24\/03\/2026","novedad":"1","paginas":"230","subtitulo":"","orden":"0","portada":"0","idioma":"spa","booktrailer":"","resenas":"","editorial":[{"ID":148139,"post_author":"3","post_date":"2022-10-14 11:55:56","post_date_gmt":"2022-10-14 09:55:56","post_content":"","post_title":"FE ADULTA, EDICIONES","post_excerpt":"","post_status":"publish","comment_status":"closed","ping_status":"closed","post_password":"","post_name":"fe-adulta-ediciones","to_ping":"","pinged":"","post_modified":"2022-10-14 11:55:56","post_modified_gmt":"2022-10-14 09:55:56","post_content_filtered":"","post_parent":0,"guid":"http:\/\/dev.claret.cat\/editorial\/fe-adulta-ediciones\/","menu_order":0,"post_type":"editorial","post_mime_type":"","comment_count":"0","filter":"raw"}]},"aioseo_notices":[],"_links":{"self":[{"href":"https:\/\/www.claret.cat\/es\/wp-json\/wp\/v2\/product\/1092030","targetHints":{"allow":["GET"]}}],"collection":[{"href":"https:\/\/www.claret.cat\/es\/wp-json\/wp\/v2\/product"}],"about":[{"href":"https:\/\/www.claret.cat\/es\/wp-json\/wp\/v2\/types\/product"}],"wp:featuredmedia":[{"embeddable":true,"href":"https:\/\/www.claret.cat\/es\/wp-json\/wp\/v2\/media\/1092041"}],"wp:attachment":[{"href":"https:\/\/www.claret.cat\/es\/wp-json\/wp\/v2\/media?parent=1092030"}],"wp:term":[{"taxonomy":"product_brand","embeddable":true,"href":"https:\/\/www.claret.cat\/es\/wp-json\/wp\/v2\/product_brand?post=1092030"},{"taxonomy":"product_cat","embeddable":true,"href":"https:\/\/www.claret.cat\/es\/wp-json\/wp\/v2\/product_cat?post=1092030"},{"taxonomy":"product_tag","embeddable":true,"href":"https:\/\/www.claret.cat\/es\/wp-json\/wp\/v2\/product_tag?post=1092030"}],"curies":[{"name":"wp","href":"https:\/\/api.w.org\/{rel}","templated":true}]}}

¿DE QUÉ ME TIENEN QUE SALVAR? ¿QUIÉN ME TIENE QUE SALVAR?

<p><span>La salvación, entendida de una u otra manera, es la oferta de la inmensa mayoría de las religiones. Abarca todos los temas que en religión nos podemos plantear. Pero las religiones están más pendientes de lo que la gente desea que de que alcancen una verdadera liberación. La mayoría de las ofertas de las religiones no van más allá de librar de las limitaciones que la gente percibe como perentorias. Para nada intentan abrir nuevos horizontes.</span></p>
<p></p>
<p><span>Superar todas las trampas que nos han colocado en el camino no va a ser fácil. Debemos estar muy alerta para no caer en la tentación de aceptar como bueno todo lo que las distintas instancias religiosas nos han dicho. Es lo que hacen los políticos para que les voten. Intentaré hablar claro, aunque ello conlleve no responder a las exigencias perentorias de los que me leen. En la vida espiritual no tiene ningún sentido hacernos trampas en el solitario. Mi intención es ayudaros a superar las trampas.</span></p>
<p></p>
<p><span>Nuestra formación (más bien deformación) religiosa nos ha machacado siempre con el pecado y otras limitaciones que no aguantamos. De ahí la necesidad que tenemos de que un Dios bueno nos saque las castañas del fuego. Pero la realidad es que ese Dios es una creación nuestra que hemos inventado a propósito con este fin. Como ese dios inventado no existe, resulta imposible que nuestras esperanzas de salvación se cumplan.</span></p>
<p></p>
<p><span>Nuestra tarea es liberar a Dios de los malentendidos con los cuales hemos hecho su rostro irreconocible. Pero más difícil aún, es liberar al hombre de las nefastas consecuencias de esa manera de comprender a Dios. Los desastres de la culpabilidad no podemos achacarlos a Dios. Tampoco tiene la culpa de lo difícil que puede resultarnos superar esos prejuicios. Son consecuencia de nuestra propia naturaleza incomprendida y distorsionada.</span></p>
<p></p>
<p><span>Termino esta breve introducción con dos ideas que repito machaconamente siempre que tengo oportunidad. Mis reflexiones no son dogmas de fe. Trato solamente de provocar la vivencia personal, para superar las trampas que nos tienen atados a innumerables mitos y prejuicios que nos impiden salir de situaciones opresoras. Para ello debo convencerme de que nadie está en posesión de la verdad, todos la estamos buscando.</span></p>
<p></p>
<p><span>Esto tiene que llevarme a permanecer abierto, es decir, permanecer en la apertura sin clausurar nada. Cuando llegues a una conclusión, toma conciencia de que esa conclusión será siempre inconclusa. De este modo tu búsqueda no terminará nunca, y, mientras más encuentres, más te quedará para buscar. En cuanto sintamos que hemos llegado a alguna verdad, el ego se aferrará a ella y no permitirá a tu mente seguir buscando.</span></p>
<p></p>
<p><span>Por último, como he repetido tantas veces, no hablo y escribo para que penséis como yo, sino para que penséis. Esto que parece una obviedad es más serio de lo que imaginamos. Lo que ha pensado otro no debes darlo por verdad absoluta, debes tomarlo como trampolín para lanzarte más allá de lo que habías pensado hasta ahora. A la Verdad debes ir acercándote tú mismo, unas veces apoyado en los demás y otras en contra de los demás.</span></p>

Rústica
