{"id":1092928,"date":"2026-03-26T14:20:34","date_gmt":"2026-03-26T13:20:34","guid":{"rendered":"https:\/\/www.claret.cat\/llibre\/no-hay-amor-mas-grande-9788413392691\/"},"modified":"2026-04-13T17:10:17","modified_gmt":"2026-04-13T15:10:17","slug":"no-hay-amor-mas-grande-9788413392691","status":"publish","type":"product","link":"https:\/\/www.claret.cat\/es\/libro\/no-hay-amor-mas-grande-9788413392691\/","title":{"rendered":"NO HAY AMOR M\u00c1S GRANDE"},"content":{"rendered":"<p>\u00ab\u00bf<strong>Cre\u00e9is vosotros que el mundo necesita algo distinto del testimonio<\/strong>, de la luz o del calor de esa intensidad absolutamente inconcebible de vida, de esa redenci\u00f3n de la nada, de la mezquindad, de la contradicci\u00f3n, de la muerte?\u00bb, pregunta don Giussani. <strong>\u00abCristo es Dios porque ha vencido a la muerte\u00bb.<\/strong><\/p>\n<p> La vida <strong>de Marcos<\/strong> Pou ha sido \u2014y es\u2014 para muchos una respuesta concisa a estas palabras. Por eso, el lunes 23 de febrero de 2015, cientos de personas llegadas de diferentes lugares del mundo abarrotaron <strong>la iglesia de la Bonanova<\/strong> el d\u00eda de su funeral, para ponerse <strong>ante el misterio de la vida y de la muerte<\/strong>. Apenas diez d\u00edas antes de fallecer, tras acabar la carrera de F\u00edsica, Marcos hab\u00eda ingresado en el <strong>Seminario Conciliar de Barcelona<\/strong>. Ten\u00eda 23 a\u00f1os. \u00bfQui\u00e9n era este joven que, en tan poco tiempo, dej\u00f3 una huella tan profunda?<\/p>\n<p> Esta obra ofrece <strong>un espacio para escuchar su voz.<\/strong> Gracias a la confianza de su familia y amigos, re\u00fane fragmentos de sus diarios, cartas, correos y mensajes, junto con los testimonios de quienes compartieron con \u00e9l los a\u00f1os de universidad, las conversaciones, los viajes y la experiencia de fe vivida en com\u00fan. La historia de Marcos recuerda, de manera sencilla, que <strong>es posible vivir de verdad<\/strong> y que existen presencias humanas que, por la forma en que nos miran, nos hacen <strong>vislumbrar aquello para lo que hemos sido creados<\/strong>.<\/p>\n","protected":false},"excerpt":{"rendered":"<p>ALFONSO CALAVIA ARESPACOCHAGA<\/p>\n","protected":false},"featured_media":1095864,"template":"","meta":{"_acf_changed":false,"om_disable_all_campaigns":false,"rs_blank_template":"","rs_page_bg_color":"","slide_template_v7":"","inline_featured_image":false,"_monsterinsights_skip_tracking":false,"_monsterinsights_sitenote_active":false,"_monsterinsights_sitenote_note":"","_monsterinsights_sitenote_category":0},"product_brand":[],"product_cat":[485,232,491,241],"product_tag":[],"class_list":{"0":"post-1092928","1":"product","2":"type-product","3":"status-publish","4":"has-post-thumbnail","6":"product_cat-autores-espiritualidad-1_espiritualidad","7":"product_cat-autors-espiritualitat","8":"product_cat-testimonios","9":"product_cat-testimonis","11":"first","12":"instock","13":"taxable","14":"shipping-taxable","15":"purchasable","16":"product-type-simple"},"acf":{"autor":"ALFONSO CALAVIA ARESPACOCHAGA","codart":"841339269","libros-coleccion":"","ediciones":"1","encuadernacion":"R\u00fastica","fecha_de_publicacion":"01\/03\/2026","novedad":"1","paginas":"364","subtitulo":"LA VIDA DE MARCOS POU","orden":"0","portada":"0","idioma":"spa","booktrailer":"","resenas":"","editorial":[{"ID":6201,"post_author":"3","post_date":"2022-07-28 17:47:01","post_date_gmt":"2022-07-28 15:47:01","post_content":"","post_title":"Ediciones Encuentro","post_excerpt":"","post_status":"publish","comment_status":"closed","ping_status":"closed","post_password":"","post_name":"ediciones-encuentro","to_ping":"","pinged":"","post_modified":"2022-07-28 17:47:01","post_modified_gmt":"2022-07-28 15:47:01","post_content_filtered":"","post_parent":0,"guid":"http:\/\/dev.claret.cat\/editorial\/ediciones-encuentro\/","menu_order":0,"post_type":"editorial","post_mime_type":"","comment_count":"0","filter":"raw"}]},"aioseo_notices":[],"_links":{"self":[{"href":"https:\/\/www.claret.cat\/es\/wp-json\/wp\/v2\/product\/1092928","targetHints":{"allow":["GET"]}}],"collection":[{"href":"https:\/\/www.claret.cat\/es\/wp-json\/wp\/v2\/product"}],"about":[{"href":"https:\/\/www.claret.cat\/es\/wp-json\/wp\/v2\/types\/product"}],"wp:featuredmedia":[{"embeddable":true,"href":"https:\/\/www.claret.cat\/es\/wp-json\/wp\/v2\/media\/1095864"}],"wp:attachment":[{"href":"https:\/\/www.claret.cat\/es\/wp-json\/wp\/v2\/media?parent=1092928"}],"wp:term":[{"taxonomy":"product_brand","embeddable":true,"href":"https:\/\/www.claret.cat\/es\/wp-json\/wp\/v2\/product_brand?post=1092928"},{"taxonomy":"product_cat","embeddable":true,"href":"https:\/\/www.claret.cat\/es\/wp-json\/wp\/v2\/product_cat?post=1092928"},{"taxonomy":"product_tag","embeddable":true,"href":"https:\/\/www.claret.cat\/es\/wp-json\/wp\/v2\/product_tag?post=1092928"}],"curies":[{"name":"wp","href":"https:\/\/api.w.org\/{rel}","templated":true}]}}

NO HAY AMOR MÁS GRANDE

<p>«¿<strong>Creéis vosotros que el mundo necesita algo distinto del testimonio</strong>, de la luz o del calor de esa intensidad absolutamente inconcebible de vida, de esa redención de la nada, de la mezquindad, de la contradicción, de la muerte?», pregunta don Giussani. <strong>«Cristo es Dios porque ha vencido a la muerte».</strong></p>
<p> La vida <strong>de Marcos</strong> Pou ha sido —y es— para muchos una respuesta concisa a estas palabras. Por eso, el lunes 23 de febrero de 2015, cientos de personas llegadas de diferentes lugares del mundo abarrotaron <strong>la iglesia de la Bonanova</strong> el día de su funeral, para ponerse <strong>ante el misterio de la vida y de la muerte</strong>. Apenas diez días antes de fallecer, tras acabar la carrera de Física, Marcos había ingresado en el <strong>Seminario Conciliar de Barcelona</strong>. Tenía 23 años. ¿Quién era este joven que, en tan poco tiempo, dejó una huella tan profunda?</p>
<p> Esta obra ofrece <strong>un espacio para escuchar su voz.</strong> Gracias a la confianza de su familia y amigos, reúne fragmentos de sus diarios, cartas, correos y mensajes, junto con los testimonios de quienes compartieron con él los años de universidad, las conversaciones, los viajes y la experiencia de fe vivida en común. La historia de Marcos recuerda, de manera sencilla, que <strong>es posible vivir de verdad</strong> y que existen presencias humanas que, por la forma en que nos miran, nos hacen <strong>vislumbrar aquello para lo que hemos sido creados</strong>.</p>

Rústica
