{"id":1092971,"date":"2026-03-26T16:20:01","date_gmt":"2026-03-26T15:20:01","guid":{"rendered":"https:\/\/www.claret.cat\/llibre\/tota-la-passio-apagada-9791387961190\/"},"modified":"2026-04-14T14:40:28","modified_gmt":"2026-04-14T12:40:28","slug":"tota-la-passio-apagada-9791387961190","status":"publish","type":"product","link":"https:\/\/www.claret.cat\/es\/libro\/tota-la-passio-apagada-9791387961190\/","title":{"rendered":"TOTA LA PASSI\u00d3 APAGADA"},"content":{"rendered":"<p>Londres s\u2019ha llevat aquest mat\u00ed amb la not\u00edcia de la mort de Lord Slane, baluard de l\u2019Imperi Brit\u00e0nic, antic virrei de l\u2019\u00cdndia i gran estadista. Deixa sis fills, un munt de nets i besnets, i una viuda: Lady Slane.<br \/> Tothom est\u00e0 disposat a tenir cura de l\u2019abnegada dama, de 88 anys, una dona que ha renunciat a totes les seves passions per dedicar-se a fer el que se suposa que ha de fer l\u2019esposa d\u2019alg\u00fa tan rellevant i que s\u2019ha mostrat sempre d\u00f2cil i sol\u00b7l\u00edcita fent el seu paper de mare i amfitriona en incomptables sopars i cerim\u00f2nies.<br \/> Per\u00f2, per a sorpresa de tothom, Lady Slane t\u00e9 els seus propis plans; principalment viure, per fi, la seva vida, a la seva manera, on ella vulgui i amb qui vulgui. Aix\u00ed, decideix instal\u00b7lar-se en una caseta a Hampstead, on vol dur una vida tranquil\u00b7la, amb l\u2019\u00fanica companyia d\u2019una cambrera francesa, i rebre les seves visites: el propietari de la casa, el mestre d\u2019obres i un exc\u00e8ntric milionari que es va enamorar d\u2019ella a l&#8221;\u00cdndia cinquanta anys enrere.<br \/> Carregada de la ironia i la cr\u00edtica social caracter\u00edstics de Vita Sackville-West, Tota  passi\u00f3 apagada, publicada el 1931, \u00e9s una obra vital i captivadora en qu\u00e8 reivindica la vida callada i secreta de tantes dones que van haver de renunciar als seus somnis i a les seves vocacions per fer un desagra\u00eft paper secundari que consistia a donar suport al seu marit en les seves aspiracions socials i pol\u00edtiques pel b\u00e9 de l\u2019Imperi.<\/p>\n","protected":false},"excerpt":{"rendered":"<p>VITA SACKVILLE-WEST<\/p>\n","protected":false},"featured_media":1092984,"template":"","meta":{"_acf_changed":false,"om_disable_all_campaigns":false,"rs_blank_template":"","rs_page_bg_color":"","slide_template_v7":"","inline_featured_image":false,"_monsterinsights_skip_tracking":false,"_monsterinsights_sitenote_active":false,"_monsterinsights_sitenote_note":"","_monsterinsights_sitenote_category":0},"product_brand":[],"product_cat":[127,357],"product_tag":[],"class_list":{"0":"post-1092971","1":"product","2":"type-product","3":"status-publish","4":"has-post-thumbnail","6":"product_cat-novella-contemporania","7":"product_cat-novela-contemporanea","9":"first","10":"instock","11":"taxable","12":"shipping-taxable","13":"purchasable","14":"product-type-simple"},"acf":{"autor":"VITA SACKVILLE-WEST","codart":"138796119","libros-coleccion":"","ediciones":"1","encuadernacion":"Carton\u00e9","fecha_de_publicacion":"01\/03\/2026","novedad":"1","paginas":"172","subtitulo":"","orden":"0","portada":"0","idioma":"cat","booktrailer":"","resenas":"","editorial":[{"ID":6392,"post_author":"3","post_date":"2022-07-28 17:51:10","post_date_gmt":"2022-07-28 15:51:10","post_content":"","post_title":"Viena","post_excerpt":"","post_status":"publish","comment_status":"closed","ping_status":"closed","post_password":"","post_name":"viena","to_ping":"","pinged":"","post_modified":"2022-07-28 17:51:10","post_modified_gmt":"2022-07-28 15:51:10","post_content_filtered":"","post_parent":0,"guid":"http:\/\/dev.claret.cat\/editorial\/viena\/","menu_order":0,"post_type":"editorial","post_mime_type":"","comment_count":"0","filter":"raw"}]},"aioseo_notices":[],"_links":{"self":[{"href":"https:\/\/www.claret.cat\/es\/wp-json\/wp\/v2\/product\/1092971","targetHints":{"allow":["GET"]}}],"collection":[{"href":"https:\/\/www.claret.cat\/es\/wp-json\/wp\/v2\/product"}],"about":[{"href":"https:\/\/www.claret.cat\/es\/wp-json\/wp\/v2\/types\/product"}],"wp:featuredmedia":[{"embeddable":true,"href":"https:\/\/www.claret.cat\/es\/wp-json\/wp\/v2\/media\/1092984"}],"wp:attachment":[{"href":"https:\/\/www.claret.cat\/es\/wp-json\/wp\/v2\/media?parent=1092971"}],"wp:term":[{"taxonomy":"product_brand","embeddable":true,"href":"https:\/\/www.claret.cat\/es\/wp-json\/wp\/v2\/product_brand?post=1092971"},{"taxonomy":"product_cat","embeddable":true,"href":"https:\/\/www.claret.cat\/es\/wp-json\/wp\/v2\/product_cat?post=1092971"},{"taxonomy":"product_tag","embeddable":true,"href":"https:\/\/www.claret.cat\/es\/wp-json\/wp\/v2\/product_tag?post=1092971"}],"curies":[{"name":"wp","href":"https:\/\/api.w.org\/{rel}","templated":true}]}}

TOTA LA PASSIÓ APAGADA

<p>Londres s’ha llevat aquest matí amb la notícia de la mort de Lord Slane, baluard de l’Imperi Britànic, antic virrei de l’Índia i gran estadista. Deixa sis fills, un munt de nets i besnets, i una viuda: Lady Slane.<br /> Tothom està disposat a tenir cura de l’abnegada dama, de 88 anys, una dona que ha renunciat a totes les seves passions per dedicar-se a fer el que se suposa que ha de fer l’esposa d’algú tan rellevant i que s’ha mostrat sempre dòcil i sol·lícita fent el seu paper de mare i amfitriona en incomptables sopars i cerimònies.<br /> Però, per a sorpresa de tothom, Lady Slane té els seus propis plans; principalment viure, per fi, la seva vida, a la seva manera, on ella vulgui i amb qui vulgui. Així, decideix instal·lar-se en una caseta a Hampstead, on vol dur una vida tranquil·la, amb l’única companyia d’una cambrera francesa, i rebre les seves visites: el propietari de la casa, el mestre d’obres i un excèntric milionari que es va enamorar d’ella a l&#8221;Índia cinquanta anys enrere.<br /> Carregada de la ironia i la crítica social característics de Vita Sackville-West, Tota  passió apagada, publicada el 1931, és una obra vital i captivadora en què reivindica la vida callada i secreta de tantes dones que van haver de renunciar als seus somnis i a les seves vocacions per fer un desagraït paper secundari que consistia a donar suport al seu marit en les seves aspiracions socials i polítiques pel bé de l’Imperi.</p>

Cartoné
