{"id":1093505,"date":"2026-03-30T13:25:02","date_gmt":"2026-03-30T11:25:02","guid":{"rendered":"https:\/\/www.claret.cat\/llibre\/quan-el-mon-dorm-9781387645244\/"},"modified":"2026-04-24T12:56:05","modified_gmt":"2026-04-24T10:56:05","slug":"quan-el-mon-dorm-9791387645243","status":"publish","type":"product","link":"https:\/\/www.claret.cat\/es\/libro\/quan-el-mon-dorm-9791387645243\/","title":{"rendered":"QUAN EL MON DORM"},"content":{"rendered":"<p><strong>L\u2019\u00e0nima d\u2019un lloc el formen les persones que hi viuen<\/strong> i les hist\u00f2ries que s\u2019entrecreuen als seus espais. I aix\u00f2 \u00e9s especialment veritat a <strong>Palestina, guardiana de tradicions hist\u00f2riques transcendentals<\/strong> i escenari d\u2019un dels episodis m\u00e9s dolorosos de la hist\u00f2ria actual.<\/p>\n<p> <strong>Francesca Albanese, relatora especial de l\u2019ONU<\/strong> sobre el territori palest\u00ed ocupat, \u00e9s <strong>una de les figures m\u00e9s autoritzades<\/strong> i coneixedores per parlar de la situaci\u00f3 dels palestins. <strong>Estimada o odiada arreu de planeta<\/strong> per la integritat i la passi\u00f3 amb qu\u00e8 lluita pels drets d\u2019un poble oprimit des de fa molt anys, aqu\u00ed ens ofereix <strong>hist\u00f2ries i meditacions colpidores de la quotidianitat de Gaza<\/strong>. Unes hist\u00f2ries plenes de vida i resist\u00e8ncia explicades de viva veu pels seus protagonistes, un poble que es nega a ser esborrat de la hist\u00f2ria de la humanitat.<\/p>\n<p> <em>Quan el m\u00f3n dorm<\/em> \u00e9s un viatge marcat per deu persones que acompanyen Albanese per entendre <strong>el passat, el present i el futur de Palestina<\/strong>. <strong>La Hind Rajab<\/strong>, que va morir als sis anys sota les bombes que van destruir Gaza, ens obre els ulls sobre qu\u00e8 significa ser una nena en un pa\u00eds on els infants no tenen refugi segur ni se\u2019n respecten les arrels. <strong>L\u2019Abu Hassan<\/strong> ens guia pels llocs de patiment i pen\u00faria als afores de Jerusalem. <strong>En George<\/strong>, un \u00edntim amic de Jerusalem, ens mostra com <strong>enmig de la barb\u00e0rie encara podem trobar espurnes de bellesa<\/strong>. <strong>L\u2019Alon Confino<\/strong>, un destacat estudi\u00f3s de l\u2019Holocaust, ens ajuda a comprendre les contradiccions i conflictes interiors d\u2019un jueu que presencia l\u2019apartheid i en vol la fi. En <strong>Ghassan Abu-Sittah<\/strong>, un cirurgi\u00e0 que va arribar de Londres i va sentir un horror que no s\u2019hagu\u00e9s pogut imaginar mai, ens explica el que es va trobar.<\/p>\n<p> <strong>Deu hist\u00f2ries que connecten amb la vida de moltes altres persones<\/strong> i plantegen unes q\u00fcestions que hem de respondre: quines s\u00f3n les conseq\u00fc\u00e8ncies de l\u2019ocupaci\u00f3? On \u00e9s la llar d\u2019un refugiat? <strong>En quines condicions viu el poble palest\u00ed?<\/strong> Fins on pot arribar la crueltat del genocidi? S\u00f3n interrogants que no podem evitar, vinculats a persones i llocs que ens permeten entendre <strong>qu\u00e8 era Palestina fins al 7 d\u2019octubre de 2023 i qu\u00e8 \u00e9s ara<\/strong>.<\/p>\n<p>&nbsp;<\/p>\n","protected":false},"excerpt":{"rendered":"<p>FRANCESCA ALBANESE<\/p>\n","protected":false},"featured_media":1093645,"template":"","meta":{"_acf_changed":false,"om_disable_all_campaigns":false,"rs_blank_template":"","rs_page_bg_color":"","slide_template_v7":"","inline_featured_image":false,"_monsterinsights_skip_tracking":false,"_monsterinsights_sitenote_active":false,"_monsterinsights_sitenote_note":"","_monsterinsights_sitenote_category":0},"product_brand":[],"product_cat":[152,429,157,370],"product_tag":[],"class_list":{"0":"post-1093505","1":"product","2":"type-product","3":"status-publish","4":"has-post-thumbnail","6":"product_cat-el-mon-actual","7":"product_cat-el-mundo-actual","8":"product_cat-investigacio-i-corrents","9":"product_cat-investigacion-y-corrientes","11":"first","12":"instock","13":"taxable","14":"shipping-taxable","15":"purchasable","16":"product-type-simple"},"acf":{"autor":"FRANCESCA ALBANESE","codart":"138764524","libros-coleccion":"","ediciones":"1","encuadernacion":"R\u00fastica","fecha_de_publicacion":"30\/03\/2026","novedad":"1","paginas":"196","subtitulo":"","orden":"0","portada":"1","idioma":"cat","booktrailer":"","resenas":"","editorial":[{"ID":148876,"post_author":"3","post_date":"2022-10-14 12:01:41","post_date_gmt":"2022-10-14 10:01:41","post_content":"","post_title":"TIGRE DE PAPER","post_excerpt":"","post_status":"publish","comment_status":"closed","ping_status":"closed","post_password":"","post_name":"tigre-de-paper","to_ping":"","pinged":"","post_modified":"2022-10-14 12:01:41","post_modified_gmt":"2022-10-14 10:01:41","post_content_filtered":"","post_parent":0,"guid":"http:\/\/dev.claret.cat\/editorial\/tigre-de-paper\/","menu_order":0,"post_type":"editorial","post_mime_type":"","comment_count":"0","filter":"raw"}]},"aioseo_notices":[],"_links":{"self":[{"href":"https:\/\/www.claret.cat\/es\/wp-json\/wp\/v2\/product\/1093505","targetHints":{"allow":["GET"]}}],"collection":[{"href":"https:\/\/www.claret.cat\/es\/wp-json\/wp\/v2\/product"}],"about":[{"href":"https:\/\/www.claret.cat\/es\/wp-json\/wp\/v2\/types\/product"}],"wp:featuredmedia":[{"embeddable":true,"href":"https:\/\/www.claret.cat\/es\/wp-json\/wp\/v2\/media\/1093645"}],"wp:attachment":[{"href":"https:\/\/www.claret.cat\/es\/wp-json\/wp\/v2\/media?parent=1093505"}],"wp:term":[{"taxonomy":"product_brand","embeddable":true,"href":"https:\/\/www.claret.cat\/es\/wp-json\/wp\/v2\/product_brand?post=1093505"},{"taxonomy":"product_cat","embeddable":true,"href":"https:\/\/www.claret.cat\/es\/wp-json\/wp\/v2\/product_cat?post=1093505"},{"taxonomy":"product_tag","embeddable":true,"href":"https:\/\/www.claret.cat\/es\/wp-json\/wp\/v2\/product_tag?post=1093505"}],"curies":[{"name":"wp","href":"https:\/\/api.w.org\/{rel}","templated":true}]}}

<p><strong>L’ànima d’un lloc el formen les persones que hi viuen</strong> i les històries que s’entrecreuen als seus espais. I això és especialment veritat a <strong>Palestina, guardiana de tradicions històriques transcendentals</strong> i escenari d’un dels episodis més dolorosos de la història actual.</p>
<p> <strong>Francesca Albanese, relatora especial de l’ONU</strong> sobre el territori palestí ocupat, és <strong>una de les figures més autoritzades</strong> i coneixedores per parlar de la situació dels palestins. <strong>Estimada o odiada arreu de planeta</strong> per la integritat i la passió amb què lluita pels drets d’un poble oprimit des de fa molt anys, aquí ens ofereix <strong>històries i meditacions colpidores de la quotidianitat de Gaza</strong>. Unes històries plenes de vida i resistència explicades de viva veu pels seus protagonistes, un poble que es nega a ser esborrat de la història de la humanitat.</p>
<p> <em>Quan el món dorm</em> és un viatge marcat per deu persones que acompanyen Albanese per entendre <strong>el passat, el present i el futur de Palestina</strong>. <strong>La Hind Rajab</strong>, que va morir als sis anys sota les bombes que van destruir Gaza, ens obre els ulls sobre què significa ser una nena en un país on els infants no tenen refugi segur ni se’n respecten les arrels. <strong>L’Abu Hassan</strong> ens guia pels llocs de patiment i penúria als afores de Jerusalem. <strong>En George</strong>, un íntim amic de Jerusalem, ens mostra com <strong>enmig de la barbàrie encara podem trobar espurnes de bellesa</strong>. <strong>L’Alon Confino</strong>, un destacat estudiós de l’Holocaust, ens ajuda a comprendre les contradiccions i conflictes interiors d’un jueu que presencia l’apartheid i en vol la fi. En <strong>Ghassan Abu-Sittah</strong>, un cirurgià que va arribar de Londres i va sentir un horror que no s’hagués pogut imaginar mai, ens explica el que es va trobar.</p>
<p> <strong>Deu històries que connecten amb la vida de moltes altres persones</strong> i plantegen unes qüestions que hem de respondre: quines són les conseqüències de l’ocupació? On és la llar d’un refugiat? <strong>En quines condicions viu el poble palestí?</strong> Fins on pot arribar la crueltat del genocidi? Són interrogants que no podem evitar, vinculats a persones i llocs que ens permeten entendre <strong>què era Palestina fins al 7 d’octubre de 2023 i què és ara</strong>.</p>
<p>&nbsp;</p>

Rústica
