{"id":1093751,"date":"2026-03-31T16:16:57","date_gmt":"2026-03-31T14:16:57","guid":{"rendered":"https:\/\/www.claret.cat\/llibre\/la-herencia-inesperada-de-madame-fantome-9788419467744-2\/"},"modified":"2026-04-01T17:51:33","modified_gmt":"2026-04-01T15:51:33","slug":"la-herencia-inesperada-de-madame-fantome-9788419467744-2","status":"publish","type":"product","link":"https:\/\/www.claret.cat\/es\/libro\/la-herencia-inesperada-de-madame-fantome-9788419467744-2\/","title":{"rendered":"LA HERENCIA INESPERADA DE MADAME FANT\u00d4ME"},"content":{"rendered":"<p>Cuando Emily Taylor acept\u00f3 vivir en la mansi\u00f3n de Agatha Lacroix durante su a\u00f1o de estudios en el extranjero, jam\u00e1s imagin\u00f3 que aquella anciana exc\u00e9ntrica se convertir\u00eda en su persona favorita. Y mucho menos que, cinco a\u00f1os despu\u00e9s, Agatha la incluir\u00eda en su testamento. \u00bfEl problema? No es la \u00fanica heredera. Math\u00e9o Lacroix, su nieto, tambi\u00e9n opta a la gran fortuna.<br \/> Obligados a viajar juntos para resolver una serie de pistas y enigmas con los que descubrir\u00e1n que Agatha ten\u00eda muchos m\u00e1s secretos de los que imaginaban, deber\u00e1n competir entre ellos para ganar la herencia. Lo que ninguno espera es que, mientras intentan aguantarse, empiecen a derrumbarse sus prejuicios. Porque para resolver los acertijos de Agatha tendr\u00e1n que confiar, apoyarse y, tal vez, descubrir que lo que realmente estaba intentando legarles no era dinero, sino la posibilidad de encontrarse el uno al otro.<\/p>\n","protected":false},"excerpt":{"rendered":"<p>S. M. ALCAINE<\/p>\n","protected":false},"featured_media":1094197,"template":"","meta":{"_acf_changed":false,"om_disable_all_campaigns":false,"rs_blank_template":"","rs_page_bg_color":"","slide_template_v7":"","inline_featured_image":false,"_monsterinsights_skip_tracking":false,"_monsterinsights_sitenote_active":false,"_monsterinsights_sitenote_note":"","_monsterinsights_sitenote_category":0},"product_brand":[],"product_cat":[133,566,117,363],"product_tag":[],"class_list":{"0":"post-1093751","1":"product","2":"type-product","3":"status-publish","4":"has-post-thumbnail","6":"product_cat-lectures-per-adolescents-12-18-anys","7":"product_cat-juvenil-3_infantil-juvenil-spa-spa","8":"product_cat-juvenil","9":"product_cat-lecturas-por-adolescentes-12-18-anos","11":"first","12":"instock","13":"taxable","14":"shipping-taxable","15":"purchasable","16":"product-type-simple"},"acf":{"autor":"S. M. ALCAINE","codart":"841946774","libros-coleccion":"","ediciones":"1","encuadernacion":"R\u00fastica","fecha_de_publicacion":"01\/04\/2026","novedad":"1","paginas":"400","subtitulo":"","orden":"0","portada":"0","idioma":"spa","booktrailer":"","resenas":"","editorial":[{"ID":147954,"post_author":"3","post_date":"2022-10-14 11:54:30","post_date_gmt":"2022-10-14 09:54:30","post_content":"","post_title":"Editorial Del Nuevo Extremo","post_excerpt":"","post_status":"publish","comment_status":"closed","ping_status":"closed","post_password":"","post_name":"editorial-del-nuevo-extremo","to_ping":"","pinged":"","post_modified":"2022-10-14 11:54:30","post_modified_gmt":"2022-10-14 09:54:30","post_content_filtered":"","post_parent":0,"guid":"http:\/\/dev.claret.cat\/editorial\/editorial-del-nuevo-extremo\/","menu_order":0,"post_type":"editorial","post_mime_type":"","comment_count":"0","filter":"raw"}]},"aioseo_notices":[],"_links":{"self":[{"href":"https:\/\/www.claret.cat\/es\/wp-json\/wp\/v2\/product\/1093751","targetHints":{"allow":["GET"]}}],"collection":[{"href":"https:\/\/www.claret.cat\/es\/wp-json\/wp\/v2\/product"}],"about":[{"href":"https:\/\/www.claret.cat\/es\/wp-json\/wp\/v2\/types\/product"}],"wp:featuredmedia":[{"embeddable":true,"href":"https:\/\/www.claret.cat\/es\/wp-json\/wp\/v2\/media\/1094197"}],"wp:attachment":[{"href":"https:\/\/www.claret.cat\/es\/wp-json\/wp\/v2\/media?parent=1093751"}],"wp:term":[{"taxonomy":"product_brand","embeddable":true,"href":"https:\/\/www.claret.cat\/es\/wp-json\/wp\/v2\/product_brand?post=1093751"},{"taxonomy":"product_cat","embeddable":true,"href":"https:\/\/www.claret.cat\/es\/wp-json\/wp\/v2\/product_cat?post=1093751"},{"taxonomy":"product_tag","embeddable":true,"href":"https:\/\/www.claret.cat\/es\/wp-json\/wp\/v2\/product_tag?post=1093751"}],"curies":[{"name":"wp","href":"https:\/\/api.w.org\/{rel}","templated":true}]}}

LA HERENCIA INESPERADA DE MADAME FANTÔME

<p>Cuando Emily Taylor aceptó vivir en la mansión de Agatha Lacroix durante su año de estudios en el extranjero, jamás imaginó que aquella anciana excéntrica se convertiría en su persona favorita. Y mucho menos que, cinco años después, Agatha la incluiría en su testamento. ¿El problema? No es la única heredera. Mathéo Lacroix, su nieto, también opta a la gran fortuna.<br /> Obligados a viajar juntos para resolver una serie de pistas y enigmas con los que descubrirán que Agatha tenía muchos más secretos de los que imaginaban, deberán competir entre ellos para ganar la herencia. Lo que ninguno espera es que, mientras intentan aguantarse, empiecen a derrumbarse sus prejuicios. Porque para resolver los acertijos de Agatha tendrán que confiar, apoyarse y, tal vez, descubrir que lo que realmente estaba intentando legarles no era dinero, sino la posibilidad de encontrarse el uno al otro.</p>

Rústica
