{"id":1093861,"date":"2026-03-31T17:46:13","date_gmt":"2026-03-31T15:46:13","guid":{"rendered":"https:\/\/www.claret.cat\/llibre\/dema-i-dema-i-dema-9791387726485\/"},"modified":"2026-04-29T16:20:20","modified_gmt":"2026-04-29T14:20:20","slug":"dema-i-dema-i-dema-9791387726485","status":"publish","type":"product","link":"https:\/\/www.claret.cat\/es\/libro\/dema-i-dema-i-dema-9791387726485\/","title":{"rendered":"DEM\u00c0, I DEM\u00c0, I DEM\u00c0"},"content":{"rendered":"<p>Des de ben petits, en Sam i la Sadie comparteixen l\u2019afici\u00f3 pels videojocs. All\u00e0 hi experimenten la llibertat i l\u2019alegria que els manca al m\u00f3n real, on senten que no acaben d\u2019encaixar. Quan es retroben anys m\u00e9s tard, decideixen apostar pels seus somnis i viure de la creaci\u00f3 d\u2019aquests universos fant\u00e0stics i imaginaris sense preveure, per\u00f2, que ben aviat s\u2019enfrontaran a un \u00e8xit imprevist i imparable que posar\u00e0 en dubte la naturalesa de la seva relaci\u00f3. Aquesta \u00e9s la hist\u00f2ria dels mons que construeixen els dos amics, perfectes per\u00f2 irreals, i tamb\u00e9 de la impossibilitat per adaptar-se a la ferocitat del que comporta el triomf: els diners, la fama, les identitats q\u00fcestionades i la trag\u00e8dia.<\/p>\n<p>  Dem\u00e0, i dem\u00e0, i dem\u00e0 \u00e9s un relat sobre la nostra necessitat de connectar, d\u2019estimar i de ser estimats. Una obra commovedora sobre els l\u00edmits de l\u2019amistat i l\u2019amor, i una oda al refugi que ens ofereix la imaginaci\u00f3.<\/p>\n","protected":false},"excerpt":{"rendered":"<p>GABRIELLE ZEVIN<\/p>\n","protected":false},"featured_media":1094111,"template":"","meta":{"_acf_changed":false,"om_disable_all_campaigns":false,"rs_blank_template":"","rs_page_bg_color":"","slide_template_v7":"","inline_featured_image":false,"_monsterinsights_skip_tracking":false,"_monsterinsights_sitenote_active":false,"_monsterinsights_sitenote_note":"","_monsterinsights_sitenote_category":0},"product_brand":[],"product_cat":[127,357],"product_tag":[],"class_list":{"0":"post-1093861","1":"product","2":"type-product","3":"status-publish","4":"has-post-thumbnail","6":"product_cat-novella-contemporania","7":"product_cat-novela-contemporanea","9":"first","10":"instock","11":"taxable","12":"shipping-taxable","13":"purchasable","14":"product-type-simple"},"acf":{"autor":"GABRIELLE ZEVIN","codart":"138772648","libros-coleccion":"","ediciones":"1","encuadernacion":"R\u00fastica","fecha_de_publicacion":"01\/03\/2026","novedad":"1","paginas":"554","subtitulo":"PREMI GOODREADS 2022","orden":"0","portada":"0","idioma":"cat","booktrailer":"","resenas":"","editorial":[{"ID":6213,"post_author":"3","post_date":"2022-07-28 17:47:17","post_date_gmt":"2022-07-28 15:47:17","post_content":"","post_title":"EDICIONS DEL PERISCOPI","post_excerpt":"","post_status":"publish","comment_status":"closed","ping_status":"closed","post_password":"","post_name":"edicions-del-periscopi","to_ping":"","pinged":"","post_modified":"2022-07-28 17:47:17","post_modified_gmt":"2022-07-28 15:47:17","post_content_filtered":"","post_parent":0,"guid":"http:\/\/dev.claret.cat\/editorial\/edicions-del-periscopi\/","menu_order":0,"post_type":"editorial","post_mime_type":"","comment_count":"0","filter":"raw"}]},"aioseo_notices":[],"_links":{"self":[{"href":"https:\/\/www.claret.cat\/es\/wp-json\/wp\/v2\/product\/1093861","targetHints":{"allow":["GET"]}}],"collection":[{"href":"https:\/\/www.claret.cat\/es\/wp-json\/wp\/v2\/product"}],"about":[{"href":"https:\/\/www.claret.cat\/es\/wp-json\/wp\/v2\/types\/product"}],"wp:featuredmedia":[{"embeddable":true,"href":"https:\/\/www.claret.cat\/es\/wp-json\/wp\/v2\/media\/1094111"}],"wp:attachment":[{"href":"https:\/\/www.claret.cat\/es\/wp-json\/wp\/v2\/media?parent=1093861"}],"wp:term":[{"taxonomy":"product_brand","embeddable":true,"href":"https:\/\/www.claret.cat\/es\/wp-json\/wp\/v2\/product_brand?post=1093861"},{"taxonomy":"product_cat","embeddable":true,"href":"https:\/\/www.claret.cat\/es\/wp-json\/wp\/v2\/product_cat?post=1093861"},{"taxonomy":"product_tag","embeddable":true,"href":"https:\/\/www.claret.cat\/es\/wp-json\/wp\/v2\/product_tag?post=1093861"}],"curies":[{"name":"wp","href":"https:\/\/api.w.org\/{rel}","templated":true}]}}

DEMÀ, I DEMÀ, I DEMÀ

<p>Des de ben petits, en Sam i la Sadie comparteixen l’afició pels videojocs. Allà hi experimenten la llibertat i l’alegria que els manca al món real, on senten que no acaben d’encaixar. Quan es retroben anys més tard, decideixen apostar pels seus somnis i viure de la creació d’aquests universos fantàstics i imaginaris sense preveure, però, que ben aviat s’enfrontaran a un èxit imprevist i imparable que posarà en dubte la naturalesa de la seva relació. Aquesta és la història dels mons que construeixen els dos amics, perfectes però irreals, i també de la impossibilitat per adaptar-se a la ferocitat del que comporta el triomf: els diners, la fama, les identitats qüestionades i la tragèdia.</p>
<p>  Demà, i demà, i demà és un relat sobre la nostra necessitat de connectar, d’estimar i de ser estimats. Una obra commovedora sobre els límits de l’amistat i l’amor, i una oda al refugi que ens ofereix la imaginació.</p>

Rústica
