{"id":1093876,"date":"2026-03-31T17:53:27","date_gmt":"2026-03-31T15:53:27","guid":{"rendered":"https:\/\/www.claret.cat\/llibre\/aprendre-a-parlar-amb-les-plantes-9791387726478\/"},"modified":"2026-04-18T10:50:06","modified_gmt":"2026-04-18T08:50:06","slug":"aprendre-a-parlar-amb-les-plantes-9791387726478","status":"publish","type":"product","link":"https:\/\/www.claret.cat\/es\/libro\/aprendre-a-parlar-amb-les-plantes-9791387726478\/","title":{"rendered":"APRENDRE A PARLAR AMB LES PLANTES"},"content":{"rendered":"<p>La Paula t\u00e9 quaranta anys, \u00e9s neonat\u00f2loga i est\u00e0 viva. Quan una revelaci\u00f3 i una p\u00e8rdua sobtada la porten a submergir-se en ella mateixa, empr\u00e8n un cam\u00ed que l\u2019endinsar\u00e0 en la r\u00e0bia, la por, el desig i la reconstrucci\u00f3 personal, i que li despertar\u00e0 l\u2019instint de superviv\u00e8ncia. Desorientada, s\u2019haur\u00e0 d\u2019enfrontar fins i tot a ella mateixa per reorganitzar una geografia emocional que sent extingida. &#8216;Aprendre a parlar amb les plantes&#8217; \u00e9s una novel\u00b7la delicada escrita des del punt de vista d\u2019una dona que haur\u00e0 de reconciliar-se amb un m\u00f3n que ja no reconeix. La narrativa de Marta Orriols, emotiva, intensa i reflexiva, ens convida a quedar-nos amb el que \u00e9s essencial. Un llibre \u00edntim que teixeix un relat proper capa\u00e7 d\u2019enfrontar-se al dolor m\u00e9s punyent amb una maduresa estil\u00edstica molt poc habitual.<\/p>\n","protected":false},"excerpt":{"rendered":"<p>MARTA ORRIOLS BALAGUER<\/p>\n","protected":false},"featured_media":1094109,"template":"","meta":{"_acf_changed":false,"om_disable_all_campaigns":false,"rs_blank_template":"","rs_page_bg_color":"","slide_template_v7":"","inline_featured_image":false,"_monsterinsights_skip_tracking":false,"_monsterinsights_sitenote_active":false,"_monsterinsights_sitenote_note":"","_monsterinsights_sitenote_category":0},"product_brand":[],"product_cat":[127,357],"product_tag":[],"class_list":{"0":"post-1093876","1":"product","2":"type-product","3":"status-publish","4":"has-post-thumbnail","6":"product_cat-novella-contemporania","7":"product_cat-novela-contemporanea","9":"first","10":"instock","11":"taxable","12":"shipping-taxable","13":"purchasable","14":"product-type-simple"},"acf":{"autor":"MARTA ORRIOLS BALAGUER","codart":"138772647","libros-coleccion":"","ediciones":"1","encuadernacion":"R\u00fastica","fecha_de_publicacion":"01\/03\/2026","novedad":"1","paginas":"236","subtitulo":"(PREMI \u00d2MNIUM A LA MILLOR NOVEL\u00b7LA DE L''ANY)","orden":"0","portada":"0","idioma":"cat","booktrailer":"","resenas":"","editorial":[{"ID":6213,"post_author":"3","post_date":"2022-07-28 17:47:17","post_date_gmt":"2022-07-28 15:47:17","post_content":"","post_title":"EDICIONS DEL PERISCOPI","post_excerpt":"","post_status":"publish","comment_status":"closed","ping_status":"closed","post_password":"","post_name":"edicions-del-periscopi","to_ping":"","pinged":"","post_modified":"2022-07-28 17:47:17","post_modified_gmt":"2022-07-28 15:47:17","post_content_filtered":"","post_parent":0,"guid":"http:\/\/dev.claret.cat\/editorial\/edicions-del-periscopi\/","menu_order":0,"post_type":"editorial","post_mime_type":"","comment_count":"0","filter":"raw"}]},"aioseo_notices":[],"_links":{"self":[{"href":"https:\/\/www.claret.cat\/es\/wp-json\/wp\/v2\/product\/1093876","targetHints":{"allow":["GET"]}}],"collection":[{"href":"https:\/\/www.claret.cat\/es\/wp-json\/wp\/v2\/product"}],"about":[{"href":"https:\/\/www.claret.cat\/es\/wp-json\/wp\/v2\/types\/product"}],"wp:featuredmedia":[{"embeddable":true,"href":"https:\/\/www.claret.cat\/es\/wp-json\/wp\/v2\/media\/1094109"}],"wp:attachment":[{"href":"https:\/\/www.claret.cat\/es\/wp-json\/wp\/v2\/media?parent=1093876"}],"wp:term":[{"taxonomy":"product_brand","embeddable":true,"href":"https:\/\/www.claret.cat\/es\/wp-json\/wp\/v2\/product_brand?post=1093876"},{"taxonomy":"product_cat","embeddable":true,"href":"https:\/\/www.claret.cat\/es\/wp-json\/wp\/v2\/product_cat?post=1093876"},{"taxonomy":"product_tag","embeddable":true,"href":"https:\/\/www.claret.cat\/es\/wp-json\/wp\/v2\/product_tag?post=1093876"}],"curies":[{"name":"wp","href":"https:\/\/api.w.org\/{rel}","templated":true}]}}

<p>La Paula té quaranta anys, és neonatòloga i està viva. Quan una revelació i una pèrdua sobtada la porten a submergir-se en ella mateixa, emprèn un camí que l’endinsarà en la ràbia, la por, el desig i la reconstrucció personal, i que li despertarà l’instint de supervivència. Desorientada, s’haurà d’enfrontar fins i tot a ella mateixa per reorganitzar una geografia emocional que sent extingida. &#8216;Aprendre a parlar amb les plantes&#8217; és una novel·la delicada escrita des del punt de vista d’una dona que haurà de reconciliar-se amb un món que ja no reconeix. La narrativa de Marta Orriols, emotiva, intensa i reflexiva, ens convida a quedar-nos amb el que és essencial. Un llibre íntim que teixeix un relat proper capaç d’enfrontar-se al dolor més punyent amb una maduresa estilística molt poc habitual.</p>

Rústica

(PREMI ÒMNIUM A LA MILLOR NOVEL·LA DE L''ANY)
