{"id":1093889,"date":"2026-03-31T18:15:33","date_gmt":"2026-03-31T16:15:33","guid":{"rendered":"https:\/\/www.claret.cat\/llibre\/pim-pam-i-pum-9788410332935\/"},"modified":"2026-04-01T17:51:59","modified_gmt":"2026-04-01T15:51:59","slug":"pim-pam-i-pum-9788410332935","status":"publish","type":"product","link":"https:\/\/www.claret.cat\/es\/libro\/pim-pam-i-pum-9788410332935\/","title":{"rendered":"PIM PAM I PUM"},"content":{"rendered":"<p>En Pim, en Pam i en Pum (una musaranya, un ratol\u00ed de laboratori i un h\u00e0mster) frisen per escapar-se de les seves g\u00e0bies. Sempre han viscut engabiats i han desenvolupat capacitats poc habituals. Despr\u00e9s d\u2019alguns fracassos, aconsegueixen sortir al m\u00f3n exterior. Un cop lliures, per\u00f2, les coses no seran com s\u2019esperaven i les dificultats es multiplicaran r\u00e0pidament. &#8221;Pim, Pam i Pum&#8221; \u00e9s una aventura salvatge i divertida per a primers lectors que, de passada, permet aprendre curiositats sobre aquestes tres esp\u00e8cies. Les seves p\u00e0gines amb t\u00e8cnica mixta d\u2019aquarel\u00b7la s\u00f3n c\u00e0lides i sense di\u00e0legs perqu\u00e8 la hist\u00f2ria s\u2019explica nom\u00e9s amb la veu del narrador, acostant aix\u00ed el c\u00f2mic al llenguatge de l\u2019\u00e0lbum il\u00b7lustrat.<\/p>\n","protected":false},"excerpt":{"rendered":"<p>VV.AA<\/p>\n","protected":false},"featured_media":1094199,"template":"","meta":{"_acf_changed":false,"om_disable_all_campaigns":false,"rs_blank_template":"","rs_page_bg_color":"","slide_template_v7":"","inline_featured_image":false,"_monsterinsights_skip_tracking":false,"_monsterinsights_sitenote_active":false,"_monsterinsights_sitenote_note":"","_monsterinsights_sitenote_category":0},"product_brand":[],"product_cat":[131,361],"product_tag":[],"class_list":{"0":"post-1093889","1":"product","2":"type-product","3":"status-publish","4":"has-post-thumbnail","6":"product_cat-contes-per-infants-0-6-anys","7":"product_cat-cuentos-para-ninos-0-6-anos","9":"first","10":"instock","11":"taxable","12":"shipping-taxable","13":"purchasable","14":"product-type-simple"},"acf":{"autor":"VV.AA","codart":"841033293","libros-coleccion":"","ediciones":"1","encuadernacion":"Carton\u00e9","fecha_de_publicacion":"01\/04\/2026","novedad":"1","paginas":"90","subtitulo":"","orden":"0","portada":"0","idioma":"spa","booktrailer":"","resenas":"","editorial":[{"ID":6130,"post_author":"3","post_date":"2022-07-28 17:45:32","post_date_gmt":"2022-07-28 15:45:32","post_content":"","post_title":"ASTIBERRI EDICIONES","post_excerpt":"","post_status":"publish","comment_status":"closed","ping_status":"closed","post_password":"","post_name":"astiberri-ediciones","to_ping":"","pinged":"","post_modified":"2022-07-28 17:45:32","post_modified_gmt":"2022-07-28 15:45:32","post_content_filtered":"","post_parent":0,"guid":"http:\/\/dev.claret.cat\/editorial\/astiberri-ediciones\/","menu_order":0,"post_type":"editorial","post_mime_type":"","comment_count":"0","filter":"raw"}]},"aioseo_notices":[],"_links":{"self":[{"href":"https:\/\/www.claret.cat\/es\/wp-json\/wp\/v2\/product\/1093889","targetHints":{"allow":["GET"]}}],"collection":[{"href":"https:\/\/www.claret.cat\/es\/wp-json\/wp\/v2\/product"}],"about":[{"href":"https:\/\/www.claret.cat\/es\/wp-json\/wp\/v2\/types\/product"}],"wp:featuredmedia":[{"embeddable":true,"href":"https:\/\/www.claret.cat\/es\/wp-json\/wp\/v2\/media\/1094199"}],"wp:attachment":[{"href":"https:\/\/www.claret.cat\/es\/wp-json\/wp\/v2\/media?parent=1093889"}],"wp:term":[{"taxonomy":"product_brand","embeddable":true,"href":"https:\/\/www.claret.cat\/es\/wp-json\/wp\/v2\/product_brand?post=1093889"},{"taxonomy":"product_cat","embeddable":true,"href":"https:\/\/www.claret.cat\/es\/wp-json\/wp\/v2\/product_cat?post=1093889"},{"taxonomy":"product_tag","embeddable":true,"href":"https:\/\/www.claret.cat\/es\/wp-json\/wp\/v2\/product_tag?post=1093889"}],"curies":[{"name":"wp","href":"https:\/\/api.w.org\/{rel}","templated":true}]}}

<p>En Pim, en Pam i en Pum (una musaranya, un ratolí de laboratori i un hàmster) frisen per escapar-se de les seves gàbies. Sempre han viscut engabiats i han desenvolupat capacitats poc habituals. Després d’alguns fracassos, aconsegueixen sortir al món exterior. Un cop lliures, però, les coses no seran com s’esperaven i les dificultats es multiplicaran ràpidament. &#8221;Pim, Pam i Pum&#8221; és una aventura salvatge i divertida per a primers lectors que, de passada, permet aprendre curiositats sobre aquestes tres espècies. Les seves pàgines amb tècnica mixta d’aquarel·la són càlides i sense diàlegs perquè la història s’explica només amb la veu del narrador, acostant així el còmic al llenguatge de l’àlbum il·lustrat.</p>

Cartoné
