{"id":1094048,"date":"2026-04-01T14:47:48","date_gmt":"2026-04-01T12:47:48","guid":{"rendered":"https:\/\/www.claret.cat\/llibre\/el-halcon-de-al-andalus-9791370202668\/"},"modified":"2026-04-01T17:59:28","modified_gmt":"2026-04-01T15:59:28","slug":"el-halcon-de-al-andalus-9791370202668","status":"publish","type":"product","link":"https:\/\/www.claret.cat\/es\/libro\/el-halcon-de-al-andalus-9791370202668\/","title":{"rendered":"EL HALC\u00d3N DE AL \u00c1NDALUS"},"content":{"rendered":"<p>En el pedregoso y polvoriento desierto de Jordania se encuentra el enigm\u00e1tico Qusayr Amra, uno de aquellos palacios del desierto de la dinast\u00eda Omeya, celebre por sus excepcionales frescos. Entre ellos, se encuentra el conocido como Fresco de los Seis Reyes, que representa a soberanos de diversos reinos de los albores del siglo VIII como el emperador de Bizancio o el soberano sas\u00e1nida. Pero es la imagen Rodrigo, rey de los visigodos de Spania, la que resulta m\u00e1s enigm\u00e1tica pues, aunque fue derrotado y muerto en la Batalla del Guadalete a manos de los conquistadores musulmanes en el a\u00f1o 711, sy imagen aparece en este fastuoso palacio construido con posterioridad&#8230;. Es en esa oscura y nebulosa narrativa hist\u00f3rica en la que se sumerge esta novela, protagonizada por la enigm\u00e1tica figura de Abd al-Rahman al-Dajil (\u00abel Emigrado\u00bb) quien, al descubrir los lazos familiares que le unen a Rodrigo, se embarca en una fant\u00e1stica aventura que le empuja al lejano y ca\u00f3tico al-Andalus, all\u00e1 donde se hunden sus ra\u00edces, y donde siente que el destino le llama a ser su leg\u00edtimo gobernante.<\/p>\n","protected":false},"excerpt":{"rendered":"<p>FRANCISCO GAMBOA VERA<\/p>\n","protected":false},"featured_media":1094215,"template":"","meta":{"_acf_changed":false,"om_disable_all_campaigns":false,"rs_blank_template":"","rs_page_bg_color":"","slide_template_v7":"","inline_featured_image":false,"_monsterinsights_skip_tracking":false,"_monsterinsights_sitenote_active":false,"_monsterinsights_sitenote_note":"","_monsterinsights_sitenote_category":0},"product_brand":[],"product_cat":[130,360],"product_tag":[],"class_list":{"0":"post-1094048","1":"product","2":"type-product","3":"status-publish","4":"has-post-thumbnail","6":"product_cat-novella-historica-i-ficcio","7":"product_cat-novela-historica-y-ficcion","9":"first","10":"instock","11":"taxable","12":"shipping-taxable","13":"purchasable","14":"product-type-simple"},"acf":{"autor":"FRANCISCO GAMBOA VERA","codart":"137020266","libros-coleccion":"","ediciones":"1","encuadernacion":"R\u00fastica","fecha_de_publicacion":"01\/03\/2026","novedad":"1","paginas":"156","subtitulo":"","orden":"0","portada":"0","idioma":"spa","booktrailer":"","resenas":"","editorial":[{"ID":147409,"post_author":"3","post_date":"2022-10-14 11:50:21","post_date_gmt":"2022-10-14 09:50:21","post_content":"","post_title":"ALMUZARA EDITORIAL","post_excerpt":"","post_status":"publish","comment_status":"closed","ping_status":"closed","post_password":"","post_name":"almuzara-editorial","to_ping":"","pinged":"","post_modified":"2022-10-14 11:50:21","post_modified_gmt":"2022-10-14 09:50:21","post_content_filtered":"","post_parent":0,"guid":"http:\/\/dev.claret.cat\/editorial\/almuzara-editorial\/","menu_order":0,"post_type":"editorial","post_mime_type":"","comment_count":"0","filter":"raw"}]},"aioseo_notices":[],"_links":{"self":[{"href":"https:\/\/www.claret.cat\/es\/wp-json\/wp\/v2\/product\/1094048","targetHints":{"allow":["GET"]}}],"collection":[{"href":"https:\/\/www.claret.cat\/es\/wp-json\/wp\/v2\/product"}],"about":[{"href":"https:\/\/www.claret.cat\/es\/wp-json\/wp\/v2\/types\/product"}],"wp:featuredmedia":[{"embeddable":true,"href":"https:\/\/www.claret.cat\/es\/wp-json\/wp\/v2\/media\/1094215"}],"wp:attachment":[{"href":"https:\/\/www.claret.cat\/es\/wp-json\/wp\/v2\/media?parent=1094048"}],"wp:term":[{"taxonomy":"product_brand","embeddable":true,"href":"https:\/\/www.claret.cat\/es\/wp-json\/wp\/v2\/product_brand?post=1094048"},{"taxonomy":"product_cat","embeddable":true,"href":"https:\/\/www.claret.cat\/es\/wp-json\/wp\/v2\/product_cat?post=1094048"},{"taxonomy":"product_tag","embeddable":true,"href":"https:\/\/www.claret.cat\/es\/wp-json\/wp\/v2\/product_tag?post=1094048"}],"curies":[{"name":"wp","href":"https:\/\/api.w.org\/{rel}","templated":true}]}}

EL HALCÓN DE AL ÁNDALUS

<p>En el pedregoso y polvoriento desierto de Jordania se encuentra el enigmático Qusayr Amra, uno de aquellos palacios del desierto de la dinastía Omeya, celebre por sus excepcionales frescos. Entre ellos, se encuentra el conocido como Fresco de los Seis Reyes, que representa a soberanos de diversos reinos de los albores del siglo VIII como el emperador de Bizancio o el soberano sasánida. Pero es la imagen Rodrigo, rey de los visigodos de Spania, la que resulta más enigmática pues, aunque fue derrotado y muerto en la Batalla del Guadalete a manos de los conquistadores musulmanes en el año 711, sy imagen aparece en este fastuoso palacio construido con posterioridad&#8230;. Es en esa oscura y nebulosa narrativa histórica en la que se sumerge esta novela, protagonizada por la enigmática figura de Abd al-Rahman al-Dajil («el Emigrado») quien, al descubrir los lazos familiares que le unen a Rodrigo, se embarca en una fantástica aventura que le empuja al lejano y caótico al-Andalus, allá donde se hunden sus raíces, y donde siente que el destino le llama a ser su legítimo gobernante.</p>

Rústica
