{"id":1094287,"date":"2026-04-01T22:56:05","date_gmt":"2026-04-01T20:56:05","guid":{"rendered":"https:\/\/www.claret.cat\/llibre\/pobles-despoblats-del-pirineu-9788470112065\/"},"modified":"2026-04-02T11:10:48","modified_gmt":"2026-04-02T09:10:48","slug":"pobles-despoblats-del-pirineu-9788470112065","status":"publish","type":"product","link":"https:\/\/www.claret.cat\/es\/libro\/pobles-despoblats-del-pirineu-9788470112065\/","title":{"rendered":"POBLES DESPOBLATS DEL PIRINEU"},"content":{"rendered":"<p>Entre 80 i 100 pobles del Pirineu catal\u00e0 estan avui deshabitats, especialment als Pallars Juss\u00e0, l\u00c1lta Ribagor\u00e7a i l\u2019Alt Urgell,<\/p>\n<p>Aquesta guia convida a rec\u00f3rrer camins cap a aquests indrets oblidats, combinant exploraci\u00f3, mem\u00f2ria i homenatge a les persones i al territori que els van donar vida.<\/p>\n","protected":false},"excerpt":{"rendered":"<p>ALBERT DE GRACIA LAGO<\/p>\n","protected":false},"featured_media":1094356,"template":"","meta":{"_acf_changed":false,"om_disable_all_campaigns":false,"rs_blank_template":"","rs_page_bg_color":"","slide_template_v7":"","inline_featured_image":false,"_monsterinsights_skip_tracking":false,"_monsterinsights_sitenote_active":false,"_monsterinsights_sitenote_note":"","_monsterinsights_sitenote_category":0},"product_brand":[],"product_cat":[557,107],"product_tag":[],"class_list":{"0":"post-1094287","1":"product","2":"type-product","3":"status-publish","4":"has-post-thumbnail","6":"product_cat-guias-de-viaje","7":"product_cat-guies-de-viatge","9":"first","10":"instock","11":"taxable","12":"shipping-taxable","13":"purchasable","14":"product-type-simple"},"acf":{"autor":"ALBERT DE GRACIA LAGO","codart":"847011206","libros-coleccion":"","ediciones":"1","encuadernacion":"R\u00fastica","fecha_de_publicacion":"01\/03\/2026","novedad":"1","paginas":"80","subtitulo":"INDRETS I PAISATGES","orden":"0","portada":"0","idioma":"cat","booktrailer":"","resenas":"","editorial":[{"ID":6217,"post_author":"3","post_date":"2022-07-28 17:47:23","post_date_gmt":"2022-07-28 15:47:23","post_content":"","post_title":"EDITORIAL ALPINA","post_excerpt":"","post_status":"publish","comment_status":"closed","ping_status":"closed","post_password":"","post_name":"editorial-alpina","to_ping":"","pinged":"","post_modified":"2022-07-28 17:47:23","post_modified_gmt":"2022-07-28 15:47:23","post_content_filtered":"","post_parent":0,"guid":"http:\/\/dev.claret.cat\/editorial\/editorial-alpina\/","menu_order":0,"post_type":"editorial","post_mime_type":"","comment_count":"0","filter":"raw"}]},"aioseo_notices":[],"_links":{"self":[{"href":"https:\/\/www.claret.cat\/es\/wp-json\/wp\/v2\/product\/1094287","targetHints":{"allow":["GET"]}}],"collection":[{"href":"https:\/\/www.claret.cat\/es\/wp-json\/wp\/v2\/product"}],"about":[{"href":"https:\/\/www.claret.cat\/es\/wp-json\/wp\/v2\/types\/product"}],"wp:featuredmedia":[{"embeddable":true,"href":"https:\/\/www.claret.cat\/es\/wp-json\/wp\/v2\/media\/1094356"}],"wp:attachment":[{"href":"https:\/\/www.claret.cat\/es\/wp-json\/wp\/v2\/media?parent=1094287"}],"wp:term":[{"taxonomy":"product_brand","embeddable":true,"href":"https:\/\/www.claret.cat\/es\/wp-json\/wp\/v2\/product_brand?post=1094287"},{"taxonomy":"product_cat","embeddable":true,"href":"https:\/\/www.claret.cat\/es\/wp-json\/wp\/v2\/product_cat?post=1094287"},{"taxonomy":"product_tag","embeddable":true,"href":"https:\/\/www.claret.cat\/es\/wp-json\/wp\/v2\/product_tag?post=1094287"}],"curies":[{"name":"wp","href":"https:\/\/api.w.org\/{rel}","templated":true}]}}

<p>Entre 80 i 100 pobles del Pirineu català estan avui deshabitats, especialment als Pallars Jussà, lÁlta Ribagorça i l’Alt Urgell,</p>
<p>Aquesta guia convida a recórrer camins cap a aquests indrets oblidats, combinant exploració, memòria i homenatge a les persones i al territori que els van donar vida.</p>

Rústica
