{"id":1094326,"date":"2026-04-01T23:15:48","date_gmt":"2026-04-01T21:15:48","guid":{"rendered":"https:\/\/www.claret.cat\/llibre\/manual-de-defensa-del-catala-9788419721655-3\/"},"modified":"2026-04-28T13:25:49","modified_gmt":"2026-04-28T11:25:49","slug":"manual-de-defensa-del-catala-9788419721655-3","status":"publish","type":"product","link":"https:\/\/www.claret.cat\/es\/libro\/manual-de-defensa-del-catala-9788419721655-3\/","title":{"rendered":"MANUAL DE DEFENSA DEL CATAL\u00c0"},"content":{"rendered":"<p>Amb <strong>un humor que fa riure per\u00f2 a la vegada gla\u00e7a el somriure<\/strong>, <strong>\u00d2scar Andreu<\/strong> posa el term\u00f2metre a <strong>la actual situaci\u00f3 del catal\u00e0<\/strong> i s\u2019enfronta als principals problemes que n\u2018amenacen la superviv\u00e8ncia. Com desapareix una llengua? Quins en s\u00f3n els s\u00edmptomes? <strong>Per qu\u00e8 ens comportem com ho fem els parlants de catal\u00e0?<\/strong> Com es pot redre\u00e7ar\u2026 si \u00e9s que es pot redre\u00e7ar la situaci\u00f3 d\u2019amena\u00e7a?&nbsp;<\/p>\n","protected":false},"excerpt":{"rendered":"<p>\u00d2SCAR ANDREU FERN\u00c1NDEZ<\/p>\n","protected":false},"featured_media":1095068,"template":"","meta":{"_acf_changed":false,"om_disable_all_campaigns":false,"rs_blank_template":"","rs_page_bg_color":"","slide_template_v7":"","inline_featured_image":false,"_monsterinsights_skip_tracking":false,"_monsterinsights_sitenote_active":false,"_monsterinsights_sitenote_note":"","_monsterinsights_sitenote_category":0},"product_brand":[],"product_cat":[434,159],"product_tag":[],"class_list":{"0":"post-1094326","1":"product","2":"type-product","3":"status-publish","4":"has-post-thumbnail","6":"product_cat-autores-sociologia-2_humanidades","7":"product_cat-autors","9":"first","10":"instock","11":"taxable","12":"shipping-taxable","13":"purchasable","14":"product-type-simple"},"acf":{"autor":"\u00d2SCAR ANDREU FERN\u00c1NDEZ","codart":"841972165","libros-coleccion":"","ediciones":"1","encuadernacion":"Carton\u00e9","fecha_de_publicacion":"01\/04\/2026","novedad":"1","paginas":"80","subtitulo":"","orden":"0","portada":"0","idioma":"cat","booktrailer":"","resenas":"","editorial":[{"ID":6384,"post_author":"3","post_date":"2022-07-28 17:51:02","post_date_gmt":"2022-07-28 15:51:02","post_content":"","post_title":"Univers Llibres","post_excerpt":"","post_status":"publish","comment_status":"closed","ping_status":"closed","post_password":"","post_name":"univers-llibres","to_ping":"","pinged":"","post_modified":"2022-07-28 17:51:02","post_modified_gmt":"2022-07-28 15:51:02","post_content_filtered":"","post_parent":0,"guid":"http:\/\/dev.claret.cat\/editorial\/univers-llibres\/","menu_order":0,"post_type":"editorial","post_mime_type":"","comment_count":"0","filter":"raw"}]},"aioseo_notices":[],"_links":{"self":[{"href":"https:\/\/www.claret.cat\/es\/wp-json\/wp\/v2\/product\/1094326","targetHints":{"allow":["GET"]}}],"collection":[{"href":"https:\/\/www.claret.cat\/es\/wp-json\/wp\/v2\/product"}],"about":[{"href":"https:\/\/www.claret.cat\/es\/wp-json\/wp\/v2\/types\/product"}],"wp:featuredmedia":[{"embeddable":true,"href":"https:\/\/www.claret.cat\/es\/wp-json\/wp\/v2\/media\/1095068"}],"wp:attachment":[{"href":"https:\/\/www.claret.cat\/es\/wp-json\/wp\/v2\/media?parent=1094326"}],"wp:term":[{"taxonomy":"product_brand","embeddable":true,"href":"https:\/\/www.claret.cat\/es\/wp-json\/wp\/v2\/product_brand?post=1094326"},{"taxonomy":"product_cat","embeddable":true,"href":"https:\/\/www.claret.cat\/es\/wp-json\/wp\/v2\/product_cat?post=1094326"},{"taxonomy":"product_tag","embeddable":true,"href":"https:\/\/www.claret.cat\/es\/wp-json\/wp\/v2\/product_tag?post=1094326"}],"curies":[{"name":"wp","href":"https:\/\/api.w.org\/{rel}","templated":true}]}}

MANUAL DE DEFENSA DEL CATALÀ

<p>Amb <strong>un humor que fa riure però a la vegada glaça el somriure</strong>, <strong>Òscar Andreu</strong> posa el termòmetre a <strong>la actual situació del català</strong> i s’enfronta als principals problemes que n‘amenacen la supervivència. Com desapareix una llengua? Quins en són els símptomes? <strong>Per què ens comportem com ho fem els parlants de català?</strong> Com es pot redreçar… si és que es pot redreçar la situació d’amenaça?&nbsp;</p>

<p>ÒSCAR ANDREU FERNÁNDEZ</p>

ÒSCAR ANDREU FERNÁNDEZ

Cartoné
