{"id":1094383,"date":"2026-04-02T13:30:02","date_gmt":"2026-04-02T11:30:02","guid":{"rendered":"https:\/\/www.claret.cat\/llibre\/cantares-avilesinos-9788412829709\/"},"modified":"2026-04-02T13:30:18","modified_gmt":"2026-04-02T11:30:18","slug":"cantares-avilesinos-9788412829709","status":"publish","type":"product","link":"https:\/\/www.claret.cat\/es\/libro\/cantares-avilesinos-9788412829709\/","title":{"rendered":"CANTARES AVILESINOS"},"content":{"rendered":"<p>Cayeron del cielo mucho antes de que tuvi\u00e9ramos mapas. Los meteoritos son fragmentos de tiempo: restos del nacimiento del sistema solar, mensajes minerales que cruzan la atm\u00f3sfera y aterrizan en nuestros bolsillos, vitrinas y laboratorios.\u00bfQu\u00e9 nos descubren estas rocas misteriosas sobre la formaci\u00f3n de los planetas? \u00bfC\u00f3mo se buscan, se clasifican y se custodian? \u00bfPor qu\u00e9 despiertan tanta codicia y asombro?Helen Gordon sigue la pista de estos objetos llegados del m\u00e1s all\u00e1: viaja a desiertos y a cr\u00e1teres, visita subastas y museos; conoce a cient\u00edficos y a cazadores de meteoritos.Con un estilo magn\u00e9tico que mezcla cr\u00f3nica, divulgaci\u00f3n e historia, Helen Gordon nos gu\u00eda por el fascinante mundo de los meteoritos y nos invita a mirar el cielo ?y las piedras del suelo? con nuevos ojos.<\/p>\n","protected":false},"excerpt":{"rendered":"<p>MORAS, PABLO \/ D\u00cdEZ, RUB\u00c9N<\/p>\n","protected":false},"featured_media":1094384,"template":"","meta":{"_acf_changed":false,"om_disable_all_campaigns":false,"rs_blank_template":"","rs_page_bg_color":"","slide_template_v7":"","inline_featured_image":false,"_monsterinsights_skip_tracking":false,"_monsterinsights_sitenote_active":false,"_monsterinsights_sitenote_note":"","_monsterinsights_sitenote_category":0},"product_brand":[],"product_cat":[90,540],"product_tag":[],"class_list":{"0":"post-1094383","1":"product","2":"type-product","3":"status-publish","4":"has-post-thumbnail","6":"product_cat-altres","7":"product_cat-otros","9":"first","10":"instock","11":"taxable","12":"shipping-taxable","13":"purchasable","14":"product-type-simple"},"acf":{"autor":"MORAS, PABLO \/ D\u00cdEZ, RUB\u00c9N","codart":"841282970","libros-coleccion":"","ediciones":"1","encuadernacion":"R\u00fastica","fecha_de_publicacion":"01\/03\/2024","novedad":"1","paginas":"285","subtitulo":"","orden":"0","portada":"0","idioma":"spa","booktrailer":"","resenas":""},"aioseo_notices":[],"_links":{"self":[{"href":"https:\/\/www.claret.cat\/es\/wp-json\/wp\/v2\/product\/1094383","targetHints":{"allow":["GET"]}}],"collection":[{"href":"https:\/\/www.claret.cat\/es\/wp-json\/wp\/v2\/product"}],"about":[{"href":"https:\/\/www.claret.cat\/es\/wp-json\/wp\/v2\/types\/product"}],"wp:featuredmedia":[{"embeddable":true,"href":"https:\/\/www.claret.cat\/es\/wp-json\/wp\/v2\/media\/1094384"}],"wp:attachment":[{"href":"https:\/\/www.claret.cat\/es\/wp-json\/wp\/v2\/media?parent=1094383"}],"wp:term":[{"taxonomy":"product_brand","embeddable":true,"href":"https:\/\/www.claret.cat\/es\/wp-json\/wp\/v2\/product_brand?post=1094383"},{"taxonomy":"product_cat","embeddable":true,"href":"https:\/\/www.claret.cat\/es\/wp-json\/wp\/v2\/product_cat?post=1094383"},{"taxonomy":"product_tag","embeddable":true,"href":"https:\/\/www.claret.cat\/es\/wp-json\/wp\/v2\/product_tag?post=1094383"}],"curies":[{"name":"wp","href":"https:\/\/api.w.org\/{rel}","templated":true}]}}

<p>Cayeron del cielo mucho antes de que tuviéramos mapas. Los meteoritos son fragmentos de tiempo: restos del nacimiento del sistema solar, mensajes minerales que cruzan la atmósfera y aterrizan en nuestros bolsillos, vitrinas y laboratorios.¿Qué nos descubren estas rocas misteriosas sobre la formación de los planetas? ¿Cómo se buscan, se clasifican y se custodian? ¿Por qué despiertan tanta codicia y asombro?Helen Gordon sigue la pista de estos objetos llegados del más allá: viaja a desiertos y a cráteres, visita subastas y museos; conoce a científicos y a cazadores de meteoritos.Con un estilo magnético que mezcla crónica, divulgación e historia, Helen Gordon nos guía por el fascinante mundo de los meteoritos y nos invita a mirar el cielo ?y las piedras del suelo? con nuevos ojos.</p>

<p>MORAS, PABLO / DÍEZ, RUBÉN</p>

MORAS, PABLO / DÍEZ, RUBÉN

Rústica
