{"id":1094399,"date":"2026-04-02T13:45:09","date_gmt":"2026-04-02T11:45:09","guid":{"rendered":"https:\/\/www.claret.cat\/llibre\/ed-visual-obra-completa-antoni-gaudi-espanol-9788491032472\/"},"modified":"2026-04-02T13:52:36","modified_gmt":"2026-04-02T11:52:36","slug":"ed-visual-obra-completa-antoni-gaudi-espanol-9788491032472","status":"publish","type":"product","link":"https:\/\/www.claret.cat\/es\/libro\/ed-visual-obra-completa-antoni-gaudi-espanol-9788491032472\/","title":{"rendered":"ED. VISUAL &#8211; OBRA COMPLETA ANTONI GAUD\u00cd (ESPA\u00d1OL)"},"content":{"rendered":"<p>Todas las creaciones de Antoni Gaud\u00ed \u2013considerado uno de los arquitectos m\u00e1s influyentes e innovadores de la historia\u2013 se analizan de forma exhaustiva en esta completa Gu\u00eda Visual, que a trav\u00e9s de m\u00e1s de 750 im\u00e1genes sumerge al lector en un sugerente universo de texturas, colores y formas.<\/p>\n","protected":false},"excerpt":{"rendered":"<p>RICARD REG\u00c0S\/ DANIEL R. CARUNCHO<\/p>\n","protected":false},"featured_media":1094400,"template":"","meta":{"_acf_changed":false,"om_disable_all_campaigns":false,"rs_blank_template":"","rs_page_bg_color":"","slide_template_v7":"","inline_featured_image":false,"_monsterinsights_skip_tracking":false,"_monsterinsights_sitenote_active":false,"_monsterinsights_sitenote_note":"","_monsterinsights_sitenote_category":0},"product_brand":[],"product_cat":[90,540],"product_tag":[],"class_list":{"0":"post-1094399","1":"product","2":"type-product","3":"status-publish","4":"has-post-thumbnail","6":"product_cat-altres","7":"product_cat-otros","9":"first","10":"instock","11":"taxable","12":"shipping-taxable","13":"purchasable","14":"product-type-simple"},"acf":{"autor":"RICARD REG\u00c0S\/ DANIEL R. CARUNCHO","codart":"849103247","libros-coleccion":"FORA DE COL.LECCI\u00d3","ediciones":"1","encuadernacion":"R\u00fastica","fecha_de_publicacion":"01\/01\/2023","novedad":"1","paginas":"235","subtitulo":"TODAS LAS OBRAS DE ANTONI GAUD\u00cd MOSTRADAS EN DETALLE PARTE POR PARTE","orden":"0","portada":"0","idioma":"spa","booktrailer":"","resenas":"","editorial":[{"ID":1094398,"post_author":"3","post_date":"2026-04-02 13:45:03","post_date_gmt":"2026-04-02 11:45:03","post_content":"","post_title":"Dos de Arte Ediciones","post_excerpt":"","post_status":"publish","comment_status":"closed","ping_status":"closed","post_password":"","post_name":"dos-de-arte-ediciones","to_ping":"","pinged":"","post_modified":"2026-04-02 13:45:03","post_modified_gmt":"2026-04-02 11:45:03","post_content_filtered":"","post_parent":0,"guid":"https:\/\/www.claret.cat\/editorial\/dos-de-arte-ediciones\/","menu_order":0,"post_type":"editorial","post_mime_type":"","comment_count":"0","filter":"raw"}]},"aioseo_notices":[],"_links":{"self":[{"href":"https:\/\/www.claret.cat\/es\/wp-json\/wp\/v2\/product\/1094399","targetHints":{"allow":["GET"]}}],"collection":[{"href":"https:\/\/www.claret.cat\/es\/wp-json\/wp\/v2\/product"}],"about":[{"href":"https:\/\/www.claret.cat\/es\/wp-json\/wp\/v2\/types\/product"}],"wp:featuredmedia":[{"embeddable":true,"href":"https:\/\/www.claret.cat\/es\/wp-json\/wp\/v2\/media\/1094400"}],"wp:attachment":[{"href":"https:\/\/www.claret.cat\/es\/wp-json\/wp\/v2\/media?parent=1094399"}],"wp:term":[{"taxonomy":"product_brand","embeddable":true,"href":"https:\/\/www.claret.cat\/es\/wp-json\/wp\/v2\/product_brand?post=1094399"},{"taxonomy":"product_cat","embeddable":true,"href":"https:\/\/www.claret.cat\/es\/wp-json\/wp\/v2\/product_cat?post=1094399"},{"taxonomy":"product_tag","embeddable":true,"href":"https:\/\/www.claret.cat\/es\/wp-json\/wp\/v2\/product_tag?post=1094399"}],"curies":[{"name":"wp","href":"https:\/\/api.w.org\/{rel}","templated":true}]}}

ED. VISUAL &#8211; OBRA COMPLETA ANTONI GAUDÍ (ESPAÑOL)

<p>Todas las creaciones de Antoni Gaudí –considerado uno de los arquitectos más influyentes e innovadores de la historia– se analizan de forma exhaustiva en esta completa Guía Visual, que a través de más de 750 imágenes sumerge al lector en un sugerente universo de texturas, colores y formas.</p>

<p>RICARD REGÀS/ DANIEL R. CARUNCHO</p>

RICARD REGÀS/ DANIEL R. CARUNCHO

FORA DE COL.LECCIÓ

Rústica

TODAS LAS OBRAS DE ANTONI GAUDÍ MOSTRADAS EN DETALLE PARTE POR PARTE
