{"id":1094423,"date":"2026-04-02T16:25:27","date_gmt":"2026-04-02T14:25:27","guid":{"rendered":"https:\/\/www.claret.cat\/llibre\/japo-viatge-danada-i-tornada-9788413036960\/"},"modified":"2026-04-02T16:30:10","modified_gmt":"2026-04-02T14:30:10","slug":"japo-viatge-danada-i-tornada-9788413036960","status":"publish","type":"product","link":"https:\/\/www.claret.cat\/es\/libro\/japo-viatge-danada-i-tornada-9788413036960\/","title":{"rendered":"JAP\u00d3: VIATGE D&#8217;ANADA I TORNADA"},"content":{"rendered":"<p>&#8216;En el seu debut en el m\u00f3n del c\u00f2mic, l\u2019Aina Riu ens convida a un<br \/> viatge que va molt m\u00e9s enll\u00e0 del mapa. El que havia de ser una<br \/> simple estada de pr\u00e0ctiques en un estudi d\u2019arquitectura al Jap\u00f3<br \/> es transforma en un relat \u00edntim, sensible i profundament hum\u00e0.<br \/> Entre carrers silenciosos, temples amagats i l\u2019enrenou de la vida<br \/> quotidiana nipona, l\u2019Aina tra\u00e7a una ficci\u00f3 autobiogr\u00e0fica que \u00e9s,<br \/> alhora, un mirall i una confessi\u00f3. Un relat que explora els dubtes,<br \/> els aprenentatges i les petjades invisibles que marquen els passos<br \/> d\u2019una vida. M\u00e9s que un diari de viatge, aquest llibre \u00e9s una<br \/> obertura en canal. Una invitaci\u00f3 a veure el Jap\u00f3 des de la seva<br \/> pell, a caminar amb els seus ulls i a descobrir un pa\u00eds amb una<br \/> honestedat desarmant i una bellesa vibrant.<br \/> Una obra que parla de dist\u00e0ncia, identitat i creixement, i que<br \/> converteix l\u2019experi\u00e8ncia personal en un viatge universal.&#8217;<br \/> MARC CHARLES, periodista cultural<\/p>\n","protected":false},"excerpt":{"rendered":"<p>AINA RIU<\/p>\n","protected":false},"featured_media":1094424,"template":"","meta":{"_acf_changed":false,"om_disable_all_campaigns":false,"rs_blank_template":"","rs_page_bg_color":"","slide_template_v7":"","inline_featured_image":false,"_monsterinsights_skip_tracking":false,"_monsterinsights_sitenote_active":false,"_monsterinsights_sitenote_note":"","_monsterinsights_sitenote_category":0},"product_brand":[],"product_cat":[108,558],"product_tag":[],"class_list":{"0":"post-1094423","1":"product","2":"type-product","3":"status-publish","4":"has-post-thumbnail","6":"product_cat-comic","7":"product_cat-comic-3_infantil-juvenil-spa-spa","9":"first","10":"instock","11":"taxable","12":"shipping-taxable","13":"purchasable","14":"product-type-simple"},"acf":{"autor":"AINA RIU","codart":"841303696","libros-coleccion":"","ediciones":"1","encuadernacion":"R\u00fastica","fecha_de_publicacion":"01\/02\/2026","novedad":"1","paginas":"0","subtitulo":"","orden":"0","portada":"0","idioma":"cat","booktrailer":"","resenas":"","editorial":[{"ID":6322,"post_author":"3","post_date":"2022-07-28 17:49:42","post_date_gmt":"2022-07-28 15:49:42","post_content":"","post_title":"PAG\u00c8S EDITORS","post_excerpt":"","post_status":"publish","comment_status":"closed","ping_status":"closed","post_password":"","post_name":"pages-editors","to_ping":"","pinged":"","post_modified":"2022-07-28 17:49:42","post_modified_gmt":"2022-07-28 15:49:42","post_content_filtered":"","post_parent":0,"guid":"http:\/\/dev.claret.cat\/editorial\/pages-editors\/","menu_order":0,"post_type":"editorial","post_mime_type":"","comment_count":"0","filter":"raw"}]},"aioseo_notices":[],"_links":{"self":[{"href":"https:\/\/www.claret.cat\/es\/wp-json\/wp\/v2\/product\/1094423","targetHints":{"allow":["GET"]}}],"collection":[{"href":"https:\/\/www.claret.cat\/es\/wp-json\/wp\/v2\/product"}],"about":[{"href":"https:\/\/www.claret.cat\/es\/wp-json\/wp\/v2\/types\/product"}],"wp:featuredmedia":[{"embeddable":true,"href":"https:\/\/www.claret.cat\/es\/wp-json\/wp\/v2\/media\/1094424"}],"wp:attachment":[{"href":"https:\/\/www.claret.cat\/es\/wp-json\/wp\/v2\/media?parent=1094423"}],"wp:term":[{"taxonomy":"product_brand","embeddable":true,"href":"https:\/\/www.claret.cat\/es\/wp-json\/wp\/v2\/product_brand?post=1094423"},{"taxonomy":"product_cat","embeddable":true,"href":"https:\/\/www.claret.cat\/es\/wp-json\/wp\/v2\/product_cat?post=1094423"},{"taxonomy":"product_tag","embeddable":true,"href":"https:\/\/www.claret.cat\/es\/wp-json\/wp\/v2\/product_tag?post=1094423"}],"curies":[{"name":"wp","href":"https:\/\/api.w.org\/{rel}","templated":true}]}}

JAPÓ: VIATGE D&#8217;ANADA I TORNADA

<p>&#8216;En el seu debut en el món del còmic, l’Aina Riu ens convida a un<br /> viatge que va molt més enllà del mapa. El que havia de ser una<br /> simple estada de pràctiques en un estudi d’arquitectura al Japó<br /> es transforma en un relat íntim, sensible i profundament humà.<br /> Entre carrers silenciosos, temples amagats i l’enrenou de la vida<br /> quotidiana nipona, l’Aina traça una ficció autobiogràfica que és,<br /> alhora, un mirall i una confessió. Un relat que explora els dubtes,<br /> els aprenentatges i les petjades invisibles que marquen els passos<br /> d’una vida. Més que un diari de viatge, aquest llibre és una<br /> obertura en canal. Una invitació a veure el Japó des de la seva<br /> pell, a caminar amb els seus ulls i a descobrir un país amb una<br /> honestedat desarmant i una bellesa vibrant.<br /> Una obra que parla de distància, identitat i creixement, i que<br /> converteix l’experiència personal en un viatge universal.&#8217;<br /> MARC CHARLES, periodista cultural</p>

Rústica

PAGÈS EDITORS
