{"id":1094429,"date":"2026-04-02T16:45:02","date_gmt":"2026-04-02T14:45:02","guid":{"rendered":"https:\/\/www.claret.cat\/llibre\/la-vida-al-final-9788433949356\/"},"modified":"2026-04-02T18:15:36","modified_gmt":"2026-04-02T16:15:36","slug":"la-vida-al-final-9788433949356","status":"publish","type":"product","link":"https:\/\/www.claret.cat\/es\/libro\/la-vida-al-final-9788433949356\/","title":{"rendered":"LA VIDA AL FINAL"},"content":{"rendered":"<p>Una lectura llena de calidez y sensibilidad acerca de lo ef\u00edmero de la vida, la importancia de las relaciones humanas y el valor del tiempo que nos queda. Martin, un abogado de setenta y seis a\u00f1os, recibe el inesperado diagn\u00f3stico de una enfermedad terminal. Felizmente casado con una mujer mucho m\u00e1s joven que \u00e9l y padre de un ni\u00f1o peque\u00f1o, deber\u00e1 enfrentarse a una pregunta ineludible: \u00bfc\u00f3mo vivir plenamente sus \u00faltimos meses?Martin se niega a caer en el dramatismo y se entrega a una rutina met\u00f3dica y serena: poner en orden el tiempo que le queda y despedirse de su familia dej\u00e1ndoles un recuerdo preciado y perdurable de su existencia en com\u00fan. Lo hace sin estridencias, mediante una serie de gestos modestos y ordinarios pero llenos de calidez y dignidad. Cancela compromisos, deja de contestar correos, dedica las horas a disfrutar del d\u00eda a d\u00eda con su hijo y reflexiona sobre qu\u00e9 legado puede dejarle.Comienza a escribirle una carta, aunque pronto se da cuenta de que su amor y su presencia valen m\u00e1s que cualquier testimonio. Tambi\u00e9n observa con cierta inquietud que su esposa parece tener otra vida m\u00e1s all\u00e1 de su relaci\u00f3n, lo cual no enturbia su voluntad de decirle adi\u00f3s de la mejor manera posible.La vida al final es una novela contenida y conmovedora en la que la muerte no se presenta como una desgracia sino como parte natural del ciclo de la vida. Con un estilo sencillo y su caracter\u00edstica sensibilidad moral, Bernhard Schlink logra convertir lo cotidiano en una experiencia trascendente y de una inusual hondura.Lejos de sentimentalismos, la obra plantea cuestiones esenciales \u2014\u00bfqu\u00e9 se considera una vida bien vivida? \u00bfC\u00f3mo despedirse de las personas que amamos?\u2014 y deja en el lector una huella duradera y esperanzadora. Un testamento literario sobre el tiempo, el amor y la aceptaci\u00f3n de la finitud que forma parte de la experiencia humana.<\/p>\n","protected":false},"excerpt":{"rendered":"<p>BERNHARD SCHLINK<\/p>\n","protected":false},"featured_media":1094592,"template":"","meta":{"_acf_changed":false,"om_disable_all_campaigns":false,"rs_blank_template":"","rs_page_bg_color":"","slide_template_v7":"","inline_featured_image":false,"_monsterinsights_skip_tracking":false,"_monsterinsights_sitenote_active":false,"_monsterinsights_sitenote_note":"","_monsterinsights_sitenote_category":0},"product_brand":[],"product_cat":[127,357],"product_tag":[],"class_list":{"0":"post-1094429","1":"product","2":"type-product","3":"status-publish","4":"has-post-thumbnail","6":"product_cat-novella-contemporania","7":"product_cat-novela-contemporanea","9":"first","10":"instock","11":"taxable","12":"shipping-taxable","13":"purchasable","14":"product-type-simple"},"acf":{"autor":"BERNHARD SCHLINK","codart":"843394935","libros-coleccion":"","ediciones":"1","encuadernacion":"R\u00fastica","fecha_de_publicacion":"01\/04\/2026","novedad":"1","paginas":"220","subtitulo":"","orden":"0","portada":"0","idioma":"spa","booktrailer":"","resenas":"","editorial":[{"ID":147428,"post_author":"3","post_date":"2022-10-14 11:50:30","post_date_gmt":"2022-10-14 09:50:30","post_content":"","post_title":"ANAGRAMA","post_excerpt":"","post_status":"publish","comment_status":"closed","ping_status":"closed","post_password":"","post_name":"anagrama","to_ping":"","pinged":"","post_modified":"2022-10-14 11:50:30","post_modified_gmt":"2022-10-14 09:50:30","post_content_filtered":"","post_parent":0,"guid":"http:\/\/dev.claret.cat\/editorial\/anagrama\/","menu_order":0,"post_type":"editorial","post_mime_type":"","comment_count":"0","filter":"raw"}]},"aioseo_notices":[],"_links":{"self":[{"href":"https:\/\/www.claret.cat\/es\/wp-json\/wp\/v2\/product\/1094429","targetHints":{"allow":["GET"]}}],"collection":[{"href":"https:\/\/www.claret.cat\/es\/wp-json\/wp\/v2\/product"}],"about":[{"href":"https:\/\/www.claret.cat\/es\/wp-json\/wp\/v2\/types\/product"}],"wp:featuredmedia":[{"embeddable":true,"href":"https:\/\/www.claret.cat\/es\/wp-json\/wp\/v2\/media\/1094592"}],"wp:attachment":[{"href":"https:\/\/www.claret.cat\/es\/wp-json\/wp\/v2\/media?parent=1094429"}],"wp:term":[{"taxonomy":"product_brand","embeddable":true,"href":"https:\/\/www.claret.cat\/es\/wp-json\/wp\/v2\/product_brand?post=1094429"},{"taxonomy":"product_cat","embeddable":true,"href":"https:\/\/www.claret.cat\/es\/wp-json\/wp\/v2\/product_cat?post=1094429"},{"taxonomy":"product_tag","embeddable":true,"href":"https:\/\/www.claret.cat\/es\/wp-json\/wp\/v2\/product_tag?post=1094429"}],"curies":[{"name":"wp","href":"https:\/\/api.w.org\/{rel}","templated":true}]}}

<p>Una lectura llena de calidez y sensibilidad acerca de lo efímero de la vida, la importancia de las relaciones humanas y el valor del tiempo que nos queda. Martin, un abogado de setenta y seis años, recibe el inesperado diagnóstico de una enfermedad terminal. Felizmente casado con una mujer mucho más joven que él y padre de un niño pequeño, deberá enfrentarse a una pregunta ineludible: ¿cómo vivir plenamente sus últimos meses?Martin se niega a caer en el dramatismo y se entrega a una rutina metódica y serena: poner en orden el tiempo que le queda y despedirse de su familia dejándoles un recuerdo preciado y perdurable de su existencia en común. Lo hace sin estridencias, mediante una serie de gestos modestos y ordinarios pero llenos de calidez y dignidad. Cancela compromisos, deja de contestar correos, dedica las horas a disfrutar del día a día con su hijo y reflexiona sobre qué legado puede dejarle.Comienza a escribirle una carta, aunque pronto se da cuenta de que su amor y su presencia valen más que cualquier testimonio. También observa con cierta inquietud que su esposa parece tener otra vida más allá de su relación, lo cual no enturbia su voluntad de decirle adiós de la mejor manera posible.La vida al final es una novela contenida y conmovedora en la que la muerte no se presenta como una desgracia sino como parte natural del ciclo de la vida. Con un estilo sencillo y su característica sensibilidad moral, Bernhard Schlink logra convertir lo cotidiano en una experiencia trascendente y de una inusual hondura.Lejos de sentimentalismos, la obra plantea cuestiones esenciales —¿qué se considera una vida bien vivida? ¿Cómo despedirse de las personas que amamos?— y deja en el lector una huella duradera y esperanzadora. Un testamento literario sobre el tiempo, el amor y la aceptación de la finitud que forma parte de la experiencia humana.</p>

Rústica
