{"id":1094447,"date":"2026-04-02T16:51:11","date_gmt":"2026-04-02T14:51:11","guid":{"rendered":"https:\/\/www.claret.cat\/llibre\/mama-i-el-papa-quins-fenomens-9791387881337\/"},"modified":"2026-04-02T18:41:03","modified_gmt":"2026-04-02T16:41:03","slug":"mama-i-el-papa-quins-fenomens-9791387881337","status":"publish","type":"product","link":"https:\/\/www.claret.cat\/es\/libro\/mama-i-el-papa-quins-fenomens-9791387881337\/","title":{"rendered":"MAMA I EL PAPA, QUINS FEN\u00d2MENS!"},"content":{"rendered":"<p>* De vegades et penses que la mare i el pare nom\u00e9s hi s\u00f3n per fer-te la guitza i manar-te.<br \/> Fes aix\u00f2, fes all\u00f2\u2026 quin avorriment.<br \/> * Per\u00f2 els pares fan molt M\u00c9S realment\u2026 Els pares s\u00f3n pr\u00e0ctiques m\u00e0quines de reparar, ja siguin ossets de peluix, vies de tren o pantalons acabats d\u2019esparracar.<br \/> * Els pares saben fer muntanyes de sorra on poder-se enfilar i t\u2019escalfen les mans quan comen\u00e7a a gla\u00e7ar.<\/p>\n<p> Els pares recorden. Els pares et fan abra\u00e7ades. Els pares t\u2019expliquen contes amb delit, i t\u2019abriguen i t\u2019acotxen cada nit.<\/p>\n<p> En aquest llibre, hi descobrir\u00e0s molts altres usos pr\u00e0ctics dels teus pares, i tamb\u00e9 qu\u00e8 \u00e9s el que m\u00e9s els agrada. A part de tu, \u00e9s clar.<\/p>\n","protected":false},"excerpt":{"rendered":"<p>SARA OGILVIE<\/p>\n","protected":false},"featured_media":1094642,"template":"","meta":{"_acf_changed":false,"om_disable_all_campaigns":false,"rs_blank_template":"","rs_page_bg_color":"","slide_template_v7":"","inline_featured_image":false,"_monsterinsights_skip_tracking":false,"_monsterinsights_sitenote_active":false,"_monsterinsights_sitenote_note":"","_monsterinsights_sitenote_category":0},"product_brand":[],"product_cat":[131,361],"product_tag":[],"class_list":{"0":"post-1094447","1":"product","2":"type-product","3":"status-publish","4":"has-post-thumbnail","6":"product_cat-contes-per-infants-0-6-anys","7":"product_cat-cuentos-para-ninos-0-6-anos","9":"first","10":"instock","11":"taxable","12":"shipping-taxable","13":"purchasable","14":"product-type-simple"},"acf":{"autor":"SARA OGILVIE","codart":"138788133","libros-coleccion":"","ediciones":"1","encuadernacion":"Carton\u00e9","fecha_de_publicacion":"01\/03\/2026","novedad":"1","paginas":"45","subtitulo":"","orden":"0","portada":"0","idioma":"cat","booktrailer":"","resenas":"","editorial":[{"ID":147554,"post_author":"3","post_date":"2022-10-14 11:51:27","post_date_gmt":"2022-10-14 09:51:27","post_content":"","post_title":"BLUME (Naturart)","post_excerpt":"","post_status":"publish","comment_status":"closed","ping_status":"closed","post_password":"","post_name":"blume-naturart","to_ping":"","pinged":"","post_modified":"2022-10-14 11:51:27","post_modified_gmt":"2022-10-14 09:51:27","post_content_filtered":"","post_parent":0,"guid":"http:\/\/dev.claret.cat\/editorial\/blume-naturart\/","menu_order":0,"post_type":"editorial","post_mime_type":"","comment_count":"0","filter":"raw"}]},"aioseo_notices":[],"_links":{"self":[{"href":"https:\/\/www.claret.cat\/es\/wp-json\/wp\/v2\/product\/1094447","targetHints":{"allow":["GET"]}}],"collection":[{"href":"https:\/\/www.claret.cat\/es\/wp-json\/wp\/v2\/product"}],"about":[{"href":"https:\/\/www.claret.cat\/es\/wp-json\/wp\/v2\/types\/product"}],"wp:featuredmedia":[{"embeddable":true,"href":"https:\/\/www.claret.cat\/es\/wp-json\/wp\/v2\/media\/1094642"}],"wp:attachment":[{"href":"https:\/\/www.claret.cat\/es\/wp-json\/wp\/v2\/media?parent=1094447"}],"wp:term":[{"taxonomy":"product_brand","embeddable":true,"href":"https:\/\/www.claret.cat\/es\/wp-json\/wp\/v2\/product_brand?post=1094447"},{"taxonomy":"product_cat","embeddable":true,"href":"https:\/\/www.claret.cat\/es\/wp-json\/wp\/v2\/product_cat?post=1094447"},{"taxonomy":"product_tag","embeddable":true,"href":"https:\/\/www.claret.cat\/es\/wp-json\/wp\/v2\/product_tag?post=1094447"}],"curies":[{"name":"wp","href":"https:\/\/api.w.org\/{rel}","templated":true}]}}

MAMA I EL PAPA, QUINS FENÒMENS!

<p>* De vegades et penses que la mare i el pare només hi són per fer-te la guitza i manar-te.<br /> Fes això, fes allò… quin avorriment.<br /> * Però els pares fan molt MÉS realment… Els pares són pràctiques màquines de reparar, ja siguin ossets de peluix, vies de tren o pantalons acabats d’esparracar.<br /> * Els pares saben fer muntanyes de sorra on poder-se enfilar i t’escalfen les mans quan comença a glaçar.</p>
<p> Els pares recorden. Els pares et fan abraçades. Els pares t’expliquen contes amb delit, i t’abriguen i t’acotxen cada nit.</p>
<p> En aquest llibre, hi descobriràs molts altres usos pràctics dels teus pares, i també què és el que més els agrada. A part de tu, és clar.</p>

Cartoné
