{"id":1094468,"date":"2026-04-02T17:00:19","date_gmt":"2026-04-02T15:00:19","guid":{"rendered":"https:\/\/www.claret.cat\/llibre\/una-habitacion-propia-9791370311759\/"},"modified":"2026-04-23T14:40:12","modified_gmt":"2026-04-23T12:40:12","slug":"una-habitacion-propia-9791370311759","status":"publish","type":"product","link":"https:\/\/www.claret.cat\/es\/libro\/una-habitacion-propia-9791370311759\/","title":{"rendered":"UNA HABITACI\u00d3N PROPIA"},"content":{"rendered":"<p>En octubre de 1928, Virginia Woolf fue invitada a dar dos conferencias en Cambridge sobre las mujeres y la novela. Atendieron a ella j\u00f3venes en\u00e9rgicas y valientes que escucharon en un ambiente desenvuelto. Algunas encontraron a Woolf demasiado irreverente. La charla fluy\u00f3 implicando a la audiencia, sin vanidad, mujeres cara a cara. Y as\u00ed qued\u00f3 plasmada para el futuro como una de las primeras historias de la literatura femenina, una defensa de la libertad intelectual y una reflexi\u00f3n sobre la sociedad y la creaci\u00f3n art\u00edstica. Un texto que todav\u00eda hechiza y divierte a quien lo lee.<\/p>\n","protected":false},"excerpt":{"rendered":"<p>VIRGINIA WOOLF<\/p>\n","protected":false},"featured_media":1095391,"template":"","meta":{"_acf_changed":false,"om_disable_all_campaigns":false,"rs_blank_template":"","rs_page_bg_color":"","slide_template_v7":"","inline_featured_image":false,"_monsterinsights_skip_tracking":false,"_monsterinsights_sitenote_active":false,"_monsterinsights_sitenote_note":"","_monsterinsights_sitenote_category":0},"product_brand":[],"product_cat":[354,123],"product_tag":[],"class_list":{"0":"post-1094468","1":"product","2":"type-product","3":"status-publish","4":"has-post-thumbnail","6":"product_cat-clasica","7":"product_cat-classica","9":"first","10":"instock","11":"taxable","12":"shipping-taxable","13":"purchasable","14":"product-type-simple"},"acf":{"autor":"VIRGINIA WOOLF","codart":"137031175","libros-coleccion":"","ediciones":"1","encuadernacion":"Carton\u00e9","fecha_de_publicacion":"01\/04\/2026","novedad":"1","paginas":"192","subtitulo":"","orden":"0","portada":"0","idioma":"spa","booktrailer":"","resenas":"","editorial":[{"ID":148737,"post_author":"3","post_date":"2022-10-14 12:00:35","post_date_gmt":"2022-10-14 10:00:35","post_content":"","post_title":"RBA Libros","post_excerpt":"","post_status":"publish","comment_status":"closed","ping_status":"closed","post_password":"","post_name":"rba-libros","to_ping":"","pinged":"","post_modified":"2022-10-14 12:00:35","post_modified_gmt":"2022-10-14 10:00:35","post_content_filtered":"","post_parent":0,"guid":"http:\/\/dev.claret.cat\/editorial\/rba-libros\/","menu_order":0,"post_type":"editorial","post_mime_type":"","comment_count":"0","filter":"raw"}]},"aioseo_notices":[],"_links":{"self":[{"href":"https:\/\/www.claret.cat\/es\/wp-json\/wp\/v2\/product\/1094468","targetHints":{"allow":["GET"]}}],"collection":[{"href":"https:\/\/www.claret.cat\/es\/wp-json\/wp\/v2\/product"}],"about":[{"href":"https:\/\/www.claret.cat\/es\/wp-json\/wp\/v2\/types\/product"}],"wp:featuredmedia":[{"embeddable":true,"href":"https:\/\/www.claret.cat\/es\/wp-json\/wp\/v2\/media\/1095391"}],"wp:attachment":[{"href":"https:\/\/www.claret.cat\/es\/wp-json\/wp\/v2\/media?parent=1094468"}],"wp:term":[{"taxonomy":"product_brand","embeddable":true,"href":"https:\/\/www.claret.cat\/es\/wp-json\/wp\/v2\/product_brand?post=1094468"},{"taxonomy":"product_cat","embeddable":true,"href":"https:\/\/www.claret.cat\/es\/wp-json\/wp\/v2\/product_cat?post=1094468"},{"taxonomy":"product_tag","embeddable":true,"href":"https:\/\/www.claret.cat\/es\/wp-json\/wp\/v2\/product_tag?post=1094468"}],"curies":[{"name":"wp","href":"https:\/\/api.w.org\/{rel}","templated":true}]}}

UNA HABITACIÓN PROPIA

<p>En octubre de 1928, Virginia Woolf fue invitada a dar dos conferencias en Cambridge sobre las mujeres y la novela. Atendieron a ella jóvenes enérgicas y valientes que escucharon en un ambiente desenvuelto. Algunas encontraron a Woolf demasiado irreverente. La charla fluyó implicando a la audiencia, sin vanidad, mujeres cara a cara. Y así quedó plasmada para el futuro como una de las primeras historias de la literatura femenina, una defensa de la libertad intelectual y una reflexión sobre la sociedad y la creación artística. Un texto que todavía hechiza y divierte a quien lo lee.</p>

Cartoné
