{"id":1094486,"date":"2026-04-02T17:02:55","date_gmt":"2026-04-02T15:02:55","guid":{"rendered":"https:\/\/www.claret.cat\/llibre\/maldecir-el-amor-9788410984745\/"},"modified":"2026-04-07T19:20:22","modified_gmt":"2026-04-07T17:20:22","slug":"maldecir-el-amor-9788410984745","status":"publish","type":"product","link":"https:\/\/www.claret.cat\/es\/libro\/maldecir-el-amor-9788410984745\/","title":{"rendered":"MALDECIR EL AMOR"},"content":{"rendered":"<p>UN ROMANCE PARA LOS AMANTES DE LAS PEL\u00cdCULAS DE LOS 2000 CON UN TOQUE MUY GAMBERRO. \u00bfEL AMOR HA MUERTO O SOLO EST\u00c1 CIEGO? Anne Prescott siempre ha sido una descre\u00edda del amor. Por eso, cuando su mejor amiga acaba con el coraz\u00f3n roto a unos meses de su boda, Anne no puede evitar maldecir la idea azucarada que nos han vendido de un \u00abfelices para siempre\u00bb que, realmente, no existe. Pero su arrebato tiene consecuencias y se materializan en la visita de Miss Fire, una se\u00f1ora enfundada en un traje rojo con una lengua m\u00e1s afilada que sus stilettos, que afirma ser la mism\u00edsima Cupido. Por supuesto, Anne piensa que la pobre mujer ha perdido la cabeza, pero poco despu\u00e9s comienzan a desfilar por su vida toda una serie de pretendientes que podr\u00edan ser el hombre perfecto \u00absi pusiese un poquito de su parte\u00bb. Sin embargo, la punter\u00eda de sus flechas parece brillar por su ausencia, y ahora Anne necesita pararle los pies a Cupido antes de que el amor acabe con ella. Porque si fuese como en las pel\u00edculas, nadie estar\u00eda soltero. UNA COMEDIA ROM\u00c1NTICA DONDE EL AMOR SE VISTE DE ROJO<\/p>\n","protected":false},"excerpt":{"rendered":"<p>PAULA RAMOS<\/p>\n","protected":false},"featured_media":1095473,"template":"","meta":{"_acf_changed":false,"om_disable_all_campaigns":false,"rs_blank_template":"","rs_page_bg_color":"","slide_template_v7":"","inline_featured_image":false,"_monsterinsights_skip_tracking":false,"_monsterinsights_sitenote_active":false,"_monsterinsights_sitenote_note":"","_monsterinsights_sitenote_category":0},"product_brand":[],"product_cat":[127,357],"product_tag":[],"class_list":{"0":"post-1094486","1":"product","2":"type-product","3":"status-publish","4":"has-post-thumbnail","6":"product_cat-novella-contemporania","7":"product_cat-novela-contemporanea","9":"first","10":"instock","11":"taxable","12":"shipping-taxable","13":"purchasable","14":"product-type-simple"},"acf":{"autor":"PAULA RAMOS","codart":"841098474","libros-coleccion":"","ediciones":"1","encuadernacion":"R\u00fastica","fecha_de_publicacion":"01\/04\/2026","novedad":"1","paginas":"383","subtitulo":"","orden":"0","portada":"0","idioma":"spa","booktrailer":"","resenas":"","editorial":[{"ID":148737,"post_author":"3","post_date":"2022-10-14 12:00:35","post_date_gmt":"2022-10-14 10:00:35","post_content":"","post_title":"RBA Libros","post_excerpt":"","post_status":"publish","comment_status":"closed","ping_status":"closed","post_password":"","post_name":"rba-libros","to_ping":"","pinged":"","post_modified":"2022-10-14 12:00:35","post_modified_gmt":"2022-10-14 10:00:35","post_content_filtered":"","post_parent":0,"guid":"http:\/\/dev.claret.cat\/editorial\/rba-libros\/","menu_order":0,"post_type":"editorial","post_mime_type":"","comment_count":"0","filter":"raw"}]},"aioseo_notices":[],"_links":{"self":[{"href":"https:\/\/www.claret.cat\/es\/wp-json\/wp\/v2\/product\/1094486","targetHints":{"allow":["GET"]}}],"collection":[{"href":"https:\/\/www.claret.cat\/es\/wp-json\/wp\/v2\/product"}],"about":[{"href":"https:\/\/www.claret.cat\/es\/wp-json\/wp\/v2\/types\/product"}],"wp:featuredmedia":[{"embeddable":true,"href":"https:\/\/www.claret.cat\/es\/wp-json\/wp\/v2\/media\/1095473"}],"wp:attachment":[{"href":"https:\/\/www.claret.cat\/es\/wp-json\/wp\/v2\/media?parent=1094486"}],"wp:term":[{"taxonomy":"product_brand","embeddable":true,"href":"https:\/\/www.claret.cat\/es\/wp-json\/wp\/v2\/product_brand?post=1094486"},{"taxonomy":"product_cat","embeddable":true,"href":"https:\/\/www.claret.cat\/es\/wp-json\/wp\/v2\/product_cat?post=1094486"},{"taxonomy":"product_tag","embeddable":true,"href":"https:\/\/www.claret.cat\/es\/wp-json\/wp\/v2\/product_tag?post=1094486"}],"curies":[{"name":"wp","href":"https:\/\/api.w.org\/{rel}","templated":true}]}}

<p>UN ROMANCE PARA LOS AMANTES DE LAS PELÍCULAS DE LOS 2000 CON UN TOQUE MUY GAMBERRO. ¿EL AMOR HA MUERTO O SOLO ESTÁ CIEGO? Anne Prescott siempre ha sido una descreída del amor. Por eso, cuando su mejor amiga acaba con el corazón roto a unos meses de su boda, Anne no puede evitar maldecir la idea azucarada que nos han vendido de un «felices para siempre» que, realmente, no existe. Pero su arrebato tiene consecuencias y se materializan en la visita de Miss Fire, una señora enfundada en un traje rojo con una lengua más afilada que sus stilettos, que afirma ser la mismísima Cupido. Por supuesto, Anne piensa que la pobre mujer ha perdido la cabeza, pero poco después comienzan a desfilar por su vida toda una serie de pretendientes que podrían ser el hombre perfecto «si pusiese un poquito de su parte». Sin embargo, la puntería de sus flechas parece brillar por su ausencia, y ahora Anne necesita pararle los pies a Cupido antes de que el amor acabe con ella. Porque si fuese como en las películas, nadie estaría soltero. UNA COMEDIA ROMÁNTICA DONDE EL AMOR SE VISTE DE ROJO</p>

Rústica
