{"id":1094504,"date":"2026-04-02T17:05:58","date_gmt":"2026-04-02T15:05:58","guid":{"rendered":"https:\/\/www.claret.cat\/llibre\/quiero-estar-despierto-cuando-muera-9791387748302\/"},"modified":"2026-04-23T20:00:30","modified_gmt":"2026-04-23T18:00:30","slug":"quiero-estar-despierto-cuando-muera-9791387748302","status":"publish","type":"product","link":"https:\/\/www.claret.cat\/es\/libro\/quiero-estar-despierto-cuando-muera-9791387748302\/","title":{"rendered":"QUIERO ESTAR DESPIERTO CUANDO MUERA"},"content":{"rendered":"<p>El 7 de octubre de 2023, mientras se ba\u00f1aba con sus amigos en una<br \/> playa de Gaza, Atef Abu Saif fue sorprendido por un ataque cercano<br \/> del ej\u00e9rcito israel\u00ed. Lo que parec\u00eda algo casi cotidiano para un<br \/> palestino nacido en un campo de refugiados, enseguida se convirti\u00f3<br \/> en la masacre m\u00e1s sangrienta de la historia de Palestina.<\/p>\n<p>A lo largo de sesenta d\u00edas, Atef describi\u00f3 en su diario la pesadilla: el<br \/> silbido de los misiles contra panader\u00edas, escuelas y hospitales, las<br \/> visitas a su joven sobrina mutilada en el hospital, el asesinato de sus<br \/> familiares, vecinos y amigos m\u00e1s \u00edntimos, las colas eternas para<br \/> conseguir harina o agua, los paseos por la devastaci\u00f3n del paisaje de<br \/> su infancia.<\/p>\n<p>Un testimonio desgarrador que nos abre los ojos ante un genocidio<br \/> desplegado a tiempo real delante de nosotros y del que no podemos<br \/> ni queremos ser c\u00f3mplices.<\/p>\n","protected":false},"excerpt":{"rendered":"<p>ATEF ABU SAIF<\/p>\n","protected":false},"featured_media":1094505,"template":"","meta":{"_acf_changed":false,"om_disable_all_campaigns":false,"rs_blank_template":"","rs_page_bg_color":"","slide_template_v7":"","inline_featured_image":false,"_monsterinsights_skip_tracking":false,"_monsterinsights_sitenote_active":false,"_monsterinsights_sitenote_note":"","_monsterinsights_sitenote_category":0},"product_brand":[],"product_cat":[127,357],"product_tag":[],"class_list":{"0":"post-1094504","1":"product","2":"type-product","3":"status-publish","4":"has-post-thumbnail","6":"product_cat-novella-contemporania","7":"product_cat-novela-contemporanea","9":"first","10":"instock","11":"taxable","12":"shipping-taxable","13":"purchasable","14":"product-type-simple"},"acf":{"autor":"ATEF ABU SAIF","codart":"138774830","libros-coleccion":"","ediciones":"1","encuadernacion":"Carton\u00e9","fecha_de_publicacion":"01\/04\/2026","novedad":"1","paginas":"0","subtitulo":"DIARIO DE UN GENOCIDIO","orden":"0","portada":"0","idioma":"spa","booktrailer":"","resenas":"","editorial":[{"ID":6146,"post_author":"3","post_date":"2022-07-28 17:45:52","post_date_gmt":"2022-07-28 15:45:52","post_content":"","post_title":"Blackie Books","post_excerpt":"","post_status":"publish","comment_status":"closed","ping_status":"closed","post_password":"","post_name":"blackie-books","to_ping":"","pinged":"","post_modified":"2022-07-28 17:45:52","post_modified_gmt":"2022-07-28 15:45:52","post_content_filtered":"","post_parent":0,"guid":"http:\/\/dev.claret.cat\/editorial\/blackie-books\/","menu_order":0,"post_type":"editorial","post_mime_type":"","comment_count":"0","filter":"raw"}]},"aioseo_notices":[],"_links":{"self":[{"href":"https:\/\/www.claret.cat\/es\/wp-json\/wp\/v2\/product\/1094504","targetHints":{"allow":["GET"]}}],"collection":[{"href":"https:\/\/www.claret.cat\/es\/wp-json\/wp\/v2\/product"}],"about":[{"href":"https:\/\/www.claret.cat\/es\/wp-json\/wp\/v2\/types\/product"}],"wp:featuredmedia":[{"embeddable":true,"href":"https:\/\/www.claret.cat\/es\/wp-json\/wp\/v2\/media\/1094505"}],"wp:attachment":[{"href":"https:\/\/www.claret.cat\/es\/wp-json\/wp\/v2\/media?parent=1094504"}],"wp:term":[{"taxonomy":"product_brand","embeddable":true,"href":"https:\/\/www.claret.cat\/es\/wp-json\/wp\/v2\/product_brand?post=1094504"},{"taxonomy":"product_cat","embeddable":true,"href":"https:\/\/www.claret.cat\/es\/wp-json\/wp\/v2\/product_cat?post=1094504"},{"taxonomy":"product_tag","embeddable":true,"href":"https:\/\/www.claret.cat\/es\/wp-json\/wp\/v2\/product_tag?post=1094504"}],"curies":[{"name":"wp","href":"https:\/\/api.w.org\/{rel}","templated":true}]}}

<p>El 7 de octubre de 2023, mientras se bañaba con sus amigos en una<br /> playa de Gaza, Atef Abu Saif fue sorprendido por un ataque cercano<br /> del ejército israelí. Lo que parecía algo casi cotidiano para un<br /> palestino nacido en un campo de refugiados, enseguida se convirtió<br /> en la masacre más sangrienta de la historia de Palestina.</p>
<p>A lo largo de sesenta días, Atef describió en su diario la pesadilla: el<br /> silbido de los misiles contra panaderías, escuelas y hospitales, las<br /> visitas a su joven sobrina mutilada en el hospital, el asesinato de sus<br /> familiares, vecinos y amigos más íntimos, las colas eternas para<br /> conseguir harina o agua, los paseos por la devastación del paisaje de<br /> su infancia.</p>
<p>Un testimonio desgarrador que nos abre los ojos ante un genocidio<br /> desplegado a tiempo real delante de nosotros y del que no podemos<br /> ni queremos ser cómplices.</p>

Cartoné
