{"id":1094507,"date":"2026-04-02T17:10:02","date_gmt":"2026-04-02T15:10:02","guid":{"rendered":"https:\/\/www.claret.cat\/llibre\/reliquia-9788433948885\/"},"modified":"2026-04-22T13:30:49","modified_gmt":"2026-04-22T11:30:49","slug":"reliquia-9788433948885","status":"publish","type":"product","link":"https:\/\/www.claret.cat\/es\/libro\/reliquia-9788433948885\/","title":{"rendered":"RELIQUIA"},"content":{"rendered":"<p><strong>Un libro sobrio, delicado y vital<\/strong> sobre los v\u00ednculos familiares, la ausencia y la escritura. <strong>Una eleg\u00eda fulgurante<\/strong>. <strong>Diez a\u00f1os despu\u00e9s del fallecimiento de su padre<\/strong>, el narrador de esta obra decide escribirla. Con <strong>la sombra del suicidio<\/strong> priv\u00e1ndole del duelo, se cuestiona: <strong>\u00bfes posible encontrar las palabras de una despedida que no se produjo?<\/strong> As\u00ed, este relato \u00edntimo y personal se convierte en una b\u00fasqueda para comprender c\u00f3mo se forjan los v\u00ednculos familiares, <strong>a qu\u00e9 condena el silencio<\/strong>, d\u00f3nde se esconde la verdad de una historia. Pero la escritura falla, y el autor recurre a las biograf\u00edas de escritores que se suicidaron y a sus \u00faltimas notas para <strong>reconstruir un adi\u00f3s posible, tentativo<\/strong>. \u00danicamente con una narraci\u00f3n polif\u00f3nica y coral podr\u00e1 volver a los rincones olvidados de la propia existencia, all\u00ed donde la memoria se vuelve vac\u00edo. <em>Reliquia<\/em> se transforma, entonces, en <strong>una cr\u00f3nica familiar<\/strong> que contiene una reflexi\u00f3n sobre la llegada a la escritura y el sentido de la creaci\u00f3n; un texto <strong>sobre la ausencia y la muerte<\/strong> que conduce a los momentos m\u00e1s deslumbrantes de <strong>la amistad y el amor<\/strong>. Con un estilo contenido, sin rodeos, <strong>Pol Guasch ha armado un libro delicado y vital<\/strong>: una eleg\u00eda fulgurante.<\/p>\n","protected":false},"excerpt":{"rendered":"<p>POL GUASCH<\/p>\n","protected":false},"featured_media":1098029,"template":"","meta":{"_acf_changed":false,"om_disable_all_campaigns":false,"rs_blank_template":"","rs_page_bg_color":"","slide_template_v7":"","inline_featured_image":false,"_monsterinsights_skip_tracking":false,"_monsterinsights_sitenote_active":false,"_monsterinsights_sitenote_note":"","_monsterinsights_sitenote_category":0},"product_brand":[],"product_cat":[127,357],"product_tag":[],"class_list":{"0":"post-1094507","1":"product","2":"type-product","3":"status-publish","4":"has-post-thumbnail","6":"product_cat-novella-contemporania","7":"product_cat-novela-contemporanea","9":"first","10":"instock","11":"taxable","12":"shipping-taxable","13":"purchasable","14":"product-type-simple"},"acf":{"autor":"POL GUASCH","codart":"843394888","libros-coleccion":"","ediciones":"1","encuadernacion":"R\u00fastica","fecha_de_publicacion":"01\/01\/2026","novedad":"1","paginas":"159","subtitulo":"","orden":"0","portada":"0","idioma":"spa","booktrailer":"","resenas":"","editorial":[{"ID":147428,"post_author":"3","post_date":"2022-10-14 11:50:30","post_date_gmt":"2022-10-14 09:50:30","post_content":"","post_title":"ANAGRAMA","post_excerpt":"","post_status":"publish","comment_status":"closed","ping_status":"closed","post_password":"","post_name":"anagrama","to_ping":"","pinged":"","post_modified":"2022-10-14 11:50:30","post_modified_gmt":"2022-10-14 09:50:30","post_content_filtered":"","post_parent":0,"guid":"http:\/\/dev.claret.cat\/editorial\/anagrama\/","menu_order":0,"post_type":"editorial","post_mime_type":"","comment_count":"0","filter":"raw"}]},"aioseo_notices":[],"_links":{"self":[{"href":"https:\/\/www.claret.cat\/es\/wp-json\/wp\/v2\/product\/1094507","targetHints":{"allow":["GET"]}}],"collection":[{"href":"https:\/\/www.claret.cat\/es\/wp-json\/wp\/v2\/product"}],"about":[{"href":"https:\/\/www.claret.cat\/es\/wp-json\/wp\/v2\/types\/product"}],"wp:featuredmedia":[{"embeddable":true,"href":"https:\/\/www.claret.cat\/es\/wp-json\/wp\/v2\/media\/1098029"}],"wp:attachment":[{"href":"https:\/\/www.claret.cat\/es\/wp-json\/wp\/v2\/media?parent=1094507"}],"wp:term":[{"taxonomy":"product_brand","embeddable":true,"href":"https:\/\/www.claret.cat\/es\/wp-json\/wp\/v2\/product_brand?post=1094507"},{"taxonomy":"product_cat","embeddable":true,"href":"https:\/\/www.claret.cat\/es\/wp-json\/wp\/v2\/product_cat?post=1094507"},{"taxonomy":"product_tag","embeddable":true,"href":"https:\/\/www.claret.cat\/es\/wp-json\/wp\/v2\/product_tag?post=1094507"}],"curies":[{"name":"wp","href":"https:\/\/api.w.org\/{rel}","templated":true}]}}

<p><strong>Un libro sobrio, delicado y vital</strong> sobre los vínculos familiares, la ausencia y la escritura. <strong>Una elegía fulgurante</strong>. <strong>Diez años después del fallecimiento de su padre</strong>, el narrador de esta obra decide escribirla. Con <strong>la sombra del suicidio</strong> privándole del duelo, se cuestiona: <strong>¿es posible encontrar las palabras de una despedida que no se produjo?</strong> Así, este relato íntimo y personal se convierte en una búsqueda para comprender cómo se forjan los vínculos familiares, <strong>a qué condena el silencio</strong>, dónde se esconde la verdad de una historia. Pero la escritura falla, y el autor recurre a las biografías de escritores que se suicidaron y a sus últimas notas para <strong>reconstruir un adiós posible, tentativo</strong>. Únicamente con una narración polifónica y coral podrá volver a los rincones olvidados de la propia existencia, allí donde la memoria se vuelve vacío. <em>Reliquia</em> se transforma, entonces, en <strong>una crónica familiar</strong> que contiene una reflexión sobre la llegada a la escritura y el sentido de la creación; un texto <strong>sobre la ausencia y la muerte</strong> que conduce a los momentos más deslumbrantes de <strong>la amistad y el amor</strong>. Con un estilo contenido, sin rodeos, <strong>Pol Guasch ha armado un libro delicado y vital</strong>: una elegía fulgurante.</p>

Rústica
